000
CDUS43 KFSD 250633
CLIFSD


CLIMATE REPORT
NATIONAL WEATHER SERVICE SIOUX FALLS SD
131 AM CDT TUE AUG 25 2015


...................................

...THE SIOUX FALLS SD CLIMATE SUMMARY FOR AUGUST 24 2015...

CLIMATE NORMAL PERIOD 1981 TO 2010
CLIMATE RECORD PERIOD 1893 TO 2015


WEATHER ITEM   OBSERVED TIME   RECORD YEAR NORMAL DEPARTURE LAST
                VALUE   (LST)  VALUE       VALUE  FROM      YEAR
                                                  NORMAL
..................................................................
TEMPERATURE (F)
 YESTERDAY
  MAXIMUM         71    424 PM 109    1936  81    -10       81
  MINIMUM         44    529 AM  39    1934  58    -14       65
  AVERAGE         58                        69    -11       73

PRECIPITATION (IN)
  YESTERDAY        0.00          1.62 1906   0.09  -0.09     0.82
  MONTH TO DATE    3.91                      2.36   1.55     4.01
  SINCE JUN 1     12.39                      9.37   3.02    18.51
  SINCE JAN 1     18.94                     18.70   0.24    23.49

SNOWFALL (IN)
  YESTERDAY        0.0           0.0    MM   0.0    0.0      0.0
  MONTH TO DATE    0.0                       0.0    0.0      0.0
  SINCE JUN 1      0.0                       0.0    0.0       T
  SINCE JUL 1      0.0                       0.0    0.0       T
  SNOW DEPTH       0

DEGREE DAYS
 HEATING
  YESTERDAY        7                         1      6        0
  MONTH TO DATE   23                        11     12        0
  SINCE JUN 1     38                        70    -32       47
  SINCE JUL 1     29                        19     10       15

 COOLING
  YESTERDAY        0                         5     -5        8
  MONTH TO DATE  159                       165     -6      165
  SINCE JUN 1    534                       556    -22      473
  SINCE JAN 1    556                       592    -36      526
..................................................................


WIND (MPH)
  HIGHEST WIND SPEED    17   HIGHEST WIND DIRECTION    NW (330)
  HIGHEST GUST SPEED    23   HIGHEST GUST DIRECTION     N (340)
  AVERAGE WIND SPEED     7.9


SKY COVER
  POSSIBLE SUNSHINE  MM
  AVERAGE SKY COVER 0.1


WEATHER CONDITIONS
 THE FOLLOWING WEATHER WAS RECORDED YESTERDAY.
  NO SIGNIFICANT WEATHER WAS OBSERVED.


RELATIVE HUMIDITY (PERCENT)
 HIGHEST    86           300 AM
 LOWEST     44           300 PM
 AVERAGE    65

..........................................................


THE SIOUX FALLS SD CLIMATE NORMALS FOR TODAY
                         NORMAL    RECORD    YEAR
 MAXIMUM TEMPERATURE (F)   80       103      1955
 MINIMUM TEMPERATURE (F)   58        39      1910


SUNRISE AND SUNSET
AUGUST 25 2015........SUNRISE   643 AM CDT   SUNSET   815 PM CDT
AUGUST 26 2015........SUNRISE   644 AM CDT   SUNSET   813 PM CDT


-  INDICATES NEGATIVE NUMBERS.
R  INDICATES RECORD WAS SET OR TIED.
MM INDICATES DATA IS MISSING.
T  INDICATES TRACE AMOUNT.




$$
