412
CDUS43 KFSD 180654
CLIFSD


CLIMATE REPORT
NATIONAL WEATHER SERVICE SIOUX FALLS SD
153 AM CDT THU AUG 18 2016


...................................

...THE SIOUX FALLS SD CLIMATE SUMMARY FOR AUGUST 17 2016...

CLIMATE NORMAL PERIOD 1981 TO 2010
CLIMATE RECORD PERIOD 1893 TO 2016


WEATHER ITEM   OBSERVED TIME   RECORD YEAR NORMAL DEPARTURE LAST
                VALUE   (LST)  VALUE       VALUE  FROM      YEAR
                                                  NORMAL
..................................................................
TEMPERATURE (F)
 YESTERDAY
  MAXIMUM         89    137 PM 101    1947  82      7       69
  MINIMUM         61    547 AM  40    2012  60      1       59
  AVERAGE         75                        71      4       64

PRECIPITATION (IN)
  YESTERDAY        0.00          1.16 1975   0.10  -0.10     0.92
                                      1902
  MONTH TO DATE    1.49                      1.71  -0.22     2.72
  SINCE JUN 1      5.53                      8.72  -3.19    11.20
  SINCE JAN 1     17.03                     18.05  -1.02    17.75

SNOWFALL (IN)
  YESTERDAY        0.0           0.0    MM   0.0    0.0      0.0
  MONTH TO DATE    0.0                       0.0    0.0      0.0
  SINCE JUN 1      0.0                       0.0    0.0      0.0
  SINCE JUL 1      0.0                       0.0    0.0      0.0
  SNOW DEPTH       0

DEGREE DAYS
 HEATING
  YESTERDAY        0                         1     -1        1
  MONTH TO DATE    0                         4     -4        1
  SINCE JUN 1     14                        63    -49       16
  SINCE JUL 1      5                        12     -7        7

 COOLING
  YESTERDAY       10                         6      4        0
  MONTH TO DATE  158                       124     34      148
  SINCE JUN 1    669                       515    154      523
  SINCE JAN 1    702                       551    151      545
..................................................................


WIND (MPH)
  HIGHEST WIND SPEED    12   HIGHEST WIND DIRECTION     E (100)
  HIGHEST GUST SPEED    14   HIGHEST GUST DIRECTION     E (100)
  AVERAGE WIND SPEED     4.8


SKY COVER
  POSSIBLE SUNSHINE  MM
  AVERAGE SKY COVER 0.2


WEATHER CONDITIONS
 THE FOLLOWING WEATHER WAS RECORDED YESTERDAY.
  NO SIGNIFICANT WEATHER WAS OBSERVED.


RELATIVE HUMIDITY (PERCENT)
 HIGHEST    97           500 AM
 LOWEST     39           300 PM
 AVERAGE    68

..........................................................


THE SIOUX FALLS SD CLIMATE NORMALS FOR TODAY
                         NORMAL    RECORD    YEAR
 MAXIMUM TEMPERATURE (F)   82       101      1983
 MINIMUM TEMPERATURE (F)   60        44      2002


SUNRISE AND SUNSET
AUGUST 18 2016........SUNRISE   636 AM CDT   SUNSET   825 PM CDT
AUGUST 19 2016........SUNRISE   637 AM CDT   SUNSET   823 PM CDT


-  INDICATES NEGATIVE NUMBERS.
R  INDICATES RECORD WAS SET OR TIED.
MM INDICATES DATA IS MISSING.
T  INDICATES TRACE AMOUNT.




$$
