000
CDUS43 KFSD 200644
CLIFSD


CLIMATE REPORT
NATIONAL WEATHER SERVICE SIOUX FALLS SD
1243 AM CST FRI FEB 20 2015


...................................

...THE SIOUX FALLS SD CLIMATE SUMMARY FOR FEBRUARY 19 2015...

CLIMATE NORMAL PERIOD 1981 TO 2010
CLIMATE RECORD PERIOD 1893 TO 2015


WEATHER ITEM   OBSERVED TIME   RECORD YEAR NORMAL DEPARTURE LAST
                VALUE   (LST)  VALUE       VALUE  FROM      YEAR
                                                  NORMAL
..................................................................
TEMPERATURE (F)
 YESTERDAY
  MAXIMUM         21    400 PM  65    1996  32    -11       50
  MINIMUM         -4    240 AM -24    1959  13    -17       22
  AVERAGE          9                        23    -14       36

PRECIPITATION (IN)
  YESTERDAY        T             1.62 1952   0.02  -0.02     0.00
  MONTH TO DATE    0.26                      0.36  -0.10     0.48
  SINCE DEC 1      2.40                      1.61   0.79     1.92
  SINCE JAN 1      1.07                      0.92   0.15     0.79

SNOWFALL (IN)
  YESTERDAY        T            16.6  1952   0.3   -0.3      0.0
  MONTH TO DATE    4.1                       4.6   -0.5      6.9
  SINCE DEC 1     19.8                      20.5   -0.7     24.2
  SINCE JUL 1     28.1                      29.2   -1.1     32.1
  SNOW DEPTH       T

DEGREE DAYS
 HEATING
  YESTERDAY       56                        42     14       29
  MONTH TO DATE  922                       855     67     1010
  SINCE DEC 1   3536                      3775   -239     4253
  SINCE JUL 1   5292                      5487   -195     5874

 COOLING
  YESTERDAY        0                         0      0        0
  MONTH TO DATE    0                         0      0        0
  SINCE DEC 1      0                         0      0        0
  SINCE JAN 1      0                         0      0        0
..................................................................


WIND (MPH)
  HIGHEST WIND SPEED    24   HIGHEST WIND DIRECTION     S (180)
  HIGHEST GUST SPEED    31   HIGHEST GUST DIRECTION     S (180)
  AVERAGE WIND SPEED    10.3


SKY COVER
  POSSIBLE SUNSHINE  MM
  AVERAGE SKY COVER 0.6


WEATHER CONDITIONS
 THE FOLLOWING WEATHER WAS RECORDED YESTERDAY.
  LIGHT SNOW


RELATIVE HUMIDITY (PERCENT)
 HIGHEST    79           200 AM
 LOWEST     43           400 PM
 AVERAGE    61

..........................................................


THE SIOUX FALLS SD CLIMATE NORMALS FOR TODAY
                         NORMAL    RECORD    YEAR
 MAXIMUM TEMPERATURE (F)   33        65      1981
 MINIMUM TEMPERATURE (F)   13       -19      2008
                                             1918


SUNRISE AND SUNSET
FEBRUARY 20 2015......SUNRISE   718 AM CST   SUNSET   604 PM CST
FEBRUARY 21 2015......SUNRISE   717 AM CST   SUNSET   605 PM CST


-  INDICATES NEGATIVE NUMBERS.
R  INDICATES RECORD WAS SET OR TIED.
MM INDICATES DATA IS MISSING.
T  INDICATES TRACE AMOUNT.




$$
