000
CDUS43 KFSD 190635
CLIFSD


CLIMATE REPORT
NATIONAL WEATHER SERVICE SIOUX FALLS SD
132 AM CDT TUE APR 19 2016


...................................

...THE SIOUX FALLS SD CLIMATE SUMMARY FOR APRIL 18 2016...

CLIMATE NORMAL PERIOD 1981 TO 2010
CLIMATE RECORD PERIOD 1893 TO 2016


WEATHER ITEM   OBSERVED TIME   RECORD YEAR NORMAL DEPARTURE LAST
                VALUE   (LST)  VALUE       VALUE  FROM      YEAR
                                                  NORMAL
..................................................................
TEMPERATURE (F)
 YESTERDAY
  MAXIMUM         61   1224 PM  92    1985  60      1       63
  MINIMUM         42   1159 PM  14    1953  35      7       47
  AVERAGE         52                        48      4       55

PRECIPITATION (IN)
  YESTERDAY        0.91          2.12 1995   0.10   0.81     0.10
  MONTH TO DATE    1.00                      1.75  -0.75     0.65
  SINCE MAR 1      3.09                      3.51  -0.42     0.98
  SINCE JAN 1      4.77                      4.67   0.10     2.20

SNOWFALL (IN)
  YESTERDAY        0.0           2.9  2013   0.2   -0.2      0.0
  MONTH TO DATE    T                         3.4   -3.4       T
  SINCE MAR 1     12.2                      11.8    0.4      1.7
  SINCE JUL 1     68.5                      43.3   25.2     31.9
  SNOW DEPTH       0

DEGREE DAYS
 HEATING
  YESTERDAY       13                        18     -5       10
  MONTH TO DATE  309                       383    -74      251
  SINCE MAR 1   1073                      1378   -305     1071
  SINCE JUL 1   6109                      7228  -1119     6820

 COOLING
  YESTERDAY        0                         0      0        0
  MONTH TO DATE    0                         0      0        4
  SINCE MAR 1      0                         0      0        4
  SINCE JAN 1      0                         0      0        4
..................................................................


WIND (MPH)
  HIGHEST WIND SPEED    23   HIGHEST WIND DIRECTION    SE (120)
  HIGHEST GUST SPEED    29   HIGHEST GUST DIRECTION    SE (130)
  AVERAGE WIND SPEED     7.5


SKY COVER
  POSSIBLE SUNSHINE  MM
  AVERAGE SKY COVER 0.9


WEATHER CONDITIONS
 THE FOLLOWING WEATHER WAS RECORDED YESTERDAY.
  RAIN
  LIGHT RAIN
  FOG


RELATIVE HUMIDITY (PERCENT)
 HIGHEST   100           500 AM
 LOWEST     84           900 AM
 AVERAGE    92

..........................................................


THE SIOUX FALLS SD CLIMATE NORMALS FOR TODAY
                         NORMAL    RECORD    YEAR
 MAXIMUM TEMPERATURE (F)   60        89      1987
 MINIMUM TEMPERATURE (F)   36        15      1928


SUNRISE AND SUNSET
APRIL 19 2016.........SUNRISE   637 AM CDT   SUNSET   816 PM CDT
APRIL 20 2016.........SUNRISE   635 AM CDT   SUNSET   817 PM CDT


-  INDICATES NEGATIVE NUMBERS.
R  INDICATES RECORD WAS SET OR TIED.
MM INDICATES DATA IS MISSING.
T  INDICATES TRACE AMOUNT.




$$
