000
CDUS43 KFSD 230633
CLIFSD


CLIMATE REPORT
NATIONAL WEATHER SERVICE SIOUX FALLS SD
1230 AM CST SUN NOV 23 2014


...................................

...THE SIOUX FALLS SD CLIMATE SUMMARY FOR NOVEMBER 22 2014...

CLIMATE NORMAL PERIOD 1981 TO 2010
CLIMATE RECORD PERIOD 1893 TO 2014


WEATHER ITEM   OBSERVED TIME   RECORD YEAR NORMAL DEPARTURE LAST
                VALUE   (LST)  VALUE       VALUE  FROM      YEAR
                                                  NORMAL
..................................................................
TEMPERATURE (F)
 YESTERDAY
  MAXIMUM         44    328 PM  66    1908  38      6       31
  MINIMUM         27    653 AM  -8    1898  19      8       -1
  AVERAGE         36                        29      7       15

PRECIPITATION (IN)
  YESTERDAY        0.00          1.60 1908   0.05  -0.05     0.00
  MONTH TO DATE    0.34                      1.03  -0.69     0.46
  SINCE SEP 1      3.29                      5.97  -2.68     4.24
  SINCE JAN 1     27.72                     25.36   2.36    24.66

SNOWFALL (IN)
  YESTERDAY        0.0           4.6  1983   0.3   -0.3      0.0
  MONTH TO DATE    6.8                       4.9    1.9      7.5
  SINCE SEP 1      6.8                       6.2    0.6      7.9
  SINCE JUL 1      6.8                       6.2    0.6      7.9
  SNOW DEPTH       1

DEGREE DAYS
 HEATING
  YESTERDAY       29                        36     -7       50
  MONTH TO DATE  812                       661    151      650
  SINCE SEP 1   1392                      1370     22     1251
  SINCE JUL 1   1410                      1401      9     1285

 COOLING
  YESTERDAY        0                         0      0        0
  MONTH TO DATE    0                         0      0        0
  SINCE SEP 1     59                        65     -6      133
  SINCE JAN 1    610                       690    -80      787
..................................................................


WIND (MPH)
  HIGHEST WIND SPEED    21   HIGHEST WIND DIRECTION     S (180)
  HIGHEST GUST SPEED    29   HIGHEST GUST DIRECTION     S (180)
  AVERAGE WIND SPEED    11.0


SKY COVER
  POSSIBLE SUNSHINE  MM
  AVERAGE SKY COVER 0.6


WEATHER CONDITIONS
 THE FOLLOWING WEATHER WAS RECORDED YESTERDAY.
  FOG
  FOG W/VISIBILITY <= 1/4 MILE


RELATIVE HUMIDITY (PERCENT)
 HIGHEST   100           800 AM
 LOWEST     70           300 PM
 AVERAGE    85

..........................................................


THE SIOUX FALLS SD CLIMATE NORMALS FOR TODAY
                         NORMAL    RECORD    YEAR
 MAXIMUM TEMPERATURE (F)   38        60      1902
 MINIMUM TEMPERATURE (F)   19       -11      1898


SUNRISE AND SUNSET
NOVEMBER 23 2014......SUNRISE   731 AM CST   SUNSET   455 PM CST
NOVEMBER 24 2014......SUNRISE   732 AM CST   SUNSET   455 PM CST


-  INDICATES NEGATIVE NUMBERS.
R  INDICATES RECORD WAS SET OR TIED.
MM INDICATES DATA IS MISSING.
T  INDICATES TRACE AMOUNT.




$$
