063
CDUS43 KFSD 100624
CLIFSD


CLIMATE REPORT
NATIONAL WEATHER SERVICE SIOUX FALLS SD
124 AM CDT SUN MAY 10 2015


...................................

...THE SIOUX FALLS SD CLIMATE SUMMARY FOR MAY 9 2015...

CLIMATE NORMAL PERIOD 1981 TO 2010
CLIMATE RECORD PERIOD 1893 TO 2015


WEATHER ITEM   OBSERVED TIME   RECORD YEAR NORMAL DEPARTURE LAST
                VALUE   (LST)  VALUE       VALUE  FROM      YEAR
                                                  NORMAL
..................................................................
TEMPERATURE (F)
 YESTERDAY
  MAXIMUM         65    408 PM  94    1934  68     -3       64
  MINIMUM         33    514 AM  25    1966  44    -11       39
  AVERAGE         49                        56     -7       52

PRECIPITATION (IN)
  YESTERDAY        T             1.94 1979   0.10  -0.10     0.00
  MONTH TO DATE    0.23                      0.96  -0.73     0.15
  SINCE MAR 1      1.56                      5.73  -4.17     2.03
  SINCE JAN 1      2.78                      6.89  -4.11     3.02

SNOWFALL (IN)
  YESTERDAY        0.0           T    1945   0.1   -0.1      0.0
  MONTH TO DATE    0.0                       0.4   -0.4      0.0
  SINCE MAR 1      1.7                      13.4  -11.7     11.1
  SINCE JUL 1     31.9                      44.9  -13.0     45.3
  SNOW DEPTH       0

DEGREE DAYS
 HEATING
  YESTERDAY       16                        10      6       13
  MONTH TO DATE   51                        99    -48      115
  SINCE MAR 1   1302                      1656   -354     1786
  SINCE JUL 1   7051                      7506   -455     8133

 COOLING
  YESTERDAY        0                         1     -1        0
  MONTH TO DATE    6                         5      1        0
  SINCE MAR 1     10                        10      0        0
  SINCE JAN 1     10                        10      0        0
..................................................................


WIND (MPH)
  HIGHEST WIND SPEED    22   HIGHEST WIND DIRECTION    NE (50)
  HIGHEST GUST SPEED    28   HIGHEST GUST DIRECTION    NE (50)
  AVERAGE WIND SPEED    11.6


SKY COVER
  POSSIBLE SUNSHINE  MM
  AVERAGE SKY COVER 0.6


WEATHER CONDITIONS
 THE FOLLOWING WEATHER WAS RECORDED YESTERDAY.
  NO SIGNIFICANT WEATHER WAS OBSERVED.


RELATIVE HUMIDITY (PERCENT)
 HIGHEST    89           500 AM
 LOWEST     44           400 PM
 AVERAGE    67

..........................................................


THE SIOUX FALLS SD CLIMATE NORMALS FOR TODAY
                         NORMAL    RECORD    YEAR
 MAXIMUM TEMPERATURE (F)   68        90      1987
 MINIMUM TEMPERATURE (F)   44        25      1981


SUNRISE AND SUNSET
MAY 10 2015...........SUNRISE   608 AM CDT   SUNSET   839 PM CDT
MAY 11 2015...........SUNRISE   607 AM CDT   SUNSET   840 PM CDT


-  INDICATES NEGATIVE NUMBERS.
R  INDICATES RECORD WAS SET OR TIED.
MM INDICATES DATA IS MISSING.
T  INDICATES TRACE AMOUNT.




$$
