000
CDUS43 KFSD 282309
CLIFSD


CLIMATE REPORT
NATIONAL WEATHER SERVICE SIOUX FALLS SD
609 PM CDT THU APR 28 2016


...................................

...THE SIOUX FALLS SD CLIMATE SUMMARY FOR APRIL 28 2016...
VALID TODAY AS OF 0600 PM LOCAL TIME.

CLIMATE NORMAL PERIOD 1981 TO 2010
CLIMATE RECORD PERIOD 1893 TO 2016


WEATHER ITEM   OBSERVED TIME   RECORD YEAR NORMAL DEPARTURE LAST
                VALUE   (LST)  VALUE       VALUE  FROM      YEAR
                                                  NORMAL
..................................................................
TEMPERATURE (F)
 TODAY
  MAXIMUM         43        MM  98    1910  64    -21       66
  MINIMUM         38        MM  24    1950  40     -2       36
  AVERAGE         41                        52    -11       51

PRECIPITATION (IN)
  TODAY            0.29          1.33 1896   0.10   0.19     0.00
  MONTH TO DATE    3.90                      2.80   1.10     1.00
  SINCE MAR 1      5.99                      4.56   1.43     1.33
  SINCE JAN 1      7.67                      5.72   1.95     2.55

SNOWFALL (IN)
  TODAY            0.0          10.5  1994   0.1   -0.1      0.0
  MONTH TO DATE    T                         4.5   -4.5       T
  SINCE MAR 1     12.2                      12.9   -0.7      1.7
  SINCE JUL 1     68.5                      44.4   24.1     31.9
  SNOW DEPTH       0

DEGREE DAYS
 HEATING
  TODAY           24                        14     10       14
  MONTH TO DATE  441                       536    -95      409
  SINCE MAR 1   1205                      1531   -326     1229
  SINCE JUL 1   6241                      7381  -1140     6978

 COOLING
  TODAY            0                         0      0        0
  MONTH TO DATE    0                         0      0        4
  SINCE MAR 1      0                         0      0        4
  SINCE JAN 1      0                         0      0        4
..................................................................


WIND (MPH)
  HIGHEST WIND SPEED    15   HIGHEST WIND DIRECTION    NE (40)
  HIGHEST GUST SPEED    MM   HIGHEST GUST DIRECTION    MM
  AVERAGE WIND SPEED    11.7


SKY COVER
  POSSIBLE SUNSHINE  MM
  AVERAGE SKY COVER 1.0


WEATHER CONDITIONS
 THE FOLLOWING WEATHER WAS RECORDED TODAY.
  RAIN
  LIGHT RAIN
  FOG


RELATIVE HUMIDITY (PERCENT)
 HIGHEST    93           100 AM
 LOWEST     76           300 PM
 AVERAGE    85

..........................................................


THE SIOUX FALLS SD CLIMATE NORMALS FOR TOMORROW
                         NORMAL    RECORD    YEAR
 MAXIMUM TEMPERATURE (F)   65        90      2007
 MINIMUM TEMPERATURE (F)   40        19      1958


SUNRISE AND SUNSET
APRIL 28 2016.........SUNRISE   623 AM CDT   SUNSET   826 PM CDT
APRIL 29 2016.........SUNRISE   622 AM CDT   SUNSET   828 PM CDT


-  INDICATES NEGATIVE NUMBERS.
R  INDICATES RECORD WAS SET OR TIED.
MM INDICATES DATA IS MISSING.
T  INDICATES TRACE AMOUNT.




$$
