000
CDUS43 KFSD 200637
CLIFSD


CLIMATE REPORT
NATIONAL WEATHER SERVICE SIOUX FALLS SD
1236 AM CST TUE JAN 20 2015


...................................

...THE SIOUX FALLS SD CLIMATE SUMMARY FOR JANUARY 19 2015...

CLIMATE NORMAL PERIOD 1981 TO 2010
CLIMATE RECORD PERIOD 1893 TO 2015


WEATHER ITEM   OBSERVED TIME   RECORD YEAR NORMAL DEPARTURE LAST
                VALUE   (LST)  VALUE       VALUE  FROM      YEAR
                                                  NORMAL
..................................................................
TEMPERATURE (F)
 YESTERDAY
  MAXIMUM         47    344 PM  55    1900  26     21       46
  MINIMUM         24    209 AM -36    1970   7     17       21
  AVERAGE         36                        17     19       34

PRECIPITATION (IN)
  YESTERDAY        0.02          1.04 1988   0.01   0.01     0.00
  MONTH TO DATE    0.46                      0.34   0.12     0.18
  SINCE DEC 1      1.79                      1.03   0.76     1.31
  SINCE JAN 1      0.46                      0.34   0.12     0.18

SNOWFALL (IN)
  YESTERDAY        0.0          10.4  1988   0.3   -0.3      0.0
  MONTH TO DATE    5.8                       4.7    1.1      3.1
  SINCE DEC 1     11.7                      12.9   -1.2     15.7
  SINCE JUL 1     20.0                      21.6   -1.6     23.6
  SNOW DEPTH       T

DEGREE DAYS
 HEATING
  YESTERDAY       29                        48    -19       31
  MONTH TO DATE  975                       930     45      956
  SINCE DEC 1   2224                      2351   -127     2603
  SINCE JUL 1   3980                      4063    -83     4224

 COOLING
  YESTERDAY        0                         0      0        0
  MONTH TO DATE    0                         0      0        0
  SINCE DEC 1      0                         0      0        0
  SINCE JAN 1      0                         0      0        0
..................................................................


WIND (MPH)
  HIGHEST WIND SPEED    15   HIGHEST WIND DIRECTION     W (290)
  HIGHEST GUST SPEED    21   HIGHEST GUST DIRECTION     W (290)
  AVERAGE WIND SPEED     6.5


SKY COVER
  POSSIBLE SUNSHINE  MM
  AVERAGE SKY COVER 0.4


WEATHER CONDITIONS
 THE FOLLOWING WEATHER WAS RECORDED YESTERDAY.
  LT FREEZING RAIN


RELATIVE HUMIDITY (PERCENT)
 HIGHEST   100           300 AM
 LOWEST     60           300 PM
 AVERAGE    80

..........................................................


THE SIOUX FALLS SD CLIMATE NORMALS FOR TODAY
                         NORMAL    RECORD    YEAR
 MAXIMUM TEMPERATURE (F)   26        57      1944
 MINIMUM TEMPERATURE (F)    7       -24      1970
                                             1954


SUNRISE AND SUNSET
JANUARY 20 2015.......SUNRISE   754 AM CST   SUNSET   522 PM CST
JANUARY 21 2015.......SUNRISE   753 AM CST   SUNSET   523 PM CST


-  INDICATES NEGATIVE NUMBERS.
R  INDICATES RECORD WAS SET OR TIED.
MM INDICATES DATA IS MISSING.
T  INDICATES TRACE AMOUNT.




$$
