000
CDUS43 KFSD 110643
CLIFSD


CLIMATE REPORT
NATIONAL WEATHER SERVICE SIOUX FALLS SD
137 AM CDT WED OCT 11 2017


...................................

...THE SIOUX FALLS SD CLIMATE SUMMARY FOR OCTOBER 10 2017...

CLIMATE NORMAL PERIOD 1981 TO 2010
CLIMATE RECORD PERIOD 1893 TO 2017


WEATHER ITEM   OBSERVED TIME   RECORD YEAR NORMAL DEPARTURE LAST
                VALUE   (LST)  VALUE       VALUE  FROM      YEAR
                                                  NORMAL
..................................................................
TEMPERATURE (F)
 YESTERDAY
  MAXIMUM         56    412 PM  88    1928  63     -7       71
  MINIMUM         28    439 AM  18    1987  38    -10       55
  AVERAGE         42                        50     -8       63

PRECIPITATION (IN)
  YESTERDAY        0.00          1.66 1913   0.08  -0.08     0.00
  MONTH TO DATE    5.13                      0.85   4.28     3.02
  SINCE SEP 1      6.75                      3.62   3.13    10.57
  SINCE JAN 1     24.34                     23.01   1.33    28.43

SNOWFALL (IN)
  YESTERDAY        0.0           0.9  1977   0.1   -0.1      0.0
  MONTH TO DATE    T                         0.2   -0.2      0.0
  SINCE SEP 1      T                         0.2   -0.2      0.0
  SINCE JUL 1      T                         0.2   -0.2      0.0
  SNOW DEPTH       0

DEGREE DAYS
 HEATING
  YESTERDAY       23                        15      8        2
  MONTH TO DATE   96                       130    -34       97
  SINCE SEP 1    182                       303   -121      167
  SINCE JUL 1    188                       334   -146      175

 COOLING
  YESTERDAY        0                         0      0        0
  MONTH TO DATE    2                         0      2        2
  SINCE SEP 1    100                        60     40       99
  SINCE JAN 1    774                       685     89      879
..................................................................


WIND (MPH)
  HIGHEST WIND SPEED    12   HIGHEST WIND DIRECTION     E (90)
  HIGHEST GUST SPEED    14   HIGHEST GUST DIRECTION     E (90)
  AVERAGE WIND SPEED     3.2


SKY COVER
  POSSIBLE SUNSHINE  MM
  AVERAGE SKY COVER 0.3


WEATHER CONDITIONS
 THE FOLLOWING WEATHER WAS RECORDED YESTERDAY.
  NO SIGNIFICANT WEATHER WAS OBSERVED.


RELATIVE HUMIDITY (PERCENT)
 HIGHEST    92           100 AM
 LOWEST     41           400 PM
 AVERAGE    67

..........................................................


THE SIOUX FALLS SD CLIMATE NORMALS FOR TODAY
                         NORMAL    RECORD    YEAR
 MAXIMUM TEMPERATURE (F)   62        90      2015
                                             1910
 MINIMUM TEMPERATURE (F)   38        20      1987


SUNRISE AND SUNSET
OCTOBER 11 2017.......SUNRISE   737 AM CDT   SUNSET   650 PM CDT
OCTOBER 12 2017.......SUNRISE   738 AM CDT   SUNSET   648 PM CDT


-  INDICATES NEGATIVE NUMBERS.
R  INDICATES RECORD WAS SET OR TIED.
MM INDICATES DATA IS MISSING.
T  INDICATES TRACE AMOUNT.




$$
