000
CDUS43 KFSD 151057
CLIFSD


CLIMATE REPORT
NATIONAL WEATHER SERVICE SIOUX FALLS SD
557 AM CDT MON AUG 15 2016


...................................

...THE SIOUX FALLS SD CLIMATE SUMMARY FOR AUGUST 14 2016...

CLIMATE NORMAL PERIOD 1981 TO 2010
CLIMATE RECORD PERIOD 1893 TO 2016


WEATHER ITEM   OBSERVED TIME   RECORD YEAR NORMAL DEPARTURE LAST
                VALUE   (LST)  VALUE       VALUE  FROM      YEAR
                                                  NORMAL
..................................................................
TEMPERATURE (F)
 YESTERDAY
  MAXIMUM         85    215 PM  99    1970  82      3       91
  MINIMUM         58    433 AM  43    2004  60     -2       68
  AVERAGE         72                        71      1       80

PRECIPITATION (IN)
  YESTERDAY        0.00          1.62 1905   0.10  -0.10     0.00
  MONTH TO DATE    1.49                      1.41   0.08     0.19
  SINCE JUN 1      5.53                      8.42  -2.89     8.67
  SINCE JAN 1     17.03                     17.75  -0.72    15.22

SNOWFALL (IN)
  YESTERDAY        0.0           0.0    MM   0.0    0.0      0.0
  MONTH TO DATE    0.0                       0.0    0.0      0.0
  SINCE JUN 1      0.0                       0.0    0.0      0.0
  SINCE JUL 1      0.0                       0.0    0.0      0.0
  SNOW DEPTH       0

DEGREE DAYS
 HEATING
  YESTERDAY        0                         1     -1        0
  MONTH TO DATE    0                         1     -1        0
  SINCE JUN 1     14                        60    -46       15
  SINCE JUL 1      5                         9     -4        6

 COOLING
  YESTERDAY        7                         7      0       15
  MONTH TO DATE  126                       104     22      126
  SINCE JUN 1    637                       495    142      501
  SINCE JAN 1    670                       531    139      523
..................................................................


WIND (MPH)
  HIGHEST WIND SPEED    14   HIGHEST WIND DIRECTION    SE (150)
  HIGHEST GUST SPEED    16   HIGHEST GUST DIRECTION    SE (140)
  AVERAGE WIND SPEED     4.6


SKY COVER
  POSSIBLE SUNSHINE  MM
  AVERAGE SKY COVER 0.2


WEATHER CONDITIONS
 THE FOLLOWING WEATHER WAS RECORDED YESTERDAY.
  NO SIGNIFICANT WEATHER WAS OBSERVED.


RELATIVE HUMIDITY (PERCENT)
 HIGHEST    90          1200 AM
 LOWEST     37          1200 PM
 AVERAGE    64

..........................................................


THE SIOUX FALLS SD CLIMATE NORMALS FOR TODAY
                         NORMAL    RECORD    YEAR
 MAXIMUM TEMPERATURE (F)   82       106      1937
 MINIMUM TEMPERATURE (F)   60        36      1895


SUNRISE AND SUNSET
AUGUST 15 2016........SUNRISE   632 AM CDT   SUNSET   829 PM CDT
AUGUST 16 2016........SUNRISE   633 AM CDT   SUNSET   828 PM CDT


-  INDICATES NEGATIVE NUMBERS.
R  INDICATES RECORD WAS SET OR TIED.
MM INDICATES DATA IS MISSING.
T  INDICATES TRACE AMOUNT.




$$
