000
CDUS43 KFSD 150751
CLIFSD


CLIMATE REPORT
NATIONAL WEATHER SERVICE SIOUX FALLS SD
251 AM CDT TUE APR 15 2014


...................................

...THE SIOUX FALLS SD CLIMATE SUMMARY FOR APRIL 14 2014...

CLIMATE NORMAL PERIOD 1981 TO 2010
CLIMATE RECORD PERIOD 1893 TO 2014


WEATHER ITEM   OBSERVED TIME   RECORD YEAR NORMAL DEPARTURE LAST
                VALUE   (LST)  VALUE       VALUE  FROM      YEAR
                                                  NORMAL
..................................................................
TEMPERATURE (F)
 YESTERDAY
  MAXIMUM         41    256 PM  91    1954  58    -17       41
  MINIMUM         19   1136 PM  11    1928  34    -15       32
  AVERAGE         30                        46    -16       37

PRECIPITATION (IN)
  YESTERDAY        T             1.45 1919   0.10  -0.10     0.03
  MONTH TO DATE    0.22                      1.33  -1.11     2.26
  SINCE MAR 1      0.93                      3.09  -2.16     3.14
  SINCE JAN 1      1.92                      4.25  -2.33     4.49

SNOWFALL (IN)
  YESTERDAY        T             2.4  1983   0.2   -0.2      0.0
  MONTH TO DATE    2.6                       2.7   -0.1      7.2
  SINCE MAR 1     10.3                      11.1   -0.8      8.7
  SINCE JUL 1     44.5                      42.6    1.9     34.2
  SNOW DEPTH       0

DEGREE DAYS
 HEATING
  YESTERDAY       35                        19     16       28
  MONTH TO DATE  305                       310     -5      397
  SINCE MAR 1   1406                      1305    101     1550
  SINCE JUL 1   7753                      7155    598     7169

 COOLING
  YESTERDAY        0                         0      0        0
  MONTH TO DATE    0                         0      0        0
  SINCE MAR 1      0                         0      0        0
  SINCE JAN 1      0                         0      0        0
..................................................................


WIND (MPH)
  HIGHEST WIND SPEED    30   HIGHEST WIND DIRECTION     N (360)
  HIGHEST GUST SPEED    36   HIGHEST GUST DIRECTION     N (350)
  AVERAGE WIND SPEED    13.6


SKY COVER
  POSSIBLE SUNSHINE  MM
  AVERAGE SKY COVER 0.5


WEATHER CONDITIONS
 THE FOLLOWING WEATHER WAS RECORDED YESTERDAY.
  NO SIGNIFICANT WEATHER WAS OBSERVED.


RELATIVE HUMIDITY (PERCENT)
 HIGHEST    88          1100 PM
 LOWEST     24           100 PM
 AVERAGE    56

..........................................................


THE SIOUX FALLS SD CLIMATE NORMALS FOR TODAY
                         NORMAL    RECORD    YEAR
 MAXIMUM TEMPERATURE (F)   59        89      2002
 MINIMUM TEMPERATURE (F)   34        19      1962


SUNRISE AND SUNSET
APRIL 15 2014.........SUNRISE   644 AM CDT   SUNSET   810 PM CDT
APRIL 16 2014.........SUNRISE   643 AM CDT   SUNSET   812 PM CDT


-  INDICATES NEGATIVE NUMBERS.
R  INDICATES RECORD WAS SET OR TIED.
MM INDICATES DATA IS MISSING.
T  INDICATES TRACE AMOUNT.




$$
