000
CDUS43 KFSD 200653
CLIFSD


CLIMATE REPORT
NATIONAL WEATHER SERVICE SIOUX FALLS SD
152 AM CDT TUE SEP 20 2016


...................................

...THE SIOUX FALLS SD CLIMATE SUMMARY FOR SEPTEMBER 19 2016...

CLIMATE NORMAL PERIOD 1981 TO 2010
CLIMATE RECORD PERIOD 1893 TO 2016


WEATHER ITEM   OBSERVED TIME   RECORD YEAR NORMAL DEPARTURE LAST
                VALUE   (LST)  VALUE       VALUE  FROM      YEAR
                                                  NORMAL
..................................................................
TEMPERATURE (F)
 YESTERDAY
  MAXIMUM         83    425 PM 100    1895  72     11       66
  MINIMUM         54   1136 PM  27    1991  48      6       41
  AVERAGE         69                        60      9       54

PRECIPITATION (IN)
  YESTERDAY        0.00          1.90 1923   0.09  -0.09     0.00
  MONTH TO DATE    6.32                      1.79   4.53     1.11
  SINCE SEP 1      6.32                      1.79   4.53     1.11
  SINCE JAN 1     24.18                     21.18   3.00    22.71

SNOWFALL (IN)
  YESTERDAY        0.0           0.0    MM   0.0    0.0      0.0
  MONTH TO DATE    0.0                       0.0    0.0      0.0
  SINCE SEP 1      0.0                       0.0    0.0      0.0
  SINCE JUL 1      0.0                       0.0    0.0      0.0
  SNOW DEPTH       0

DEGREE DAYS
 HEATING
  YESTERDAY        0                         7     -7       11
  MONTH TO DATE   25                        76    -51       47
  SINCE SEP 1     25                        76    -51       47
  SINCE JUL 1     33                       107    -74       87

 COOLING
  YESTERDAY        4                         1      3        0
  MONTH TO DATE   56                        52      4      107
  SINCE SEP 1     56                        52      4      107
  SINCE JAN 1    836                       677    159      682
..................................................................


WIND (MPH)
  HIGHEST WIND SPEED    14   HIGHEST WIND DIRECTION     N (10)
  HIGHEST GUST SPEED    18   HIGHEST GUST DIRECTION     N (10)
  AVERAGE WIND SPEED     3.3


SKY COVER
  POSSIBLE SUNSHINE  MM
  AVERAGE SKY COVER 0.2


WEATHER CONDITIONS
 THE FOLLOWING WEATHER WAS RECORDED YESTERDAY.
  FOG


RELATIVE HUMIDITY (PERCENT)
 HIGHEST   100           400 AM
 LOWEST     34           300 PM
 AVERAGE    67

..........................................................


THE SIOUX FALLS SD CLIMATE NORMALS FOR TODAY
                         NORMAL    RECORD    YEAR
 MAXIMUM TEMPERATURE (F)   72        93      1910
 MINIMUM TEMPERATURE (F)   47        25      1918


SUNRISE AND SUNSET
SEPTEMBER 20 2016.....SUNRISE   712 AM CDT   SUNSET   727 PM CDT
SEPTEMBER 21 2016.....SUNRISE   714 AM CDT   SUNSET   725 PM CDT


-  INDICATES NEGATIVE NUMBERS.
R  INDICATES RECORD WAS SET OR TIED.
MM INDICATES DATA IS MISSING.
T  INDICATES TRACE AMOUNT.




$$
