758
CDUS43 KFSD 070640
CLIFSD


CLIMATE REPORT
NATIONAL WEATHER SERVICE SIOUX FALLS SD
1239 AM CST SUN FEB 7 2016


...................................

...THE SIOUX FALLS SD CLIMATE SUMMARY FOR FEBRUARY 6 2016...

CLIMATE NORMAL PERIOD 1981 TO 2010
CLIMATE RECORD PERIOD 1893 TO 2016


WEATHER ITEM   OBSERVED TIME   RECORD YEAR NORMAL DEPARTURE LAST
                VALUE   (LST)  VALUE       VALUE  FROM      YEAR
                                                  NORMAL
..................................................................
TEMPERATURE (F)
 YESTERDAY
  MAXIMUM         40   1159 PM  55    1987  29     11       41
  MINIMUM         17    727 AM -30    1899   9      8       15
  AVERAGE         29                        19     10       28

PRECIPITATION (IN)
  YESTERDAY        0.00          1.01 1928   0.02  -0.02     0.00
  MONTH TO DATE    0.22                      0.11   0.11     0.18
  SINCE DEC 1      2.01                      1.36   0.65     2.32
  SINCE JAN 1      0.70                      0.67   0.03     0.99

SNOWFALL (IN)
  YESTERDAY        0.0           1.7  2010   0.2   -0.2      0.0
  MONTH TO DATE    4.2                       1.5    2.7      3.2
  SINCE DEC 1     30.2                      17.4   12.8     18.9
  SINCE JUL 1     47.5                      26.1   21.4     27.2
  SNOW DEPTH       4

DEGREE DAYS
 HEATING
  YESTERDAY       36                        46    -10       37
  MONTH TO DATE  248                       280    -32      326
  SINCE DEC 1   2910                      3200   -290     2940
  SINCE JUL 1   4184                      4912   -728     4696

 COOLING
  YESTERDAY        0                         0      0        0
  MONTH TO DATE    0                         0      0        0
  SINCE DEC 1      0                         0      0        0
  SINCE JAN 1      0                         0      0        0
..................................................................


WIND (MPH)
  HIGHEST WIND SPEED    17   HIGHEST WIND DIRECTION     S (200)
  HIGHEST GUST SPEED    21   HIGHEST GUST DIRECTION     S (200)
  AVERAGE WIND SPEED     8.6


SKY COVER
  POSSIBLE SUNSHINE  MM
  AVERAGE SKY COVER 0.7


WEATHER CONDITIONS
 THE FOLLOWING WEATHER WAS RECORDED YESTERDAY.
  FOG
  FOG W/VISIBILITY <= 1/4 MILE


RELATIVE HUMIDITY (PERCENT)
 HIGHEST   100           200 AM
 LOWEST     64           200 PM
 AVERAGE    82

..........................................................


THE SIOUX FALLS SD CLIMATE NORMALS FOR TODAY
                         NORMAL    RECORD    YEAR
 MAXIMUM TEMPERATURE (F)   29        65      1987
 MINIMUM TEMPERATURE (F)    9       -30      1895


SUNRISE AND SUNSET
FEBRUARY  7 2016......SUNRISE   737 AM CST   SUNSET   546 PM CST
FEBRUARY  8 2016......SUNRISE   735 AM CST   SUNSET   547 PM CST


-  INDICATES NEGATIVE NUMBERS.
R  INDICATES RECORD WAS SET OR TIED.
MM INDICATES DATA IS MISSING.
T  INDICATES TRACE AMOUNT.




$$
