000
CDUS43 KFSD 130632
CLIFSD


CLIMATE REPORT
NATIONAL WEATHER SERVICE SIOUX FALLS SD
132 AM CDT WED SEP 13 2017


...................................

...THE SIOUX FALLS SD CLIMATE SUMMARY FOR SEPTEMBER 12 2017...

CLIMATE NORMAL PERIOD 1981 TO 2010
CLIMATE RECORD PERIOD 1893 TO 2017


WEATHER ITEM   OBSERVED TIME   RECORD YEAR NORMAL DEPARTURE LAST
                VALUE   (LST)  VALUE       VALUE  FROM      YEAR
                                                  NORMAL
..................................................................
TEMPERATURE (F)
 YESTERDAY
  MAXIMUM         85    246 PM  97    1908  75     10       69
  MINIMUM         60    314 AM  27    1902  51      9       60
  AVERAGE         73                        63     10       65

PRECIPITATION (IN)
  YESTERDAY        0.00          1.58 1979   0.10  -0.10      T
  MONTH TO DATE    0.17                      1.17  -1.00     2.71
  SINCE SEP 1      0.17                      1.17  -1.00     2.71
  SINCE JAN 1     17.76                     20.56  -2.80    20.57

SNOWFALL (IN)
  YESTERDAY        0.0           0.0    MM   0.0    0.0      0.0
  MONTH TO DATE    0.0                       0.0    0.0      0.0
  SINCE SEP 1      0.0                       0.0    0.0      0.0
  SINCE JUL 1      0.0                       0.0    0.0      0.0
  SNOW DEPTH       0

DEGREE DAYS
 HEATING
  YESTERDAY        0                         4     -4        0
  MONTH TO DATE   22                        36    -14        4
  SINCE SEP 1     22                        36    -14        4
  SINCE JUL 1     28                        67    -39       12

 COOLING
  YESTERDAY        8                         2      6        0
  MONTH TO DATE   38                        40     -2       44
  SINCE SEP 1     38                        40     -2       44
  SINCE JAN 1    712                       665     47      824
..................................................................


WIND (MPH)
  HIGHEST WIND SPEED    20   HIGHEST WIND DIRECTION     S (190)
  HIGHEST GUST SPEED    25   HIGHEST GUST DIRECTION     S (190)
  AVERAGE WIND SPEED     9.1


SKY COVER
  POSSIBLE SUNSHINE  MM
  AVERAGE SKY COVER 0.0


WEATHER CONDITIONS
 THE FOLLOWING WEATHER WAS RECORDED YESTERDAY.
  FOG


RELATIVE HUMIDITY (PERCENT)
 HIGHEST   100          1200 AM
 LOWEST     51          1200 PM
 AVERAGE    76

..........................................................


THE SIOUX FALLS SD CLIMATE NORMALS FOR TODAY
                         NORMAL    RECORD    YEAR
 MAXIMUM TEMPERATURE (F)   74        96      1939
 MINIMUM TEMPERATURE (F)   51        32      1902
                                             1899


SUNRISE AND SUNSET
SEPTEMBER 13 2017.....SUNRISE   704 AM CDT   SUNSET   740 PM CDT
SEPTEMBER 14 2017.....SUNRISE   705 AM CDT   SUNSET   738 PM CDT


-  INDICATES NEGATIVE NUMBERS.
R  INDICATES RECORD WAS SET OR TIED.
MM INDICATES DATA IS MISSING.
T  INDICATES TRACE AMOUNT.




$$
