000
CDUS43 KFSD 140654
CLIFSD


CLIMATE REPORT
NATIONAL WEATHER SERVICE SIOUX FALLS SD
152 AM CDT TUE MAR 14 2017


...................................

...THE SIOUX FALLS SD CLIMATE SUMMARY FOR MARCH 13 2017...

CLIMATE NORMAL PERIOD 1981 TO 2010
CLIMATE RECORD PERIOD 1893 TO 2017


WEATHER ITEM   OBSERVED TIME   RECORD YEAR NORMAL DEPARTURE LAST
                VALUE   (LST)  VALUE       VALUE  FROM      YEAR
                                                  NORMAL
..................................................................
TEMPERATURE (F)
 YESTERDAY
  MAXIMUM         19    428 PM  79    2012  42    -23       61
  MINIMUM          8   1159 PM -14    1975  22    -14       51
  AVERAGE         14                        32    -18       56

PRECIPITATION (IN)
  YESTERDAY        T             0.99 1973   0.05  -0.05     0.05
  MONTH TO DATE    0.43                      0.52  -0.09     0.08
  SINCE MAR 1      0.43                      0.52  -0.09     0.08
  SINCE JAN 1      1.54                      1.68  -0.14     1.76

SNOWFALL (IN)
  YESTERDAY        0.1           5.0  1893   0.3   -0.2      0.0
  MONTH TO DATE    8.0                       4.0    4.0      0.3
  SINCE MAR 1      8.0                       4.0    4.0      0.3
  SINCE JUL 1     39.4                      35.5    3.9     56.6
  SNOW DEPTH       5

DEGREE DAYS
 HEATING
  YESTERDAY       51                        33     18        9
  MONTH TO DATE  467                       467      0      317
  SINCE MAR 1    467                       467      0      317
  SINCE JUL 1   5273                      6317  -1044     5353

 COOLING
  YESTERDAY        0                         0      0        0
  MONTH TO DATE    0                         0      0        0
  SINCE MAR 1      0                         0      0        0
  SINCE JAN 1      0                         0      0        0
..................................................................


WIND (MPH)
  HIGHEST WIND SPEED    26   HIGHEST WIND DIRECTION    NE (30)
  HIGHEST GUST SPEED    33   HIGHEST GUST DIRECTION    NE (30)
  AVERAGE WIND SPEED    11.9


SKY COVER
  POSSIBLE SUNSHINE  MM
  AVERAGE SKY COVER 0.8


WEATHER CONDITIONS
 THE FOLLOWING WEATHER WAS RECORDED YESTERDAY.
  LIGHT SNOW
  FOG


RELATIVE HUMIDITY (PERCENT)
 HIGHEST    92          1200 AM
 LOWEST     67           300 PM
 AVERAGE    80

..........................................................


THE SIOUX FALLS SD CLIMATE NORMALS FOR TODAY
                         NORMAL    RECORD    YEAR
 MAXIMUM TEMPERATURE (F)   42        73      1935
 MINIMUM TEMPERATURE (F)   22       -22      1897


SUNRISE AND SUNSET
MARCH 14 2017.........SUNRISE   740 AM CDT   SUNSET   732 PM CDT
MARCH 15 2017.........SUNRISE   739 AM CDT   SUNSET   734 PM CDT


-  INDICATES NEGATIVE NUMBERS.
R  INDICATES RECORD WAS SET OR TIED.
MM INDICATES DATA IS MISSING.
T  INDICATES TRACE AMOUNT.




$$
