000
CDUS43 KFSD 240639
CLIFSD


CLIMATE REPORT
NATIONAL WEATHER SERVICE SIOUX FALLS SD
136 AM CDT WED AUG 24 2016


...................................

...THE SIOUX FALLS SD CLIMATE SUMMARY FOR AUGUST 23 2016...

CLIMATE NORMAL PERIOD 1981 TO 2010
CLIMATE RECORD PERIOD 1893 TO 2016


WEATHER ITEM   OBSERVED TIME   RECORD YEAR NORMAL DEPARTURE LAST
                VALUE   (LST)  VALUE       VALUE  FROM      YEAR
                                                  NORMAL
..................................................................
TEMPERATURE (F)
 YESTERDAY
  MAXIMUM         75   1045 AM 100    1971  81     -6       70
  MINIMUM         68    649 AM  42    1927  59      9       50
  AVERAGE         72                        70      2       60

PRECIPITATION (IN)
  YESTERDAY        T             3.28 1906   0.09  -0.09     0.00
  MONTH TO DATE    1.68                      2.27  -0.59     3.91
  SINCE JUN 1      5.72                      9.28  -3.56    12.39
  SINCE JAN 1     17.22                     18.61  -1.39    18.94

SNOWFALL (IN)
  YESTERDAY        0.0           0.0    MM   0.0    0.0      0.0
  MONTH TO DATE    0.0                       0.0    0.0      0.0
  SINCE JUN 1      0.0                       0.0    0.0      0.0
  SINCE JUL 1      0.0                       0.0    0.0      0.0
  SNOW DEPTH       0

DEGREE DAYS
 HEATING
  YESTERDAY        0                         1     -1        5
  MONTH TO DATE    0                        10    -10       16
  SINCE JUN 1     14                        69    -55       31
  SINCE JUL 1      5                        18    -13       22

 COOLING
  YESTERDAY        7                         6      1        0
  MONTH TO DATE  195                       160     35      159
  SINCE JUN 1    706                       551    155      534
  SINCE JAN 1    739                       587    152      556
..................................................................


WIND (MPH)
  HIGHEST WIND SPEED    23   HIGHEST WIND DIRECTION     S (180)
  HIGHEST GUST SPEED    30   HIGHEST GUST DIRECTION     S (180)
  AVERAGE WIND SPEED    12.0


SKY COVER
  POSSIBLE SUNSHINE  MM
  AVERAGE SKY COVER 0.7


WEATHER CONDITIONS
 THE FOLLOWING WEATHER WAS RECORDED YESTERDAY.
  THUNDERSTORM
  LIGHT RAIN
  FOG


RELATIVE HUMIDITY (PERCENT)
 HIGHEST    93          1200 PM
 LOWEST     64          1200 AM
 AVERAGE    79

..........................................................


THE SIOUX FALLS SD CLIMATE NORMALS FOR TODAY
                         NORMAL    RECORD    YEAR
 MAXIMUM TEMPERATURE (F)   81       109      1936
 MINIMUM TEMPERATURE (F)   58        39      1934


SUNRISE AND SUNSET
AUGUST 24 2016........SUNRISE   642 AM CDT   SUNSET   815 PM CDT
AUGUST 25 2016........SUNRISE   643 AM CDT   SUNSET   813 PM CDT


-  INDICATES NEGATIVE NUMBERS.
R  INDICATES RECORD WAS SET OR TIED.
MM INDICATES DATA IS MISSING.
T  INDICATES TRACE AMOUNT.




$$
