000
CDUS43 KFSD 010632
CLIFSD


CLIMATE REPORT
NATIONAL WEATHER SERVICE SIOUX FALLS SD
130 AM CDT SAT AUG 1 2015


...................................

...THE SIOUX FALLS SD CLIMATE SUMMARY FOR JULY 31 2015...

CLIMATE NORMAL PERIOD 1981 TO 2010
CLIMATE RECORD PERIOD 1893 TO 2015


WEATHER ITEM   OBSERVED TIME   RECORD YEAR NORMAL DEPARTURE LAST
                VALUE   (LST)  VALUE       VALUE  FROM      YEAR
                                                  NORMAL
..................................................................
TEMPERATURE (F)
 YESTERDAY
  MAXIMUM         88    245 PM 107    1988  84      4       80
  MINIMUM         60    526 AM  45    1903  62     -2       53
  AVERAGE         74                        73      1       67

PRECIPITATION (IN)
  YESTERDAY        0.00          2.38 1921   0.10  -0.10      T
  MONTH TO DATE    4.19                      3.09   1.10     0.80
  SINCE JUN 1      8.48                      7.01   1.47    14.50
  SINCE JAN 1     15.03                     16.34  -1.31    19.48

SNOWFALL (IN)
  YESTERDAY        0.0           0.0    MM   0.0    0.0      0.0
  MONTH TO DATE    0.0                       0.0    0.0       T
  SINCE JUN 1      0.0                       0.0    0.0       T
  SINCE JUL 1      0.0                       0.0    0.0       T
  SNOW DEPTH       0

DEGREE DAYS
 HEATING
  YESTERDAY        0                         0      0        0
  MONTH TO DATE    6                         0      6       15
  SINCE JUN 1     15                        59    -44       47
  SINCE JUL 1      6                         8     -2       15

 COOLING
  YESTERDAY        9                         8      1        2
  MONTH TO DATE  236                       256    -20      172
  SINCE JUN 1    375                       391    -16      308
  SINCE JAN 1    397                       427    -30      361
..................................................................


WIND (MPH)
  HIGHEST WIND SPEED    12   HIGHEST WIND DIRECTION    NE (50)
  HIGHEST GUST SPEED    14   HIGHEST GUST DIRECTION    NE (60)
  AVERAGE WIND SPEED     3.5


SKY COVER
  POSSIBLE SUNSHINE  MM
  AVERAGE SKY COVER 0.2


WEATHER CONDITIONS
 THE FOLLOWING WEATHER WAS RECORDED YESTERDAY.
  NO SIGNIFICANT WEATHER WAS OBSERVED.


RELATIVE HUMIDITY (PERCENT)
 HIGHEST    97           600 AM
 LOWEST     31           300 PM
 AVERAGE    64

..........................................................


THE SIOUX FALLS SD CLIMATE NORMALS FOR TODAY
                         NORMAL    RECORD    YEAR
 MAXIMUM TEMPERATURE (F)   84       102      2012
 MINIMUM TEMPERATURE (F)   62        45      1904


SUNRISE AND SUNSET
AUGUST  1 2015........SUNRISE   616 AM CDT   SUNSET   850 PM CDT
AUGUST  2 2015........SUNRISE   617 AM CDT   SUNSET   849 PM CDT


-  INDICATES NEGATIVE NUMBERS.
R  INDICATES RECORD WAS SET OR TIED.
MM INDICATES DATA IS MISSING.
T  INDICATES TRACE AMOUNT.




$$
