000
CDUS43 KFSD 152221
CLIFSD


CLIMATE REPORT
NATIONAL WEATHER SERVICE SIOUX FALLS SD
518 PM CDT MON AUG 15 2016


...................................

...THE SIOUX FALLS SD CLIMATE SUMMARY FOR AUGUST 15 2016...
VALID TODAY AS OF 0500 PM LOCAL TIME.

CLIMATE NORMAL PERIOD 1981 TO 2010
CLIMATE RECORD PERIOD 1893 TO 2016


WEATHER ITEM   OBSERVED TIME   RECORD YEAR NORMAL DEPARTURE LAST
                VALUE   (LST)  VALUE       VALUE  FROM      YEAR
                                                  NORMAL
..................................................................
TEMPERATURE (F)
 TODAY
  MAXIMUM         84    346 PM 106    1937  82      2       91
  MINIMUM         63    414 AM  36    1895  60      3       70
  AVERAGE         74                        71      3       81

PRECIPITATION (IN)
  TODAY            T             3.23 1977   0.10  -0.10     0.00
  MONTH TO DATE    1.49                      1.51  -0.02     0.19
  SINCE JUN 1      5.53                      8.52  -2.99     8.67
  SINCE JAN 1     17.03                     17.85  -0.82    15.22

SNOWFALL (IN)
  TODAY            0.0           0.0    MM   0.0    0.0      0.0
  MONTH TO DATE    0.0                       0.0    0.0      0.0
  SINCE JUN 1      0.0                       0.0    0.0      0.0
  SINCE JUL 1      0.0                       0.0    0.0      0.0
  SNOW DEPTH       0

DEGREE DAYS
 HEATING
  TODAY            0                         1     -1        0
  MONTH TO DATE    0                         2     -2        0
  SINCE JUN 1     14                        61    -47       15
  SINCE JUL 1      5                        10     -5        6

 COOLING
  TODAY            9                         7      2       16
  MONTH TO DATE  135                       111     24      142
  SINCE JUN 1    646                       502    144      517
  SINCE JAN 1    679                       538    141      539
..................................................................


WIND (MPH)
  HIGHEST WIND SPEED    18   HIGHEST WIND DIRECTION     S (190)
  HIGHEST GUST SPEED    22   HIGHEST GUST DIRECTION     S (200)
  AVERAGE WIND SPEED     8.9


SKY COVER
  POSSIBLE SUNSHINE  MM
  AVERAGE SKY COVER 0.7


WEATHER CONDITIONS
 THE FOLLOWING WEATHER WAS RECORDED TODAY.
  LIGHT RAIN


RELATIVE HUMIDITY (PERCENT)
 HIGHEST    84           500 AM
 LOWEST     51           400 PM
 AVERAGE    68

..........................................................


THE SIOUX FALLS SD CLIMATE NORMALS FOR TOMORROW
                         NORMAL    RECORD    YEAR
 MAXIMUM TEMPERATURE (F)   82       101      1988
 MINIMUM TEMPERATURE (F)   60        48      1970


SUNRISE AND SUNSET
AUGUST 15 2016........SUNRISE   632 AM CDT   SUNSET   829 PM CDT
AUGUST 16 2016........SUNRISE   633 AM CDT   SUNSET   828 PM CDT


-  INDICATES NEGATIVE NUMBERS.
R  INDICATES RECORD WAS SET OR TIED.
MM INDICATES DATA IS MISSING.
T  INDICATES TRACE AMOUNT.




$$
