000
CDUS43 KFSD 080653
CLIFSD


CLIMATE REPORT
NATIONAL WEATHER SERVICE SIOUX FALLS SD
1250 AM CST SAT NOV 8 2014


...................................

...THE SIOUX FALLS SD CLIMATE SUMMARY FOR NOVEMBER 7 2014...

CLIMATE NORMAL PERIOD 1981 TO 2010
CLIMATE RECORD PERIOD 1893 TO 2014


WEATHER ITEM   OBSERVED TIME   RECORD YEAR NORMAL DEPARTURE LAST
                VALUE   (LST)  VALUE       VALUE  FROM      YEAR
                                                  NORMAL
..................................................................
TEMPERATURE (F)
 YESTERDAY
  MAXIMUM         56    617 PM  74    1904  48      8       37
  MINIMUM         38    137 AM  -9    1991  27     11       17
  AVERAGE         47                        38      9       27

PRECIPITATION (IN)
  YESTERDAY        0.00          0.85 1944   0.05  -0.05     0.00
  MONTH TO DATE    T                         0.32  -0.32     0.42
  SINCE SEP 1      2.95                      5.26  -2.31     4.20
  SINCE JAN 1     27.38                     24.65   2.73    24.62

SNOWFALL (IN)
  YESTERDAY        0.0           5.5  1924   0.2   -0.2      0.0
  MONTH TO DATE    0.0                       1.1   -1.1      6.2
  SINCE SEP 1      0.0                       2.4   -2.4      6.6
  SINCE JUL 1      T                         2.4   -2.4      6.6
  SNOW DEPTH       0

DEGREE DAYS
 HEATING
  YESTERDAY       18                        27     -9       38
  MONTH TO DATE  141                       180    -39      194
  SINCE SEP 1    721                       889   -168      795
  SINCE JUL 1    739                       920   -181      829

 COOLING
  YESTERDAY        0                         0      0        0
  MONTH TO DATE    0                         0      0        0
  SINCE SEP 1     59                        65     -6      133
  SINCE JAN 1    610                       690    -80      787
..................................................................


WIND (MPH)
  HIGHEST WIND SPEED    38   HIGHEST WIND DIRECTION    NW (330)
  HIGHEST GUST SPEED    47   HIGHEST GUST DIRECTION     N (350)
  AVERAGE WIND SPEED    17.5


SKY COVER
  POSSIBLE SUNSHINE  MM
  AVERAGE SKY COVER 0.7


WEATHER CONDITIONS
 THE FOLLOWING WEATHER WAS RECORDED YESTERDAY.
  NO SIGNIFICANT WEATHER WAS OBSERVED.


RELATIVE HUMIDITY (PERCENT)
 HIGHEST    65          1000 PM
 LOWEST     45           200 PM
 AVERAGE    55

..........................................................


THE SIOUX FALLS SD CLIMATE NORMALS FOR TODAY
                         NORMAL    RECORD    YEAR
 MAXIMUM TEMPERATURE (F)   47        81      1999
 MINIMUM TEMPERATURE (F)   27        -3      1900


SUNRISE AND SUNSET
NOVEMBER  8 2014......SUNRISE   712 AM CST   SUNSET   509 PM CST
NOVEMBER  9 2014......SUNRISE   713 AM CST   SUNSET   508 PM CST


-  INDICATES NEGATIVE NUMBERS.
R  INDICATES RECORD WAS SET OR TIED.
MM INDICATES DATA IS MISSING.
T  INDICATES TRACE AMOUNT.




$$
