000
CDUS43 KFSD 120623
CLIFSD


CLIMATE REPORT
NATIONAL WEATHER SERVICE SIOUX FALLS SD
122 AM CDT THU MAY 12 2016


...................................

...THE SIOUX FALLS SD CLIMATE SUMMARY FOR MAY 11 2016...

CLIMATE NORMAL PERIOD 1981 TO 2010
CLIMATE RECORD PERIOD 1893 TO 2016


WEATHER ITEM   OBSERVED TIME   RECORD YEAR NORMAL DEPARTURE LAST
                VALUE   (LST)  VALUE       VALUE  FROM      YEAR
                                                  NORMAL
..................................................................
TEMPERATURE (F)
 YESTERDAY
  MAXIMUM         66    232 PM  95    1906  68     -2       46
  MINIMUM         51   1035 PM  21    1946  45      6       40
  AVERAGE         59                        56      3       43

PRECIPITATION (IN)
  YESTERDAY        0.33          1.68 1920   0.10   0.23      T
  MONTH TO DATE    0.63                      1.16  -0.53     1.11
  SINCE MAR 1      7.34                      5.93   1.41     2.44
  SINCE JAN 1      9.02                      7.09   1.93     3.66

SNOWFALL (IN)
  YESTERDAY        0.0           T    1968   0.0    0.0      0.0
                                      1966
  MONTH TO DATE    0.0                       0.4   -0.4      0.0
  SINCE MAR 1     12.2                      13.4   -1.2      1.7
  SINCE JUL 1     68.5                      44.9   23.6     31.9
  SNOW DEPTH       0

DEGREE DAYS
 HEATING
  YESTERDAY        6                         9     -3       22
  MONTH TO DATE   88                       118    -30       81
  SINCE MAR 1   1334                      1675   -341     1332
  SINCE JUL 1   6370                      7525  -1155     7081

 COOLING
  YESTERDAY        0                         1     -1        0
  MONTH TO DATE    6                         7     -1        6
  SINCE MAR 1      6                        12     -6       10
  SINCE JAN 1      6                        12     -6       10
..................................................................


WIND (MPH)
  HIGHEST WIND SPEED    22   HIGHEST WIND DIRECTION    NW (300)
  HIGHEST GUST SPEED    29   HIGHEST GUST DIRECTION     W (280)
  AVERAGE WIND SPEED     8.0


SKY COVER
  POSSIBLE SUNSHINE  MM
  AVERAGE SKY COVER 0.6


WEATHER CONDITIONS
 THE FOLLOWING WEATHER WAS RECORDED YESTERDAY.
  HEAVY RAIN
  LIGHT RAIN
  FOG


RELATIVE HUMIDITY (PERCENT)
 HIGHEST    93           500 AM
 LOWEST     44           500 PM
 AVERAGE    69

..........................................................


THE SIOUX FALLS SD CLIMATE NORMALS FOR TODAY
                         NORMAL    RECORD    YEAR
 MAXIMUM TEMPERATURE (F)   69        93      1907
 MINIMUM TEMPERATURE (F)   45        20      1946


SUNRISE AND SUNSET
MAY 12 2016...........SUNRISE   605 AM CDT   SUNSET   842 PM CDT
MAY 13 2016...........SUNRISE   604 AM CDT   SUNSET   843 PM CDT


-  INDICATES NEGATIVE NUMBERS.
R  INDICATES RECORD WAS SET OR TIED.
MM INDICATES DATA IS MISSING.
T  INDICATES TRACE AMOUNT.




$$
