000
CDUS43 KFSD 210628
CLIFSD


CLIMATE REPORT
NATIONAL WEATHER SERVICE SIOUX FALLS SD
127 AM CDT FRI APR 21 2017


...................................

...THE SIOUX FALLS SD CLIMATE SUMMARY FOR APRIL 20 2017...

CLIMATE NORMAL PERIOD 1981 TO 2010
CLIMATE RECORD PERIOD 1893 TO 2017


WEATHER ITEM   OBSERVED TIME   RECORD YEAR NORMAL DEPARTURE LAST
                VALUE   (LST)  VALUE       VALUE  FROM      YEAR
                                                  NORMAL
..................................................................
TEMPERATURE (F)
 YESTERDAY
  MAXIMUM         51    316 PM  93    1980  61    -10       58
  MINIMUM         41   1034 PM  16    2013  36      5       45
  AVERAGE         46                        48     -2       52

PRECIPITATION (IN)
  YESTERDAY        T             1.26 1917   0.10  -0.10     0.76
  MONTH TO DATE    1.20                      1.96  -0.76     1.76
  SINCE MAR 1      1.74                      3.72  -1.98     3.85
  SINCE JAN 1      2.85                      4.88  -2.03     5.53

SNOWFALL (IN)
  YESTERDAY        0.0           1.5  1893   0.2   -0.2      0.0
  MONTH TO DATE    T                         3.7   -3.7       T
  SINCE MAR 1      8.0                      12.1   -4.1     12.2
  SINCE JUL 1     39.4                      43.6   -4.2     68.5
  SNOW DEPTH       0

DEGREE DAYS
 HEATING
  YESTERDAY       19                        17      2       13
  MONTH TO DATE  276                       417   -141      336
  SINCE MAR 1   1186                      1412   -226     1100
  SINCE JUL 1   5992                      7262  -1270     6136

 COOLING
  YESTERDAY        0                         0      0        0
  MONTH TO DATE    1                         0      1        0
  SINCE MAR 1      1                         0      1        0
  SINCE JAN 1      1                         0      1        0
..................................................................


WIND (MPH)
  HIGHEST WIND SPEED    25   HIGHEST WIND DIRECTION    NW (320)
  HIGHEST GUST SPEED    31   HIGHEST GUST DIRECTION    NW (320)
  AVERAGE WIND SPEED    11.9


SKY COVER
  POSSIBLE SUNSHINE  MM
  AVERAGE SKY COVER 0.9


WEATHER CONDITIONS
 THE FOLLOWING WEATHER WAS RECORDED YESTERDAY.
  HAZE


RELATIVE HUMIDITY (PERCENT)
 HIGHEST   100           200 AM
 LOWEST     71          1200 PM
 AVERAGE    86

..........................................................


THE SIOUX FALLS SD CLIMATE NORMALS FOR TODAY
                         NORMAL    RECORD    YEAR
 MAXIMUM TEMPERATURE (F)   61        93      1980
 MINIMUM TEMPERATURE (F)   37        17      1927


SUNRISE AND SUNSET
APRIL 21 2017.........SUNRISE   634 AM CDT   SUNSET   818 PM CDT
APRIL 22 2017.........SUNRISE   633 AM CDT   SUNSET   819 PM CDT


-  INDICATES NEGATIVE NUMBERS.
R  INDICATES RECORD WAS SET OR TIED.
MM INDICATES DATA IS MISSING.
T  INDICATES TRACE AMOUNT.




$$
