000
CDUS43 KFSD 090641
CLIFSD


CLIMATE REPORT
NATIONAL WEATHER SERVICE SIOUX FALLS SD
139 AM CDT FRI JUN 9 2017


...................................

...THE SIOUX FALLS SD CLIMATE SUMMARY FOR JUNE 8 2017...

CLIMATE NORMAL PERIOD 1981 TO 2010
CLIMATE RECORD PERIOD 1893 TO 2017


WEATHER ITEM   OBSERVED TIME   RECORD YEAR NORMAL DEPARTURE LAST
                VALUE   (LST)  VALUE       VALUE  FROM      YEAR
                                                  NORMAL
..................................................................
TEMPERATURE (F)
 YESTERDAY
  MAXIMUM         89    337 PM  97    2000  77     12       89
  MINIMUM         60    520 AM  36    1978  54      6       56
  AVERAGE         75                        66      9       73

PRECIPITATION (IN)
  YESTERDAY        0.00          1.87 2013   0.14  -0.14     0.09
  MONTH TO DATE    0.00                      1.04  -1.04     0.47
  SINCE JUN 1      0.00                      1.04  -1.04     0.47
  SINCE JAN 1      7.75                     10.37  -2.62    11.97

SNOWFALL (IN)
  YESTERDAY        0.0           0.0    MM   0.0    0.0      0.0
  MONTH TO DATE    0.0                       0.0    0.0      0.0
  SINCE JUN 1      0.0                       0.0    0.0      0.0
  SINCE JUL 1     42.9                      44.5   -1.6     68.5
  SNOW DEPTH       0

DEGREE DAYS
 HEATING
  YESTERDAY        0                         3     -3        0
  MONTH TO DATE    3                        27    -24        9
  SINCE JUN 1      3                        27    -24        9
  SINCE JUL 1   6440                      7682  -1242     6504

 COOLING
  YESTERDAY       10                         3      7        8
  MONTH TO DATE   70                        20     50       18
  SINCE JUN 1     70                        20     50       18
  SINCE JAN 1     96                        56     40       51
..................................................................


WIND (MPH)
  HIGHEST WIND SPEED    13   HIGHEST WIND DIRECTION    SW (220)
  HIGHEST GUST SPEED    19   HIGHEST GUST DIRECTION    SW (230)
  AVERAGE WIND SPEED     3.8


SKY COVER
  POSSIBLE SUNSHINE  MM
  AVERAGE SKY COVER 0.3


WEATHER CONDITIONS
 THE FOLLOWING WEATHER WAS RECORDED YESTERDAY.
  NO SIGNIFICANT WEATHER WAS OBSERVED.


RELATIVE HUMIDITY (PERCENT)
 HIGHEST    90           500 AM
 LOWEST     36           200 PM
 AVERAGE    63

..........................................................


THE SIOUX FALLS SD CLIMATE NORMALS FOR TODAY
                         NORMAL    RECORD    YEAR
 MAXIMUM TEMPERATURE (F)   77        95      2016
                                             2015
                                             1976
 MINIMUM TEMPERATURE (F)   54        34      1915


SUNRISE AND SUNSET
JUNE  9 2017..........SUNRISE   546 AM CDT   SUNSET   907 PM CDT
JUNE 10 2017..........SUNRISE   545 AM CDT   SUNSET   908 PM CDT


-  INDICATES NEGATIVE NUMBERS.
R  INDICATES RECORD WAS SET OR TIED.
MM INDICATES DATA IS MISSING.
T  INDICATES TRACE AMOUNT.




$$
