000
CDUS43 KFSD 060638
CLIFSD


CLIMATE REPORT
NATIONAL WEATHER SERVICE SIOUX FALLS SD
1236 AM CST SAT FEB 6 2016


...................................

...THE SIOUX FALLS SD CLIMATE SUMMARY FOR FEBRUARY 5 2016...

CLIMATE NORMAL PERIOD 1981 TO 2010
CLIMATE RECORD PERIOD 1893 TO 2016


WEATHER ITEM   OBSERVED TIME   RECORD YEAR NORMAL DEPARTURE LAST
                VALUE   (LST)  VALUE       VALUE  FROM      YEAR
                                                  NORMAL
..................................................................
TEMPERATURE (F)
 YESTERDAY
  MAXIMUM         30    740 PM  59    1964  29      1       24
                                      1963
  MINIMUM         12    125 AM -28    1899   9      3       -7
  AVERAGE         21                        19      2        9

PRECIPITATION (IN)
  YESTERDAY        T             1.10 1911   0.02  -0.02     0.00
  MONTH TO DATE    0.22                      0.09   0.13     0.18
  SINCE DEC 1      2.01                      1.34   0.67     2.32
  SINCE JAN 1      0.70                      0.65   0.05     0.99

SNOWFALL (IN)
  YESTERDAY        T             8.0  1915   0.3   -0.3      0.0
  MONTH TO DATE    4.2                       1.3    2.9      3.2
  SINCE DEC 1     30.2                      17.2   13.0     18.9
  SINCE JUL 1     47.5                      25.9   21.6     27.2
  SNOW DEPTH       4

DEGREE DAYS
 HEATING
  YESTERDAY       44                        46     -2       56
  MONTH TO DATE  212                       234    -22      289
  SINCE DEC 1   2874                      3154   -280     2903
  SINCE JUL 1   4148                      4866   -718     4659

 COOLING
  YESTERDAY        0                         0      0        0
  MONTH TO DATE    0                         0      0        0
  SINCE DEC 1      0                         0      0        0
  SINCE JAN 1      0                         0      0        0
..................................................................


WIND (MPH)
  HIGHEST WIND SPEED    20   HIGHEST WIND DIRECTION     S (200)
  HIGHEST GUST SPEED    26   HIGHEST GUST DIRECTION     S (190)
  AVERAGE WIND SPEED     8.1


SKY COVER
  POSSIBLE SUNSHINE  MM
  AVERAGE SKY COVER 0.7


WEATHER CONDITIONS
 THE FOLLOWING WEATHER WAS RECORDED YESTERDAY.
  LIGHT SNOW
  FOG
  FOG W/VISIBILITY <= 1/4 MILE


RELATIVE HUMIDITY (PERCENT)
 HIGHEST    92           600 PM
 LOWEST     71           900 AM
 AVERAGE    82

..........................................................


THE SIOUX FALLS SD CLIMATE NORMALS FOR TODAY
                         NORMAL    RECORD    YEAR
 MAXIMUM TEMPERATURE (F)   29        55      1987
 MINIMUM TEMPERATURE (F)    9       -30      1899


SUNRISE AND SUNSET
FEBRUARY  6 2016......SUNRISE   738 AM CST   SUNSET   545 PM CST
FEBRUARY  7 2016......SUNRISE   737 AM CST   SUNSET   546 PM CST


-  INDICATES NEGATIVE NUMBERS.
R  INDICATES RECORD WAS SET OR TIED.
MM INDICATES DATA IS MISSING.
T  INDICATES TRACE AMOUNT.




$$
