000
CDUS43 KFSD 130626
CLIFSD


CLIMATE REPORT
NATIONAL WEATHER SERVICE SIOUX FALLS SD
1226 AM CST THU NOV 13 2014


...................................

...THE SIOUX FALLS SD CLIMATE SUMMARY FOR NOVEMBER 12 2014...

CLIMATE NORMAL PERIOD 1981 TO 2010
CLIMATE RECORD PERIOD 1893 TO 2014


WEATHER ITEM   OBSERVED TIME   RECORD YEAR NORMAL DEPARTURE LAST
                VALUE   (LST)  VALUE       VALUE  FROM      YEAR
                                                  NORMAL
..................................................................
TEMPERATURE (F)
 YESTERDAY
  MAXIMUM         22    352 PM  68    2001  45    -23       32
                                      1999
  MINIMUM          8    758 AM  -6    1911  25    -17        3
  AVERAGE         15                        35    -20       18

PRECIPITATION (IN)
  YESTERDAY        0.02          1.07 1922   0.04  -0.02     0.00
  MONTH TO DATE    0.02                      0.54  -0.52     0.44
  SINCE SEP 1      2.97                      5.48  -2.51     4.22
  SINCE JAN 1     27.40                     24.87   2.53    24.64

SNOWFALL (IN)
  YESTERDAY        0.2           7.5  1959   0.2    0.0      0.0
  MONTH TO DATE    0.3                       2.0   -1.7      6.8
  SINCE SEP 1      0.3                       3.3   -3.0      7.2
  SINCE JUL 1      0.3                       3.3   -3.0      7.2
  SNOW DEPTH       T

DEGREE DAYS
 HEATING
  YESTERDAY       50                        30     20       47
  MONTH TO DATE  328                       326      2      370
  SINCE SEP 1    908                      1035   -127      971
  SINCE JUL 1    926                      1066   -140     1005

 COOLING
  YESTERDAY        0                         0      0        0
  MONTH TO DATE    0                         0      0        0
  SINCE SEP 1     59                        65     -6      133
  SINCE JAN 1    610                       690    -80      787
..................................................................


WIND (MPH)
  HIGHEST WIND SPEED    23   HIGHEST WIND DIRECTION    NW (310)
  HIGHEST GUST SPEED    30   HIGHEST GUST DIRECTION    NW (300)
  AVERAGE WIND SPEED    16.2


SKY COVER
  POSSIBLE SUNSHINE  MM
  AVERAGE SKY COVER 0.8


WEATHER CONDITIONS
 THE FOLLOWING WEATHER WAS RECORDED YESTERDAY.
  LIGHT SNOW
  FOG


RELATIVE HUMIDITY (PERCENT)
 HIGHEST    83           600 AM
 LOWEST     62           400 PM
 AVERAGE    73

..........................................................


THE SIOUX FALLS SD CLIMATE NORMALS FOR TODAY
                         NORMAL    RECORD    YEAR
 MAXIMUM TEMPERATURE (F)   44        79      1999
 MINIMUM TEMPERATURE (F)   24        -8      1940


SUNRISE AND SUNSET
NOVEMBER 13 2014......SUNRISE   718 AM CST   SUNSET   504 PM CST
NOVEMBER 14 2014......SUNRISE   720 AM CST   SUNSET   503 PM CST


-  INDICATES NEGATIVE NUMBERS.
R  INDICATES RECORD WAS SET OR TIED.
MM INDICATES DATA IS MISSING.
T  INDICATES TRACE AMOUNT.




$$
