408
CDUS43 KFSD 212224
CLIFSD


CLIMATE REPORT
NATIONAL WEATHER SERVICE SIOUX FALLS SD
524 PM CDT SUN MAY 21 2017


...................................

...THE SIOUX FALLS SD CLIMATE SUMMARY FOR MAY 21 2017...
VALID TODAY AS OF 0500 PM LOCAL TIME.

CLIMATE NORMAL PERIOD 1981 TO 2010
CLIMATE RECORD PERIOD 1893 TO 2017


WEATHER ITEM   OBSERVED TIME   RECORD YEAR NORMAL DEPARTURE LAST
                VALUE   (LST)  VALUE       VALUE  FROM      YEAR
                                                  NORMAL
..................................................................
TEMPERATURE (F)
 TODAY
  MAXIMUM         59    358 PM  93    1964  71    -12       73
  MINIMUM         36    320 AM  25    1931  48    -12       44
  AVERAGE         48                        60    -12       59

PRECIPITATION (IN)
  TODAY            0.01          2.09 1893   0.11  -0.10     0.00
  MONTH TO DATE    3.11                      2.25   0.86     0.65
  SINCE MAR 1      6.52                      7.02  -0.50     7.36
  SINCE JAN 1      7.63                      8.18  -0.55     9.04

SNOWFALL (IN)
  TODAY            0.0          MM      MM   0.0    0.0      0.0
  MONTH TO DATE    2.2                       0.4    1.8      0.0
  SINCE MAR 1     11.5                      13.4   -1.9     12.2
  SINCE JUL 1     42.9                      44.9   -2.0     68.5
  SNOW DEPTH       0

DEGREE DAYS
 HEATING
  TODAY           17                         7     10        6
  MONTH TO DATE  178                       196    -18      211
  SINCE MAR 1   1562                      1753   -191     1457
  SINCE JUL 1   6368                      7603  -1235     6493

 COOLING
  TODAY            0                         1     -1        0
  MONTH TO DATE   25                        17      8        6
  SINCE MAR 1     26                        22      4        6
  SINCE JAN 1     26                        22      4        6
..................................................................


WIND (MPH)
  HIGHEST WIND SPEED    25   HIGHEST WIND DIRECTION    NW (320)
  HIGHEST GUST SPEED    35   HIGHEST GUST DIRECTION     W (290)
  AVERAGE WIND SPEED    19.1


SKY COVER
  POSSIBLE SUNSHINE  MM
  AVERAGE SKY COVER 1.0


WEATHER CONDITIONS
 THE FOLLOWING WEATHER WAS RECORDED TODAY.
  LIGHT RAIN


RELATIVE HUMIDITY (PERCENT)
 HIGHEST   100           600 AM
 LOWEST     57           400 PM
 AVERAGE    79

..........................................................


THE SIOUX FALLS SD CLIMATE NORMALS FOR TOMORROW
                         NORMAL    RECORD    YEAR
 MAXIMUM TEMPERATURE (F)   72        92      1964
 MINIMUM TEMPERATURE (F)   48        27      1963


SUNRISE AND SUNSET
MAY 21 2017...........SUNRISE   556 AM CDT   SUNSET   852 PM CDT
MAY 22 2017...........SUNRISE   555 AM CDT   SUNSET   853 PM CDT


-  INDICATES NEGATIVE NUMBERS.
R  INDICATES RECORD WAS SET OR TIED.
MM INDICATES DATA IS MISSING.
T  INDICATES TRACE AMOUNT.




$$
