000
CDUS43 KFSD 200643
CLIFSD


CLIMATE REPORT
NATIONAL WEATHER SERVICE SIOUX FALLS SD
1243 AM CST SUN NOV 20 2016


...................................

...THE SIOUX FALLS SD CLIMATE SUMMARY FOR NOVEMBER 19 2016...

CLIMATE NORMAL PERIOD 1981 TO 2010
CLIMATE RECORD PERIOD 1893 TO 2016


WEATHER ITEM   OBSERVED TIME   RECORD YEAR NORMAL DEPARTURE LAST
                VALUE   (LST)  VALUE       VALUE  FROM      YEAR
                                                  NORMAL
..................................................................
TEMPERATURE (F)
 YESTERDAY
  MAXIMUM         27    411 PM  68    1908  40    -13       40
  MINIMUM         15   1143 PM  -6    1914  21     -6       22
  AVERAGE         21                        30     -9       31

PRECIPITATION (IN)
  YESTERDAY        0.00          1.42 1983   0.05  -0.05     0.00
  MONTH TO DATE    0.42                      0.89  -0.47     2.43
  SINCE SEP 1     11.06                      5.83   5.23     8.57
  SINCE JAN 1     28.92                     25.22   3.70    30.17

SNOWFALL (IN)
  YESTERDAY        0.0           6.5  1948   0.3   -0.3      0.0
  MONTH TO DATE    5.0                       4.0    1.0       T
  SINCE SEP 1      5.0                       5.3   -0.3       T
  SINCE JUL 1      5.0                       5.3   -0.3       T
  SNOW DEPTH       4

DEGREE DAYS
 HEATING
  YESTERDAY       44                        34     10       34
  MONTH TO DATE  338                       554   -216      352
  SINCE SEP 1    791                      1263   -472      791
  SINCE JUL 1    799                      1294   -495      831

 COOLING
  YESTERDAY        0                         0      0        0
  MONTH TO DATE    0                         0      0        0
  SINCE SEP 1     99                        65     34      140
  SINCE JAN 1    879                       690    189      715
..................................................................


WIND (MPH)
  HIGHEST WIND SPEED    17   HIGHEST WIND DIRECTION    NW (310)
  HIGHEST GUST SPEED    22   HIGHEST GUST DIRECTION    NW (310)
  AVERAGE WIND SPEED     6.6


SKY COVER
  POSSIBLE SUNSHINE  MM
  AVERAGE SKY COVER 0.1


WEATHER CONDITIONS
 THE FOLLOWING WEATHER WAS RECORDED YESTERDAY.
  NO SIGNIFICANT WEATHER WAS OBSERVED.


RELATIVE HUMIDITY (PERCENT)
 HIGHEST   100           700 PM
 LOWEST     74          1100 AM
 AVERAGE    87

..........................................................


THE SIOUX FALLS SD CLIMATE NORMALS FOR TODAY
                         NORMAL    RECORD    YEAR
 MAXIMUM TEMPERATURE (F)   40        74      1962
 MINIMUM TEMPERATURE (F)   20        -6      1937
                                             1914


SUNRISE AND SUNSET
NOVEMBER 20 2016......SUNRISE   728 AM CST   SUNSET   457 PM CST
NOVEMBER 21 2016......SUNRISE   729 AM CST   SUNSET   456 PM CST


-  INDICATES NEGATIVE NUMBERS.
R  INDICATES RECORD WAS SET OR TIED.
MM INDICATES DATA IS MISSING.
T  INDICATES TRACE AMOUNT.




$$
