000
CDUS43 KFSD 100653
CLIFSD


CLIMATE REPORT
NATIONAL WEATHER SERVICE SIOUX FALLS SD
152 AM CDT WED AUG 10 2016


...................................

...THE SIOUX FALLS SD CLIMATE SUMMARY FOR AUGUST 9 2016...

CLIMATE NORMAL PERIOD 1981 TO 2010
CLIMATE RECORD PERIOD 1893 TO 2016


WEATHER ITEM   OBSERVED TIME   RECORD YEAR NORMAL DEPARTURE LAST
                VALUE   (LST)  VALUE       VALUE  FROM      YEAR
                                                  NORMAL
..................................................................
TEMPERATURE (F)
 YESTERDAY
  MAXIMUM         90    304 PM 105    1947  83      7       88
  MINIMUM         68    442 AM  42    1927  61      7       62
  AVERAGE         79                        72      7       75

PRECIPITATION (IN)
  YESTERDAY        0.00          3.15 1935   0.10  -0.10     0.02
  MONTH TO DATE    0.01                      0.91  -0.90     0.19
  SINCE JUN 1      4.05                      7.92  -3.87     8.67
  SINCE JAN 1     15.55                     17.25  -1.70    15.22

SNOWFALL (IN)
  YESTERDAY        0.0           0.0    MM   0.0    0.0      0.0
  MONTH TO DATE    0.0                       0.0    0.0      0.0
  SINCE JUN 1      0.0                       0.0    0.0      0.0
  SINCE JUL 1      0.0                       0.0    0.0      0.0
  SNOW DEPTH       0

DEGREE DAYS
 HEATING
  YESTERDAY        0                         0      0        0
  MONTH TO DATE    0                         0      0        0
  SINCE JUN 1     14                        59    -45       15
  SINCE JUL 1      5                         8     -3        6

 COOLING
  YESTERDAY       14                         7      7       10
  MONTH TO DATE   75                        69      6       75
  SINCE JUN 1    586                       460    126      450
  SINCE JAN 1    619                       496    123      472
..................................................................


WIND (MPH)
  HIGHEST WIND SPEED    18   HIGHEST WIND DIRECTION     S (160)
  HIGHEST GUST SPEED    23   HIGHEST GUST DIRECTION     S (170)
  AVERAGE WIND SPEED    10.3


SKY COVER
  POSSIBLE SUNSHINE  MM
  AVERAGE SKY COVER 0.3


WEATHER CONDITIONS
 THE FOLLOWING WEATHER WAS RECORDED YESTERDAY.
  NO SIGNIFICANT WEATHER WAS OBSERVED.


RELATIVE HUMIDITY (PERCENT)
 HIGHEST    93           400 AM
 LOWEST     56           400 PM
 AVERAGE    75

..........................................................


THE SIOUX FALLS SD CLIMATE NORMALS FOR TODAY
                         NORMAL    RECORD    YEAR
 MAXIMUM TEMPERATURE (F)   83       104      1947
 MINIMUM TEMPERATURE (F)   61        40      1904


SUNRISE AND SUNSET
AUGUST 10 2016........SUNRISE   627 AM CDT   SUNSET   837 PM CDT
AUGUST 11 2016........SUNRISE   628 AM CDT   SUNSET   835 PM CDT


-  INDICATES NEGATIVE NUMBERS.
R  INDICATES RECORD WAS SET OR TIED.
MM INDICATES DATA IS MISSING.
T  INDICATES TRACE AMOUNT.




$$
