000
CDUS43 KFSD 210641
CLIFSD


CLIMATE REPORT
NATIONAL WEATHER SERVICE SIOUX FALLS SD
1239 AM CST TUE FEB 21 2017


...................................

...THE SIOUX FALLS SD CLIMATE SUMMARY FOR FEBRUARY 20 2017...

CLIMATE NORMAL PERIOD 1981 TO 2010
CLIMATE RECORD PERIOD 1893 TO 2017


WEATHER ITEM   OBSERVED TIME   RECORD YEAR NORMAL DEPARTURE LAST
                VALUE   (LST)  VALUE       VALUE  FROM      YEAR
                                                  NORMAL
..................................................................
TEMPERATURE (F)
 YESTERDAY
  MAXIMUM         57   1252 PM  65    1981  33     24       45
  MINIMUM         32   1159 PM -19    2008  13     19       29
                                      1918
  AVERAGE         45                        23     22       37

PRECIPITATION (IN)
  YESTERDAY        0.16          0.81 1953   0.02   0.14     0.00
  MONTH TO DATE    0.26                      0.38  -0.12     0.62
  SINCE DEC 1      2.80                      1.63   1.17     2.41
  SINCE JAN 1      0.88                      0.94  -0.06     1.10

SNOWFALL (IN)
  YESTERDAY        0.0           7.1  1953   0.2   -0.2      0.0
  MONTH TO DATE    T                         4.8   -4.8      7.4
  SINCE DEC 1     20.3                      20.7   -0.4     33.4
  SINCE JUL 1     26.3                      29.4   -3.1     50.7
  SNOW DEPTH       0

DEGREE DAYS
 HEATING
  YESTERDAY       20                        42    -22       28
  MONTH TO DATE  672                       897   -225      821
  SINCE DEC 1   3418                      3817   -399     3483
  SINCE JUL 1   4553                      5529   -976     4757

 COOLING
  YESTERDAY        0                         0      0        0
  MONTH TO DATE    0                         0      0        0
  SINCE DEC 1      0                         0      0        0
  SINCE JAN 1      0                         0      0        0
..................................................................


WIND (MPH)
  HIGHEST WIND SPEED    28   HIGHEST WIND DIRECTION    NW (310)
  HIGHEST GUST SPEED    37   HIGHEST GUST DIRECTION    NW (310)
  AVERAGE WIND SPEED    11.1


SKY COVER
  POSSIBLE SUNSHINE  MM
  AVERAGE SKY COVER 0.6


WEATHER CONDITIONS
 THE FOLLOWING WEATHER WAS RECORDED YESTERDAY.
  RAIN
  LIGHT RAIN
  FOG


RELATIVE HUMIDITY (PERCENT)
 HIGHEST   100           700 AM
 LOWEST     71           400 PM
 AVERAGE    86

..........................................................


THE SIOUX FALLS SD CLIMATE NORMALS FOR TODAY
                         NORMAL    RECORD    YEAR
 MAXIMUM TEMPERATURE (F)   33        64      1977
 MINIMUM TEMPERATURE (F)   14       -19      1918


SUNRISE AND SUNSET
FEBRUARY 21 2017......SUNRISE   716 AM CST   SUNSET   606 PM CST
FEBRUARY 22 2017......SUNRISE   714 AM CST   SUNSET   607 PM CST


-  INDICATES NEGATIVE NUMBERS.
R  INDICATES RECORD WAS SET OR TIED.
MM INDICATES DATA IS MISSING.
T  INDICATES TRACE AMOUNT.




$$
