732
CDUS43 KFSD 120635
CLIFSD


CLIMATE REPORT
NATIONAL WEATHER SERVICE SIOUX FALLS SD
134 AM CDT TUE SEP 12 2017


...................................

...THE SIOUX FALLS SD CLIMATE SUMMARY FOR SEPTEMBER 11 2017...

CLIMATE NORMAL PERIOD 1981 TO 2010
CLIMATE RECORD PERIOD 1893 TO 2017


WEATHER ITEM   OBSERVED TIME   RECORD YEAR NORMAL DEPARTURE LAST
                VALUE   (LST)  VALUE       VALUE  FROM      YEAR
                                                  NORMAL
..................................................................
TEMPERATURE (F)
 YESTERDAY
  MAXIMUM         81    352 PM  96    2012  75      6       80
                                      1895
  MINIMUM         61   1146 PM  28    1894  52      9       56
  AVERAGE         71                        63      8       68

PRECIPITATION (IN)
  YESTERDAY        0.00          4.02 1966   0.10  -0.10     0.00
  MONTH TO DATE    0.17                      1.07  -0.90     2.71
  SINCE SEP 1      0.17                      1.07  -0.90     2.71
  SINCE JAN 1     17.76                     20.46  -2.70    20.57

SNOWFALL (IN)
  YESTERDAY        0.0           0.0    MM   0.0    0.0      0.0
  MONTH TO DATE    0.0                       0.0    0.0      0.0
  SINCE SEP 1      0.0                       0.0    0.0      0.0
  SINCE JUL 1      0.0                       0.0    0.0      0.0
  SNOW DEPTH       0

DEGREE DAYS
 HEATING
  YESTERDAY        0                         4     -4        0
  MONTH TO DATE   22                        32    -10        4
  SINCE SEP 1     22                        32    -10        4
  SINCE JUL 1     28                        63    -35       12

 COOLING
  YESTERDAY        6                         3      3        3
  MONTH TO DATE   30                        38     -8       44
  SINCE SEP 1     30                        38     -8       44
  SINCE JAN 1    704                       663     41      824
..................................................................


WIND (MPH)
  HIGHEST WIND SPEED    17   HIGHEST WIND DIRECTION     S (180)
  HIGHEST GUST SPEED    23   HIGHEST GUST DIRECTION     S (180)
  AVERAGE WIND SPEED     6.4


SKY COVER
  POSSIBLE SUNSHINE  MM
  AVERAGE SKY COVER 0.3


WEATHER CONDITIONS
 THE FOLLOWING WEATHER WAS RECORDED YESTERDAY.
  NO SIGNIFICANT WEATHER WAS OBSERVED.


RELATIVE HUMIDITY (PERCENT)
 HIGHEST    93           900 PM
 LOWEST     58          1200 PM
 AVERAGE    76

..........................................................


THE SIOUX FALLS SD CLIMATE NORMALS FOR TODAY
                         NORMAL    RECORD    YEAR
 MAXIMUM TEMPERATURE (F)   75        97      1908
 MINIMUM TEMPERATURE (F)   51        27      1902


SUNRISE AND SUNSET
SEPTEMBER 12 2017.....SUNRISE   703 AM CDT   SUNSET   742 PM CDT
SEPTEMBER 13 2017.....SUNRISE   704 AM CDT   SUNSET   740 PM CDT


-  INDICATES NEGATIVE NUMBERS.
R  INDICATES RECORD WAS SET OR TIED.
MM INDICATES DATA IS MISSING.
T  INDICATES TRACE AMOUNT.




$$
