000
CDUS43 KFSD 210634
CLIFSD


CLIMATE REPORT
NATIONAL WEATHER SERVICE SIOUX FALLS SD
134 AM CDT TUE JUL 21 2015


...................................

...THE SIOUX FALLS SD CLIMATE SUMMARY FOR JULY 20 2015...

CLIMATE NORMAL PERIOD 1981 TO 2010
CLIMATE RECORD PERIOD 1893 TO 2015


WEATHER ITEM   OBSERVED TIME   RECORD YEAR NORMAL DEPARTURE LAST
                VALUE   (LST)  VALUE       VALUE  FROM      YEAR
                                                  NORMAL
..................................................................
TEMPERATURE (F)
 YESTERDAY
  MAXIMUM         81    325 PM 102    1926  84     -3       84
                                      1901
  MINIMUM         59   1147 PM  44    1900  62     -3       67
  AVERAGE         70                        73     -3       76

PRECIPITATION (IN)
  YESTERDAY        0.12          2.22 1907   0.10   0.02     0.00
  MONTH TO DATE    2.11                      2.01   0.10     0.46
  SINCE JUN 1      6.40                      5.93   0.47    14.16
  SINCE JAN 1     12.95                     15.26  -2.31    19.14

SNOWFALL (IN)
  YESTERDAY        0.0           0.0    MM   0.0    0.0      0.0
  MONTH TO DATE    0.0                       0.0    0.0      0.0
  SINCE JUN 1      0.0                       0.0    0.0       T
  SINCE JUL 1      0.0                       0.0    0.0      0.0
  SNOW DEPTH       0

DEGREE DAYS
 HEATING
  YESTERDAY        0                         0      0        0
  MONTH TO DATE    6                         0      6       13
  SINCE JUN 1     15                        51    -36       45
  SINCE JUL 1      6                         0      6       13

 COOLING
  YESTERDAY        5                         9     -4       11
  MONTH TO DATE  140                       167    -27      114
  SINCE JUN 1    279                       302    -23      250
  SINCE JAN 1    301                       338    -37      303
..................................................................


WIND (MPH)
  HIGHEST WIND SPEED    22   HIGHEST WIND DIRECTION    NW (300)
  HIGHEST GUST SPEED    32   HIGHEST GUST DIRECTION    NW (300)
  AVERAGE WIND SPEED     8.7


SKY COVER
  POSSIBLE SUNSHINE  MM
  AVERAGE SKY COVER 0.3


WEATHER CONDITIONS
 THE FOLLOWING WEATHER WAS RECORDED YESTERDAY.
  THUNDERSTORM
  LIGHT RAIN


RELATIVE HUMIDITY (PERCENT)
 HIGHEST    84           700 AM
 LOWEST     42           200 PM
 AVERAGE    63

..........................................................


THE SIOUX FALLS SD CLIMATE NORMALS FOR TODAY
                         NORMAL    RECORD    YEAR
 MAXIMUM TEMPERATURE (F)   84       105      1934
 MINIMUM TEMPERATURE (F)   62        45      1947


SUNRISE AND SUNSET
JULY 21 2015..........SUNRISE   605 AM CDT   SUNSET   901 PM CDT
JULY 22 2015..........SUNRISE   606 AM CDT   SUNSET   900 PM CDT


-  INDICATES NEGATIVE NUMBERS.
R  INDICATES RECORD WAS SET OR TIED.
MM INDICATES DATA IS MISSING.
T  INDICATES TRACE AMOUNT.




$$
