000
CDUS43 KFSD 091242
CLIFSD


CLIMATE REPORT
NATIONAL WEATHER SERVICE SIOUX FALLS SD
740 AM CDT SUN APR 9 2017


...................................

...THE SIOUX FALLS SD CLIMATE SUMMARY FOR APRIL 8 2017...

CLIMATE NORMAL PERIOD 1981 TO 2010
CLIMATE RECORD PERIOD 1893 TO 2017


WEATHER ITEM   OBSERVED TIME   RECORD YEAR NORMAL DEPARTURE LAST
                VALUE   (LST)  VALUE       VALUE  FROM      YEAR
                                                  NORMAL
..................................................................
TEMPERATURE (F)
 YESTERDAY
  MAXIMUM         81    353 PM  85    1988  55     26       43
  MINIMUM         50    655 AM   8    1997  31     19       19
  AVERAGE         66                        43     23       31

PRECIPITATION (IN)
  YESTERDAY        0.00          1.16 1999   0.10  -0.10     0.00
  MONTH TO DATE    0.09                      0.72  -0.63     0.09
  SINCE MAR 1      0.63                      2.48  -1.85     2.18
  SINCE JAN 1      1.74                      3.64  -1.90     3.86

SNOWFALL (IN)
  YESTERDAY        0.0           2.6  1962   0.2   -0.2      0.0
  MONTH TO DATE    0.0                       1.6   -1.6       T
  SINCE MAR 1      8.0                      10.0   -2.0     12.2
  SINCE JUL 1     39.4                      41.5   -2.1     68.5
  SNOW DEPTH       0

DEGREE DAYS
 HEATING
  YESTERDAY        0                        22    -22       34
  MONTH TO DATE  111                       188    -77      189
  SINCE MAR 1   1021                      1183   -162      953
  SINCE JUL 1   5827                      7033  -1206     5989

 COOLING
  YESTERDAY        1                         0      1        0
  MONTH TO DATE    1                         0      1        0
  SINCE MAR 1      1                         0      1        0
  SINCE JAN 1      1                         0      1        0
..................................................................


WIND (MPH)
  HIGHEST WIND SPEED    22   HIGHEST WIND DIRECTION     S (180)
  HIGHEST GUST SPEED    29   HIGHEST GUST DIRECTION     S (180)
  AVERAGE WIND SPEED    11.5


SKY COVER
  POSSIBLE SUNSHINE  MM
  AVERAGE SKY COVER 0.7


WEATHER CONDITIONS
 THE FOLLOWING WEATHER WAS RECORDED YESTERDAY.
  HAZE


RELATIVE HUMIDITY (PERCENT)
 HIGHEST    71           600 AM
 LOWEST     30           400 PM
 AVERAGE    51

..........................................................


THE SIOUX FALLS SD CLIMATE NORMALS FOR TODAY
                         NORMAL    RECORD    YEAR
 MAXIMUM TEMPERATURE (F)   56        88      1977
 MINIMUM TEMPERATURE (F)   32        10      1997


SUNRISE AND SUNSET
APRIL  9 2017.........SUNRISE   654 AM CDT   SUNSET   804 PM CDT
APRIL 10 2017.........SUNRISE   652 AM CDT   SUNSET   805 PM CDT


-  INDICATES NEGATIVE NUMBERS.
R  INDICATES RECORD WAS SET OR TIED.
MM INDICATES DATA IS MISSING.
T  INDICATES TRACE AMOUNT.




$$
