000
CDUS43 KFSD 081302
CLIFSD


CLIMATE REPORT
NATIONAL WEATHER SERVICE SIOUX FALLS SD
801 AM CDT SUN MAY 8 2016


...................................

...THE SIOUX FALLS SD CLIMATE SUMMARY FOR MAY 7 2016...

CLIMATE NORMAL PERIOD 1981 TO 2010
CLIMATE RECORD PERIOD 1893 TO 2016


WEATHER ITEM   OBSERVED TIME   RECORD YEAR NORMAL DEPARTURE LAST
                VALUE   (LST)  VALUE       VALUE  FROM      YEAR
                                                  NORMAL
..................................................................
TEMPERATURE (F)
 YESTERDAY
  MAXIMUM         67    543 PM  92    1916  67      0       72
  MINIMUM         46   1047 PM  26    1991  43      3       51
  AVERAGE         57                        55      2       62

PRECIPITATION (IN)
  YESTERDAY        T             1.87 1993   0.10  -0.10     0.03
  MONTH TO DATE    0.06                      0.75  -0.69     0.23
  SINCE MAR 1      6.77                      5.52   1.25     1.56
  SINCE JAN 1      8.45                      6.68   1.77     2.78

SNOWFALL (IN)
  YESTERDAY        0.0           T    1938   0.0    0.0      0.0
  MONTH TO DATE    0.0                       0.3   -0.3      0.0
  SINCE MAR 1     12.2                      13.3   -1.1      1.7
  SINCE JUL 1     68.5                      44.8   23.7     31.9
  SNOW DEPTH       0

DEGREE DAYS
 HEATING
  YESTERDAY        8                        10     -2        3
  MONTH TO DATE   69                        79    -10       20
  SINCE MAR 1   1315                      1636   -321     1271
  SINCE JUL 1   6351                      7486  -1135     7020

 COOLING
  YESTERDAY        0                         1     -1        0
  MONTH TO DATE    6                         3      3        6
  SINCE MAR 1      6                         8     -2       10
  SINCE JAN 1      6                         8     -2       10
..................................................................


WIND (MPH)
  HIGHEST WIND SPEED    21   HIGHEST WIND DIRECTION    NE (40)
  HIGHEST GUST SPEED    27   HIGHEST GUST DIRECTION    NE (40)
  AVERAGE WIND SPEED     7.8


SKY COVER
  POSSIBLE SUNSHINE  MM
  AVERAGE SKY COVER 0.8


WEATHER CONDITIONS
 THE FOLLOWING WEATHER WAS RECORDED YESTERDAY.
  THUNDERSTORM
  LIGHT RAIN


RELATIVE HUMIDITY (PERCENT)
 HIGHEST    66          1000 PM
 LOWEST     40           200 PM
 AVERAGE    53

..........................................................


THE SIOUX FALLS SD CLIMATE NORMALS FOR TODAY
                         NORMAL    RECORD    YEAR
 MAXIMUM TEMPERATURE (F)   68        96      1934
 MINIMUM TEMPERATURE (F)   43        26      1980


SUNRISE AND SUNSET
MAY  8 2016...........SUNRISE   610 AM CDT   SUNSET   838 PM CDT
MAY  9 2016...........SUNRISE   608 AM CDT   SUNSET   839 PM CDT


-  INDICATES NEGATIVE NUMBERS.
R  INDICATES RECORD WAS SET OR TIED.
MM INDICATES DATA IS MISSING.
T  INDICATES TRACE AMOUNT.




$$
