433
CDUS43 KFSD 140635
CLIFSD


CLIMATE REPORT
NATIONAL WEATHER SERVICE SIOUX FALLS SD
134 AM CDT MON AUG 14 2017


...................................

...THE SIOUX FALLS SD CLIMATE SUMMARY FOR AUGUST 13 2017...

CLIMATE NORMAL PERIOD 1981 TO 2010
CLIMATE RECORD PERIOD 1893 TO 2017


WEATHER ITEM   OBSERVED TIME   RECORD YEAR NORMAL DEPARTURE LAST
                VALUE   (LST)  VALUE       VALUE  FROM      YEAR
                                                  NORMAL
..................................................................
TEMPERATURE (F)
 YESTERDAY
  MAXIMUM         73    614 PM 101    1965  82     -9       83
  MINIMUM         62   1159 PM  37    1964  60      2       59
  AVERAGE         68                        71     -3       71

PRECIPITATION (IN)
  YESTERDAY        0.07          1.40 1909   0.10  -0.03     0.00
  MONTH TO DATE    0.82                      1.31  -0.49     1.49
  SINCE JUN 1      5.24                      8.32  -3.08     5.53
  SINCE JAN 1     12.99                     17.65  -4.66    17.03

SNOWFALL (IN)
  YESTERDAY        0.0           0.0    MM   0.0    0.0      0.0
  MONTH TO DATE    0.0                       0.0    0.0      0.0
  SINCE JUN 1      0.0                       0.0    0.0      0.0
  SINCE JUL 1      0.0                       0.0    0.0      0.0
  SNOW DEPTH       0

DEGREE DAYS
 HEATING
  YESTERDAY        0                         0      0        0
  MONTH TO DATE    6                         0      6        0
  SINCE JUN 1     32                        59    -27       14
  SINCE JUL 1      6                         8     -2        5

 COOLING
  YESTERDAY        3                         7     -4        6
  MONTH TO DATE   38                        97    -59      119
  SINCE JUN 1    573                       488     85      630
  SINCE JAN 1    599                       524     75      663
..................................................................


WIND (MPH)
  HIGHEST WIND SPEED    18   HIGHEST WIND DIRECTION     S (170)
  HIGHEST GUST SPEED    22   HIGHEST GUST DIRECTION     S (170)
  AVERAGE WIND SPEED     7.1


SKY COVER
  POSSIBLE SUNSHINE  MM
  AVERAGE SKY COVER 0.8


WEATHER CONDITIONS
 THE FOLLOWING WEATHER WAS RECORDED YESTERDAY.
  THUNDERSTORM
  RAIN
  LIGHT RAIN
  FOG


RELATIVE HUMIDITY (PERCENT)
 HIGHEST   100          1000 PM
 LOWEST     73          1200 AM
 AVERAGE    87

..........................................................


THE SIOUX FALLS SD CLIMATE NORMALS FOR TODAY
                         NORMAL    RECORD    YEAR
 MAXIMUM TEMPERATURE (F)   82        99      1970
 MINIMUM TEMPERATURE (F)   60        43      2004


SUNRISE AND SUNSET
AUGUST 14 2017........SUNRISE   631 AM CDT   SUNSET   831 PM CDT
AUGUST 15 2017........SUNRISE   632 AM CDT   SUNSET   830 PM CDT


-  INDICATES NEGATIVE NUMBERS.
R  INDICATES RECORD WAS SET OR TIED.
MM INDICATES DATA IS MISSING.
T  INDICATES TRACE AMOUNT.




$$
