000
CDUS43 KFSD 060700
CLIFSD


CLIMATE REPORT
NATIONAL WEATHER SERVICE SIOUX FALLS SD
159 AM CDT THU APR 6 2017


...................................

...THE SIOUX FALLS SD CLIMATE SUMMARY FOR APRIL 5 2017...

CLIMATE NORMAL PERIOD 1981 TO 2010
CLIMATE RECORD PERIOD 1893 TO 2017


WEATHER ITEM   OBSERVED TIME   RECORD YEAR NORMAL DEPARTURE LAST
                VALUE   (LST)  VALUE       VALUE  FROM      YEAR
                                                  NORMAL
..................................................................
TEMPERATURE (F)
 YESTERDAY
  MAXIMUM         58    354 PM  87    1991  53      5       63
  MINIMUM         33    309 AM  11    1982  30      3       37
                                      1926
  AVERAGE         46                        42      4       50

PRECIPITATION (IN)
  YESTERDAY        T             1.13 1999   0.09  -0.09     0.04
  MONTH TO DATE    0.09                      0.44  -0.35     0.04
  SINCE MAR 1      0.63                      2.20  -1.57     2.13
  SINCE JAN 1      1.74                      3.36  -1.62     3.81

SNOWFALL (IN)
  YESTERDAY        0.0           5.0  1938   0.2   -0.2      0.0
  MONTH TO DATE    0.0                       1.0   -1.0       T
  SINCE MAR 1      8.0                       9.4   -1.4     12.2
  SINCE JUL 1     39.4                      40.9   -1.5     68.5
  SNOW DEPTH       0

DEGREE DAYS
 HEATING
  YESTERDAY       19                        23     -4       15
  MONTH TO DATE   74                       121    -47      104
  SINCE MAR 1    984                      1116   -132      868
  SINCE JUL 1   5790                      6966  -1176     5904

 COOLING
  YESTERDAY        0                         0      0        0
  MONTH TO DATE    0                         0      0        0
  SINCE MAR 1      0                         0      0        0
  SINCE JAN 1      0                         0      0        0
..................................................................


WIND (MPH)
  HIGHEST WIND SPEED    28   HIGHEST WIND DIRECTION    NE (30)
  HIGHEST GUST SPEED    35   HIGHEST GUST DIRECTION     N (360)
  AVERAGE WIND SPEED     7.8


SKY COVER
  POSSIBLE SUNSHINE  MM
  AVERAGE SKY COVER 0.6


WEATHER CONDITIONS
 THE FOLLOWING WEATHER WAS RECORDED YESTERDAY.
  NO SIGNIFICANT WEATHER WAS OBSERVED.


RELATIVE HUMIDITY (PERCENT)
 HIGHEST    89           300 AM
 LOWEST     39           300 PM
 AVERAGE    64

..........................................................


THE SIOUX FALLS SD CLIMATE NORMALS FOR TODAY
                         NORMAL    RECORD    YEAR
 MAXIMUM TEMPERATURE (F)   54        88      1991
 MINIMUM TEMPERATURE (F)   31         5      1982


SUNRISE AND SUNSET
APRIL  6 2017.........SUNRISE   659 AM CDT   SUNSET   800 PM CDT
APRIL  7 2017.........SUNRISE   658 AM CDT   SUNSET   801 PM CDT


-  INDICATES NEGATIVE NUMBERS.
R  INDICATES RECORD WAS SET OR TIED.
MM INDICATES DATA IS MISSING.
T  INDICATES TRACE AMOUNT.




$$
