000
CDUS43 KFSD 052222
CLIFSD


CLIMATE REPORT
NATIONAL WEATHER SERVICE SIOUX FALLS SD
520 PM CDT FRI MAY 5 2017


...................................

...THE SIOUX FALLS SD CLIMATE SUMMARY FOR MAY 5 2017...
VALID TODAY AS OF 0500 PM LOCAL TIME.

CLIMATE NORMAL PERIOD 1981 TO 2010
CLIMATE RECORD PERIOD 1893 TO 2017


WEATHER ITEM   OBSERVED TIME   RECORD YEAR NORMAL DEPARTURE LAST
                VALUE   (LST)  VALUE       VALUE  FROM      YEAR
                                                  NORMAL
..................................................................
TEMPERATURE (F)
 TODAY
  MAXIMUM         78    358 PM  94    1909  67     11       76
  MINIMUM         39    521 AM  23    1968  42     -3       38
                                      1954
                                      1944
  AVERAGE         59                        54      5       57

PRECIPITATION (IN)
  TODAY            0.00          1.68 1942   0.11  -0.11     0.00
  MONTH TO DATE    0.54                      0.54   0.00     0.06
  SINCE MAR 1      3.95                      5.31  -1.36     6.77
  SINCE JAN 1      5.06                      6.47  -1.41     8.45

SNOWFALL (IN)
  TODAY            0.0           3.0  1944   0.0    0.0      0.0
  MONTH TO DATE    2.2                       0.2    2.0      0.0
  SINCE MAR 1     11.5                      13.2   -1.7     12.2
  SINCE JUL 1     42.9                      44.7   -1.8     68.5
  SNOW DEPTH       0

DEGREE DAYS
 HEATING
  TODAY            6                        11     -5        8
  MONTH TO DATE   70                        58     12       61
  SINCE MAR 1   1454                      1615   -161     1307
  SINCE JUL 1   6260                      7465  -1205     6343

 COOLING
  TODAY            0                         1     -1        0
  MONTH TO DATE    0                         1     -1        0
  SINCE MAR 1      1                         6     -5        0
  SINCE JAN 1      1                         6     -5        0
..................................................................


WIND (MPH)
  HIGHEST WIND SPEED    15   HIGHEST WIND DIRECTION    NW (300)
  HIGHEST GUST SPEED    21   HIGHEST GUST DIRECTION    NW (300)
  AVERAGE WIND SPEED     5.7


SKY COVER
  POSSIBLE SUNSHINE  MM
  AVERAGE SKY COVER 0.2


WEATHER CONDITIONS
 THE FOLLOWING WEATHER WAS RECORDED TODAY.
  NO SIGNIFICANT WEATHER WAS OBSERVED.


RELATIVE HUMIDITY (PERCENT)
 HIGHEST   100           300 AM
 LOWEST     29          1200 PM
 AVERAGE    65

..........................................................


THE SIOUX FALLS SD CLIMATE NORMALS FOR TOMORROW
                         NORMAL    RECORD    YEAR
 MAXIMUM TEMPERATURE (F)   67        89      1934
 MINIMUM TEMPERATURE (F)   43        25      1976
                                             1931


SUNRISE AND SUNSET
MAY  5 2017...........SUNRISE   614 AM CDT   SUNSET   834 PM CDT
MAY  6 2017...........SUNRISE   612 AM CDT   SUNSET   835 PM CDT


-  INDICATES NEGATIVE NUMBERS.
R  INDICATES RECORD WAS SET OR TIED.
MM INDICATES DATA IS MISSING.
T  INDICATES TRACE AMOUNT.




$$
