000
CDUS43 KFSD 242227
CLIFSD


CLIMATE REPORT
NATIONAL WEATHER SERVICE SIOUX FALLS SD
526 PM CDT WED SEP 24 2014


...................................

...THE SIOUX FALLS SD CLIMATE SUMMARY FOR SEPTEMBER 24 2014...
VALID TODAY AS OF 0500 PM LOCAL TIME.

CLIMATE NORMAL PERIOD 1981 TO 2010
CLIMATE RECORD PERIOD 1893 TO 2014


WEATHER ITEM   OBSERVED TIME   RECORD YEAR NORMAL DEPARTURE LAST
                VALUE   (LST)  VALUE       VALUE  FROM      YEAR
                                                  NORMAL
..................................................................
TEMPERATURE (F)
 TODAY
  MAXIMUM         77    359 PM  89    1935  70      7       75
  MINIMUM         57    654 AM  27    1942  45     12       53
  AVERAGE         67                        58      9       64

PRECIPITATION (IN)
  TODAY            0.00          1.51 2005   0.10  -0.10     0.00
  MONTH TO DATE    2.06                      2.26  -0.20     0.29
  SINCE SEP 1      2.06                      2.26  -0.20     0.29
  SINCE JAN 1     26.49                     21.65   4.84    20.71

SNOWFALL (IN)
  TODAY            0.0           0.0    MM   0.0    0.0      0.0
  MONTH TO DATE    0.0                       0.0    0.0      0.0
  SINCE SEP 1      0.0                       0.0    0.0      0.0
  SINCE JUL 1      T                         0.0    0.0      0.0
  SNOW DEPTH       0

DEGREE DAYS
 HEATING
  TODAY            0                         8     -8        1
  MONTH TO DATE  122                       114      8       55
  SINCE SEP 1    122                       114      8       55
  SINCE JUL 1    140                       145     -5       89

 COOLING
  TODAY            2                         1      1        0
  MONTH TO DATE   39                        57    -18      111
  SINCE SEP 1     39                        57    -18      111
  SINCE JAN 1    590                       682    -92      765
..................................................................


WIND (MPH)        200 AM
 LOWEST     60           200 PM
 AVERAGE    74

..........................................................


THE SIOUX FALLS SD CLIMATE NORMALS FOR TOMORROW
                         NORMAL    RECORD    YEAR
 MAXIMUM TEMPERATURE (F)   69        92      1967
                                             1956
 MINIMUM TEMPERATURE (F)   45        19      1893


SUNRISE AND SUNSET
SEPTEMBER 24 2014.....SUNRISE   716 AM CDT   SUNSET   721 PM CDT
SEPTEMBER 25 2014.....SUNRISE   718 AM CDT   SUNSET   719 PM CDT


  HIGHEST WIND SPEED    20   HIGHEST WIND DIRECTION     S (170)
  HIGHEST GUST SPEED    23   HIGHEST GUST DIRECTION     S (170)
  AVERAGE WIND SPEED    11.4


SKY COVER
  POSSIBLE SUNSHINE  MM
  AVERAGE SKY COVER 0.5


WEATHER CONDITIONS
 THE FOLLOWING WEATHER WAS RECORDED TODAY.
  LIGHT RAIN


RELATIVE HUMIDITY (PERCENT)
 HIGHEST    87
-  INDICATES NEGATIVE NUMBERS.
R  INDICATES RECORD WAS SET OR TIED.
MM INDICATES DATA IS MISSING.
T  INDICATES TRACE AMOUNT.




$$
