282
CDUS43 KFSD 142224
CLIFSD


CLIMATE REPORT
NATIONAL WEATHER SERVICE SIOUX FALLS SD
523 PM CDT FRI APR 14 2017


...................................

...THE SIOUX FALLS SD CLIMATE SUMMARY FOR APRIL 14 2017...
VALID TODAY AS OF 0500 PM LOCAL TIME.

CLIMATE NORMAL PERIOD 1981 TO 2010
CLIMATE RECORD PERIOD 1893 TO 2017


WEATHER ITEM   OBSERVED TIME   RECORD YEAR NORMAL DEPARTURE LAST
                VALUE   (LST)  VALUE       VALUE  FROM      YEAR
                                                  NORMAL
..................................................................
TEMPERATURE (F)
 TODAY
  MAXIMUM         69    205 PM  91    1954  58     11       76
  MINIMUM         51    421 AM  11    1928  34     17       52
  AVERAGE         60                        46     14       64

PRECIPITATION (IN)
  TODAY            T             1.45 1919   0.10  -0.10     0.00
  MONTH TO DATE    0.28                      1.33  -1.05     0.09
  SINCE MAR 1      0.82                      3.09  -2.27     2.18
  SINCE JAN 1      1.93                      4.25  -2.32     3.86

SNOWFALL (IN)
  TODAY            0.0           2.4  1983   0.2   -0.2      0.0
  MONTH TO DATE    T                         2.7   -2.7       T
  SINCE MAR 1      8.0                      11.1   -3.1     12.2
  SINCE JUL 1     39.4                      42.6   -3.2     68.5
  SNOW DEPTH       0

DEGREE DAYS
 HEATING
  TODAY            5                        19    -14        1
  MONTH TO DATE  201                       310   -109      289
  SINCE MAR 1   1111                      1305   -194     1053
  SINCE JUL 1   5917                      7155  -1238     6089

 COOLING
  TODAY            0                         0      0        0
  MONTH TO DATE    1                         0      1        0
  SINCE MAR 1      1                         0      1        0
  SINCE JAN 1      1                         0      1        0
..................................................................


WIND (MPH)
  HIGHEST WIND SPEED    25   HIGHEST WIND DIRECTION     S (160)
  HIGHEST GUST SPEED    32   HIGHEST GUST DIRECTION     S (160)
  AVERAGE WIND SPEED    14.5


SKY COVER
  POSSIBLE SUNSHINE  MM
  AVERAGE SKY COVER 0.8


WEATHER CONDITIONS
 THE FOLLOWING WEATHER WAS RECORDED TODAY.
  LIGHT RAIN
  FOG


RELATIVE HUMIDITY (PERCENT)
 HIGHEST   100           500 AM
 LOWEST     68          1100 AM
 AVERAGE    84

..........................................................


THE SIOUX FALLS SD CLIMATE NORMALS FOR TOMORROW
                         NORMAL    RECORD    YEAR
 MAXIMUM TEMPERATURE (F)   59        89      2002
 MINIMUM TEMPERATURE (F)   34        11      2014


SUNRISE AND SUNSET
APRIL 14 2017.........SUNRISE   646 AM CDT   SUNSET   809 PM CDT
APRIL 15 2017.........SUNRISE   644 AM CDT   SUNSET   811 PM CDT


-  INDICATES NEGATIVE NUMBERS.
R  INDICATES RECORD WAS SET OR TIED.
MM INDICATES DATA IS MISSING.
T  INDICATES TRACE AMOUNT.




$$
