000
CDUS43 KFSD 010656
CLIFSD


CLIMATE REPORT
NATIONAL WEATHER SERVICE SIOUX FALLS SD
155 AM CDT SUN OCT 1 2017


...................................

...THE SIOUX FALLS SD CLIMATE SUMMARY FOR SEPTEMBER 30 2017...

CLIMATE NORMAL PERIOD 1981 TO 2010
CLIMATE RECORD PERIOD 1893 TO 2017


WEATHER ITEM   OBSERVED TIME   RECORD YEAR NORMAL DEPARTURE LAST
                VALUE   (LST)  VALUE       VALUE  FROM      YEAR
                                                  NORMAL
..................................................................
TEMPERATURE (F)
 YESTERDAY
  MAXIMUM         72    157 PM  90    1976  67      5       75
                                      1952
  MINIMUM         53    210 AM  20    1895  42     11       41
  AVERAGE         63                        55      8       58

PRECIPITATION (IN)
  YESTERDAY        0.05          2.71 1977   0.08  -0.03     0.00
  MONTH TO DATE    1.62                      2.77  -1.15     7.55
  SINCE SEP 1      1.62                      2.77  -1.15     7.55
  SINCE JAN 1     19.21                     22.16  -2.95    25.41

SNOWFALL (IN)
  YESTERDAY        0.0           T    1985   0.0    0.0      0.0
                                      1961
                                      1947
  MONTH TO DATE    0.0                       T      0.0      0.0
  SINCE SEP 1      0.0                       T      0.0      0.0
  SINCE JUL 1      0.0                       T      0.0      0.0
  SNOW DEPTH       0

DEGREE DAYS
 HEATING
  YESTERDAY        2                        11     -9        7
  MONTH TO DATE   86                       173    -87       70
  SINCE SEP 1     86                       173    -87       70
  SINCE JUL 1     92                       204   -112       78

 COOLING
  YESTERDAY        0                         0      0        0
  MONTH TO DATE   98                        60     38       97
  SINCE SEP 1     98                        60     38       97
  SINCE JAN 1    772                       685     87      877
..................................................................


WIND (MPH)
  HIGHEST WIND SPEED    26   HIGHEST WIND DIRECTION     S (160)
  HIGHEST GUST SPEED    35   HIGHEST GUST DIRECTION     S (170)
  AVERAGE WIND SPEED    12.5


SKY COVER
  POSSIBLE SUNSHINE  MM
  AVERAGE SKY COVER 0.8


WEATHER CONDITIONS
 THE FOLLOWING WEATHER WAS RECORDED YESTERDAY.
  THUNDERSTORM
  LIGHT RAIN


RELATIVE HUMIDITY (PERCENT)
 HIGHEST    78           400 PM
 LOWEST     53           100 PM
 AVERAGE    66

..........................................................


THE SIOUX FALLS SD CLIMATE NORMALS FOR TODAY
                         NORMAL    RECORD    YEAR
 MAXIMUM TEMPERATURE (F)   67        91      1963
 MINIMUM TEMPERATURE (F)   42        23      1974


SUNRISE AND SUNSET
OCTOBER  1 2017.......SUNRISE   725 AM CDT   SUNSET   707 PM CDT
OCTOBER  2 2017.......SUNRISE   726 AM CDT   SUNSET   706 PM CDT


-  INDICATES NEGATIVE NUMBERS.
R  INDICATES RECORD WAS SET OR TIED.
MM INDICATES DATA IS MISSING.
T  INDICATES TRACE AMOUNT.




$$
