000
CDUS43 KFSD 102226
CLIFSD


CLIMATE REPORT
NATIONAL WEATHER SERVICE SIOUX FALLS SD
523 PM CDT SUN APR 10 2016


...................................

...THE SIOUX FALLS SD CLIMATE SUMMARY FOR APRIL 10 2016...
VALID TODAY AS OF 0500 PM LOCAL TIME.

CLIMATE NORMAL PERIOD 1981 TO 2010
CLIMATE RECORD PERIOD 1893 TO 2016


WEATHER ITEM   OBSERVED TIME   RECORD YEAR NORMAL DEPARTURE LAST
                VALUE   (LST)  VALUE       VALUE  FROM      YEAR
                                                  NORMAL
..................................................................
TEMPERATURE (F)
 TODAY
  MAXIMUM         61    346 PM  83    1977  56      5       59
                                      1930
                                      1910
  MINIMUM         35    424 AM  18    1989  32      3       33
  AVERAGE         48                        44      4       46

PRECIPITATION (IN)
  TODAY            0.00          1.72 1929   0.10  -0.10     0.00
  MONTH TO DATE    0.09                      0.92  -0.83     0.54
  SINCE MAR 1      2.18                      2.68  -0.50     0.87
  SINCE JAN 1      3.86                      3.84   0.02     2.09

SNOWFALL (IN)
  TODAY            0.0          10.0  1929   0.1   -0.1      0.0
  MONTH TO DATE    T                         1.9   -1.9       T
  SINCE MAR 1     12.2                      10.3    1.9      1.7
  SINCE JUL 1     68.5                      41.8   26.7     31.9
  SNOW DEPTH       0

DEGREE DAYS
 HEATING
  TODAY           17                        21     -4       19
  MONTH TO DATE  235                       230      5      183
  SINCE MAR 1    999                      1225   -226     1003
  SINCE JUL 1   6035                      7075  -1040     6752

 COOLING
  TODAY            0                         0      0        0
  MONTH TO DATE    0                         0      0        4
  SINCE MAR 1      0                         0      0        4
  SINCE JAN 1      0                         0      0        4
..................................................................


WIND (MPH)
  HIGHEST WIND SPEED    23   HIGHEST WIND DIRECTION    NW (310)
  HIGHEST GUST SPEED    30   HIGHEST GUST DIRECTION    NW (320)
  AVERAGE WIND SPEED    10.8


SKY COVER
  POSSIBLE SUNSHINE  MM
  AVERAGE SKY COVER 0.6


WEATHER CONDITIONS
 THE FOLLOWING WEATHER WAS RECORDED TODAY.
  NO SIGNIFICANT WEATHER WAS OBSERVED.


RELATIVE HUMIDITY (PERCENT)
 HIGHEST    70           400 AM
 LOWEST     33           300 PM
 AVERAGE    52

..........................................................


THE SIOUX FALLS SD CLIMATE NORMALS FOR TOMORROW
                         NORMAL    RECORD    YEAR
 MAXIMUM TEMPERATURE (F)   57        88      1985
 MINIMUM TEMPERATURE (F)   33        11      1940


SUNRISE AND SUNSET
APRIL 10 2016.........SUNRISE   652 AM CDT   SUNSET   805 PM CDT
APRIL 11 2016.........SUNRISE   650 AM CDT   SUNSET   806 PM CDT


-  INDICATES NEGATIVE NUMBERS.
R  INDICATES RECORD WAS SET OR TIED.
MM INDICATES DATA IS MISSING.
T  INDICATES TRACE AMOUNT.




$$
