000
CDUS43 KFSD 162224
CLIFSD


CLIMATE REPORT
NATIONAL WEATHER SERVICE SIOUX FALLS SD
523 PM CDT WED JUL 16 2014


...................................

...THE SIOUX FALLS SD CLIMATE SUMMARY FOR JULY 16 2014...
VALID TODAY AS OF 0500 PM LOCAL TIME.

CLIMATE NORMAL PERIOD 1981 TO 2010
CLIMATE RECORD PERIOD 1893 TO 2014


WEATHER ITEM   OBSERVED TIME   RECORD YEAR NORMAL DEPARTURE LAST
                VALUE   (LST)  VALUE       VALUE  FROM      YEAR
                                                  NORMAL
..................................................................
TEMPERATURE (F)
 TODAY
  MAXIMUM         77    255 PM 105    1926  84     -7       89
  MINIMUM         47    418 AM  46    1896  62    -15       70
  AVERAGE         62                        73    -11       80

PRECIPITATION (IN)
  TODAY            0.00          1.64 1915   0.10  -0.10     0.00
  MONTH TO DATE    0.46                      1.63  -1.17     0.31
  SINCE JUN 1     14.16                      5.55   8.61     4.59
  SINCE JAN 1     19.14                     14.88   4.26    16.90

SNOWFALL (IN)
  TODAY            0.0           0.0    MM   0.0    0.0      0.0
  MONTH TO DATE    0.0                       0.0    0.0      0.0
  SINCE JUN 1      T                         0.0    0.0      0.0
  SINCE JUL 1      0.0                       0.0    0.0      0.0
  SNOW DEPTH       0

DEGREE DAYS
 HEATING
  TODAY            3                         0      3        0
  MONTH TO DATE   14                         0     14        0
  SINCE JUN 1     46                        51     -5       69
  SINCE JUL 1     14                         0     14        0

 COOLING
  TODAY            0                         9     -9       15
  MONTH TO DATE   92                       131    -39      155
  SINCE JUN 1    228                       266    -38      291
  SINCE JAN 1    281                       302    -21      333
..................................................................


WIND (MPH)
  HIGHEST WIND SPEED    10   HIGHEST WIND DIRECTION     N (360)
  HIGHEST GUST SPEED    14   HIGHEST GUST DIRECTION     N (360)
  AVERAGE WIND SPEED     1.2


SKY COVER
  POSSIBLE SUNSHINE  MM
  AVERAGE SKY COVER 0.4


WEATHER CONDITIONS
 THE FOLLOWING WEATHER WAS RECORDED TODAY.
  FOG


RELATIVE HUMIDITY (PERCENT)
 HIGHEST    93           400 AM
 LOWEST     41          1200 PM
 AVERAGE    67

..........................................................


THE SIOUX FALLS SD CLIMATE NORMALS FOR TOMORROW
                         NORMAL    RECORD    YEAR
 MAXIMUM TEMPERATURE (F)   84       110      1936
 MINIMUM TEMPERATURE (F)   62        44      1900


SUNRISE AND SUNSET
JULY 16 2014..........SUNRISE   600 AM CDT   SUNSET   905 PM CDT
JULY 17 2014..........SUNRISE   601 AM CDT   SUNSET   904 PM CDT


-  INDICATES NEGATIVE NUMBERS.
R  INDICATES RECORD WAS SET OR TIED.
MM INDICATES DATA IS MISSING.
T  INDICATES TRACE AMOUNT.




$$
