000
CDUS43 KFSD 212219
CLIFSD


CLIMATE REPORT
NATIONAL WEATHER SERVICE SIOUX FALLS SD
518 PM CDT FRI APR 21 2017


...................................

...THE SIOUX FALLS SD CLIMATE SUMMARY FOR APRIL 21 2017...
VALID TODAY AS OF 0500 PM LOCAL TIME.

CLIMATE NORMAL PERIOD 1981 TO 2010
CLIMATE RECORD PERIOD 1893 TO 2017


WEATHER ITEM   OBSERVED TIME   RECORD YEAR NORMAL DEPARTURE LAST
                VALUE   (LST)  VALUE       VALUE  FROM      YEAR
                                                  NORMAL
..................................................................
TEMPERATURE (F)
 TODAY
  MAXIMUM         62    332 PM  93    1980  61      1       69
  MINIMUM         33    602 AM  17    1927  37     -4       44
  AVERAGE         48                        49     -1       57

PRECIPITATION (IN)
  TODAY            0.00          1.13 1952   0.11  -0.11     0.06
  MONTH TO DATE    1.20                      2.07  -0.87     1.82
  SINCE MAR 1      1.74                      3.83  -2.09     3.91
  SINCE JAN 1      2.85                      4.99  -2.14     5.59

SNOWFALL (IN)
  TODAY            0.0           3.6  1988   0.1   -0.1      0.0
  MONTH TO DATE    T                         3.8   -3.8       T
  SINCE MAR 1      8.0                      12.2   -4.2     12.2
  SINCE JUL 1     39.4                      43.7   -4.3     68.5
  SNOW DEPTH       0

DEGREE DAYS
 HEATING
  TODAY           17                        16      1        8
  MONTH TO DATE  293                       433   -140      344
  SINCE MAR 1   1203                      1428   -225     1108
  SINCE JUL 1   6009                      7278  -1269     6144

 COOLING
  TODAY            0                         0      0        0
  MONTH TO DATE    1                         0      1        0
  SINCE MAR 1      1                         0      1        0
  SINCE JAN 1      1                         0      1        0
..................................................................


WIND (MPH)
  HIGHEST WIND SPEED    14   HIGHEST WIND DIRECTION    NE (40)
  HIGHEST GUST SPEED    17   HIGHEST GUST DIRECTION    NE (40)
  AVERAGE WIND SPEED     4.1


SKY COVER
  POSSIBLE SUNSHINE  MM
  AVERAGE SKY COVER 0.5


WEATHER CONDITIONS
 THE FOLLOWING WEATHER WAS RECORDED TODAY.
  FOG


RELATIVE HUMIDITY (PERCENT)
 HIGHEST   100           300 AM
 LOWEST     46           200 PM
 AVERAGE    73

..........................................................


THE SIOUX FALLS SD CLIMATE NORMALS FOR TOMORROW
                         NORMAL    RECORD    YEAR
 MAXIMUM TEMPERATURE (F)   62        93      1960
 MINIMUM TEMPERATURE (F)   37        23      1956
                                             1927
                                             1909


SUNRISE AND SUNSET
APRIL 21 2017.........SUNRISE   634 AM CDT   SUNSET   818 PM CDT
APRIL 22 2017.........SUNRISE   633 AM CDT   SUNSET   819 PM CDT


-  INDICATES NEGATIVE NUMBERS.
R  INDICATES RECORD WAS SET OR TIED.
MM INDICATES DATA IS MISSING.
T  INDICATES TRACE AMOUNT.




$$
