435
CDUS43 KFSD 180019
CLIFSD


CLIMATE REPORT
NATIONAL WEATHER SERVICE SIOUX FALLS SD
719 PM CDT SAT SEP 17 2016


...................................

...THE SIOUX FALLS SD CLIMATE SUMMARY FOR SEPTEMBER 17 2016...
VALID TODAY AS OF 0700 PM LOCAL TIME.

CLIMATE NORMAL PERIOD 1981 TO 2010
CLIMATE RECORD PERIOD 1893 TO 2016


WEATHER ITEM   OBSERVED TIME   RECORD YEAR NORMAL DEPARTURE LAST
                VALUE   (LST)  VALUE       VALUE  FROM      YEAR
                                                  NORMAL
..................................................................
TEMPERATURE (F)
 TODAY
  MAXIMUM         76    333 PM 103    1895  73      3       80
  MINIMUM         57   1219 AM  24    1900  49      8       55
  AVERAGE         67                        61      6       68

PRECIPITATION (IN)
  TODAY            0.00          1.60 1907   0.09  -0.09     0.00
  MONTH TO DATE    6.32                      1.62   4.70     1.05
  SINCE SEP 1      6.32                      1.62   4.70     1.05
  SINCE JAN 1     24.18                     21.01   3.17    22.65

SNOWFALL (IN)
  TODAY            0.0           0.0    MM   0.0    0.0      0.0
  MONTH TO DATE    0.0                       0.0    0.0      0.0
  SINCE SEP 1      0.0                       0.0    0.0      0.0
  SINCE JUL 1      0.0                       0.0    0.0      0.0
  SNOW DEPTH       0

DEGREE DAYS
 HEATING
  TODAY            0                         6     -6        0
  MONTH TO DATE   25                        63    -38       24
  SINCE SEP 1     25                        63    -38       24
  SINCE JUL 1     33                        94    -61       64

 COOLING
  TODAY            2                         2      0        3
  MONTH TO DATE   46                        50     -4      107
  SINCE SEP 1     46                        50     -4      107
  SINCE JAN 1    826                       675    151      682
..................................................................


WIND (MPH)
  HIGHEST WIND SPEED    16   HIGHEST WIND DIRECTION    NW (310)
  HIGHEST GUST SPEED    20   HIGHEST GUST DIRECTION    NW (320)
  AVERAGE WIND SPEED     8.1


SKY COVER
  POSSIBLE SUNSHINE  MM
  AVERAGE SKY COVER 0.6


WEATHER CONDITIONS
 THE FOLLOWING WEATHER WAS RECORDED TODAY.
  NO SIGNIFICANT WEATHER WAS OBSERVED.


RELATIVE HUMIDITY (PERCENT)
 HIGHEST    93           400 AM
 LOWEST     49           300 PM
 AVERAGE    71

..........................................................


THE SIOUX FALLS SD CLIMATE NORMALS FOR TOMORROW
                         NORMAL    RECORD    YEAR
 MAXIMUM TEMPERATURE (F)   72        94      1947
 MINIMUM TEMPERATURE (F)   48        27      1902


SUNRISE AND SUNSET
SEPTEMBER 17 2016.....SUNRISE   709 AM CDT   SUNSET   732 PM CDT
SEPTEMBER 18 2016.....SUNRISE   710 AM CDT   SUNSET   731 PM CDT


-  INDICATES NEGATIVE NUMBERS.
R  INDICATES RECORD WAS SET OR TIED.
MM INDICATES DATA IS MISSING.
T  INDICATES TRACE AMOUNT.




$$
