000
CDUS43 KFSD 090744
CLIFSD


CLIMATE REPORT
NATIONAL WEATHER SERVICE SIOUX FALLS SD
144 AM CST TUE DEC 9 2014


...................................

...THE SIOUX FALLS SD CLIMATE SUMMARY FOR DECEMBER 8 2014...

CLIMATE NORMAL PERIOD 1981 TO 2010
CLIMATE RECORD PERIOD 1893 TO 2014


WEATHER ITEM   OBSERVED TIME   RECORD YEAR NORMAL DEPARTURE LAST
                VALUE   (LST)  VALUE       VALUE  FROM      YEAR
                                                  NORMAL
..................................................................
TEMPERATURE (F)
 YESTERDAY
  MAXIMUM         40   1252 AM  60    1970  30     10       12
  MINIMUM         19   1030 PM -22    1927  12      7       -4
  AVERAGE         30                        21      9        4

PRECIPITATION (IN)
  YESTERDAY        0.00          0.61 1963   0.02  -0.02     0.12
  MONTH TO DATE    T                         0.22  -0.22     0.73
  SINCE DEC 1      T                         0.22  -0.22     0.73
  SINCE JAN 1     27.94                     25.91   2.03    25.39

SNOWFALL (IN)
  YESTERDAY        0.0           8.0  1963   0.3   -0.3      1.0
  MONTH TO DATE    T                         2.2   -2.2      7.4
  SINCE DEC 1      T                         2.2   -2.2      7.4
  SINCE JUL 1      8.3                      10.9   -2.6     15.3
  SNOW DEPTH       0

DEGREE DAYS
 HEATING
  YESTERDAY       35                        44     -9       61
  MONTH TO DATE  310                       341    -31      418
  SINCE DEC 1    310                       341    -31      418
  SINCE JUL 1   2066                      2053     13     2039

 COOLING
  YESTERDAY        0                         0      0        0
  MONTH TO DATE    0                         0      0        0
  SINCE DEC 1      0                         0      0        0
  SINCE JAN 1    610                       690    -80      787
..................................................................


WIND (MPH)
  HIGHEST WIND SPEED    26   HIGHEST WIND DIRECTION    NW (330)
  HIGHEST GUST SPEED    34   HIGHEST GUST DIRECTION    NW (310)
  AVERAGE WIND SPEED    15.4


SKY COVER
  POSSIBLE SUNSHINE  MM
  AVERAGE SKY COVER 0.8


WEATHER CONDITIONS
 THE FOLLOWING WEATHER WAS RECORDED YESTERDAY.
  NO SIGNIFICANT WEATHER WAS OBSERVED.


RELATIVE HUMIDITY (PERCENT)
 HIGHEST    85           800 AM
 LOWEST     64           500 PM
 AVERAGE    75

..........................................................


THE SIOUX FALLS SD CLIMATE NORMALS FOR TODAY
                         NORMAL    RECORD    YEAR
 MAXIMUM TEMPERATURE (F)   30        61      1957
 MINIMUM TEMPERATURE (F)   11       -19      1958
                                             1917


SUNRISE AND SUNSET
DECEMBER  9 2014......SUNRISE   748 AM CST   SUNSET   450 PM CST
DECEMBER 10 2014......SUNRISE   749 AM CST   SUNSET   450 PM CST


-  INDICATES NEGATIVE NUMBERS.
R  INDICATES RECORD WAS SET OR TIED.
MM INDICATES DATA IS MISSING.
T  INDICATES TRACE AMOUNT.




$$
