000
CDUS43 KFSD 050037
CLIFSD

CLIMATE REPORT
NATIONAL WEATHER SERVICE SIOUX FALLS SD
737 PM CDT FRI JUL 4 2014


...................................

...THE SIOUX FALLS SD CLIMATE SUMMARY FOR JULY 4 2014...
VALID AS OF 0700 PM LOCAL TIME.

CLIMATE NORMAL PERIOD 1981 TO 2010
CLIMATE RECORD PERIOD 1893 TO 2014


WEATHER ITEM   OBSERVED TIME   RECORD YEAR NORMAL DEPARTURE LAST
                VALUE   (LST)  VALUE       VALUE  FROM      YEAR
                                                  NORMAL
..................................................................
TEMPERATURE (F)
 TODAY
  MAXIMUM         84    318 PM 108    1936  84      0       84
  MINIMUM         65    614 AM  38    1967  61      4       62
  AVERAGE         75                        72      3       73

PRECIPITATION (IN)
  TODAY            0.00          2.60 1909   0.11  -0.11     0.00
  MONTH TO DATE    0.01                      0.42  -0.41     0.05
  SINCE JUN 1     13.71                      4.34   9.37     4.33
  SINCE JAN 1     18.69                     13.67   5.02    16.64

SNOWFALL (IN)
  TODAY            0.0           0.0    MM   0.0    0.0      0.0
  MONTH TO DATE    0.0                       0.0    0.0      0.0
  SINCE JUN 1      T                         0.0    0.0      0.0
  SINCE JUL 1      0.0                       0.0    0.0      0.0
  SNOW DEPTH       0

DEGREE DAYS
 HEATING
  TODAY            0                         0      0        0
  MONTH TO DATE    4                         0      4        0
  SINCE JUN 1     36                        51    -15       69
  SINCE JUL 1      4                         0      4        0

 COOLING
  TODAY           10                         8      2        8
  MONTH TO DATE   10                        31    -21       20
  SINCE JUN 1    146                       166    -20      156
  SINCE JAN 1    199                       202     -3      198
..................................................................


WIND (MPH)
  HIGHEST WIND SPEED    29   HIGHEST WIND DIRECTION     S (160)
  HIGHEST GUST SPEED    37   HIGHEST GUST DIRECTION     S (200)
  AVERAGE WIND SPEED    17.3


SKY COVER
  POSSIBLE SUNSHINE  MM
  AVERAGE SKY COVER 0.8


WEATHER CONDITIONS
 THE FOLLOWING WEATHER WAS RECORDED TODAY.
  NO SIGNIFICANT WEATHER WAS OBSERVED.


RELATIVE HUMIDITY (PERCENT)
 HIGHEST    68           100 AM
 LOWEST     44           300 PM
 AVERAGE    56

..........................................................


THE SIOUX FALLS SD CLIMATE NORMALS FOR TOMORROW
                         NORMAL    RECORD    YEAR
 MAXIMUM TEMPERATURE (F)   84       109      1936
 MINIMUM TEMPERATURE (F)   61        39      1972


SUNRISE AND SUNSET
JULY  4 2014..........SUNRISE   551 AM CDT   SUNSET   911 PM CDT
JULY  5 2014..........SUNRISE   552 AM CDT   SUNSET   911 PM CDT


-  INDICATES NEGATIVE NUMBERS.
R  INDICATES RECORD WAS SET OR TIED.
MM INDICATES DATA IS MISSING.
T  INDICATES TRACE AMOUNT.




&&
.........................................................

ADDITIONAL WEATHER INFORMATION FOR TODAY
        TEMPERATURE / HUMIDITY
AT  4 AM      67    /    63%
AT  7 AM      65    /    68%
AT 10 AM      73    /    54%
AT  1 PM      80    /    45%
AT  4 PM      84    /    44%
AT  7 PM      79    /    50%

$$
