000
CDUS43 KFSD 112222
CLIFSD


CLIMATE REPORT
NATIONAL WEATHER SERVICE SIOUX FALLS SD
522 PM CDT SAT OCT 11 2014


...................................

...THE SIOUX FALLS SD CLIMATE SUMMARY FOR OCTOBER 11 2014...
VALID TODAY AS OF 0500 PM LOCAL TIME.

CLIMATE NORMAL PERIOD 1981 TO 2010
CLIMATE RECORD PERIOD 1893 TO 2014


WEATHER ITEM   OBSERVED TIME   RECORD YEAR NORMAL DEPARTURE LAST
                VALUE   (LST)  VALUE       VALUE  FROM      YEAR
                                                  NORMAL
..................................................................
TEMPERATURE (F)
 TODAY
  MAXIMUM         60    346 PM  90    1910  62     -2       75
  MINIMUM         27    619 AM  20    1987  38    -11       49
  AVERAGE         44                        50     -6       62

PRECIPITATION (IN)
  TODAY            0.00          1.25 1947   0.08  -0.08     0.01
  MONTH TO DATE    0.22                      0.93  -0.71     0.25
  SINCE SEP 1      2.50                      3.70  -1.20     1.02
  SINCE JAN 1     26.93                     23.09   3.84    21.44

SNOWFALL (IN)
  TODAY            0.0           1.1  2009   0.0    0.0      0.0
  MONTH TO DATE    0.0                       0.2   -0.2      0.0
  SINCE SEP 1      0.0                       0.2   -0.2      0.0
  SINCE JUL 1      T                         0.2   -0.2      0.0
  SNOW DEPTH       0

DEGREE DAYS
 HEATING
  TODAY           21                        15      6        3
  MONTH TO DATE  170                       145     25       74
  SINCE SEP 1    300                       318    -18      140
  SINCE JUL 1    318                       349    -31      174

 COOLING
  TODAY            0                         0      0        0
  MONTH TO DATE    0                         0      0        3
  SINCE SEP 1     59                        60     -1      133
  SINCE JAN 1    610                       685    -75      787
..................................................................


WIND (MPH)
  HIGHEST WIND SPEED    20   HIGHEST WIND DIRECTION     S (180)
  HIGHEST GUST SPEED    25   HIGHEST GUST DIRECTION     S (170)
  AVERAGE WIND SPEED     7.7


SKY COVER
  POSSIBLE SUNSHINE  MM
  AVERAGE SKY COVER 0.1


WEATHER CONDITIONS
 THE FOLLOWING WEATHER WAS RECORDED TODAY.
  NO SIGNIFICANT WEATHER WAS OBSERVED.


RELATIVE HUMIDITY (PERCENT)
 HIGHEST    92           300 AM
 LOWEST     40           400 PM
 AVERAGE    66

..........................................................


THE SIOUX FALLS SD CLIMATE NORMALS FOR TOMORROW
                         NORMAL    RECORD    YEAR
 MAXIMUM TEMPERATURE (F)   62        87      1956
 MINIMUM TEMPERATURE (F)   38        15      1917


SUNRISE AND SUNSET
OCTOBER 11 2014.......SUNRISE   736 AM CDT   SUNSET   650 PM CDT
OCTOBER 12 2014.......SUNRISE   737 AM CDT   SUNSET   649 PM CDT


-  INDICATES NEGATIVE NUMBERS.
R  INDICATES RECORD WAS SET OR TIED.
MM INDICATES DATA IS MISSING.
T  INDICATES TRACE AMOUNT.




$$
