000
CDUS43 KFSD 132233
CLIFSD


CLIMATE REPORT
NATIONAL WEATHER SERVICE SIOUX FALLS SD
433 PM CST THU NOV 13 2014


...................................

...THE SIOUX FALLS SD CLIMATE SUMMARY FOR NOVEMBER 13 2014...
VALID TODAY AS OF 0400 PM LOCAL TIME.

CLIMATE NORMAL PERIOD 1981 TO 2010
CLIMATE RECORD PERIOD 1893 TO 2014


WEATHER ITEM   OBSERVED TIME   RECORD YEAR NORMAL DEPARTURE LAST
                VALUE   (LST)  VALUE       VALUE  FROM      YEAR
                                                  NORMAL
..................................................................
TEMPERATURE (F)
 TODAY
  MAXIMUM         21    204 PM  79    1999  44    -23       60
  MINIMUM         12    752 AM  -8    1940  24    -12       25
  AVERAGE         17                        34    -17       43

PRECIPITATION (IN)
  TODAY            T             1.50 1909   0.05  -0.05     0.00
  MONTH TO DATE    0.02                      0.59  -0.57     0.44
  SINCE SEP 1      2.97                      5.53  -2.56     4.22
  SINCE JAN 1     27.40                     24.92   2.48    24.64

SNOWFALL (IN)
  TODAY            T             1.1  1974   0.3   -0.3      0.0
  MONTH TO DATE    0.3                       2.3   -2.0      6.8
  SINCE SEP 1      0.3                       3.6   -3.3      7.2
  SINCE JUL 1      0.3                       3.6   -3.3      7.2
  SNOW DEPTH       T

DEGREE DAYS
 HEATING
  TODAY           48                        31     17       22
  MONTH TO DATE  376                       357     19      392
  SINCE SEP 1    956                      1066   -110      993
  SINCE JUL 1    974                      1097   -123     1027

 COOLING
  TODAY            0                         0      0        0
  MONTH TO DATE    0                         0      0        0
  SINCE SEP 1     59                        65     -6      133
  SINCE JAN 1    610                       690    -80      787
..................................................................


WIND (MPH)
  HIGHEST WIND SPEED    20   HIGHEST WIND DIRECTION    NW (310)
  HIGHEST GUST SPEED    26   HIGHEST GUST DIRECTION    NW (300)
  AVERAGE WIND SPEED    14.9


SKY COVER
  POSSIBLE SUNSHINE  MM
  AVERAGE SKY COVER 0.6


WEATHER CONDITIONS
 THE FOLLOWING WEATHER WAS RECORDED TODAY.
  LIGHT SNOW


RELATIVE HUMIDITY (PERCENT)
 HIGHEST    MM
 LOWEST     MM
 AVERAGE    MM

..........................................................


THE SIOUX FALLS SD CLIMATE NORMALS FOR TOMORROW
                         NORMAL    RECORD    YEAR
 MAXIMUM TEMPERATURE (F)   43        71      1953
 MINIMUM TEMPERATURE (F)   24       -17      1959


SUNRISE AND SUNSET
NOVEMBER 13 2014......SUNRISE   718 AM CST   SUNSET   504 PM CST
NOVEMBER 14 2014......SUNRISE   720 AM CST   SUNSET   503 PM CST


-  INDICATES NEGATIVE NUMBERS.
R  INDICATES RECORD WAS SET OR TIED.
MM INDICATES DATA IS MISSING.
T  INDICATES TRACE AMOUNT.




$$
