000
CDUS43 KFSD 092220
CLIFSD


CLIMATE REPORT
NATIONAL WEATHER SERVICE SIOUX FALLS SD
520 PM CDT SUN APR 9 2017


...................................

...THE SIOUX FALLS SD CLIMATE SUMMARY FOR APRIL 9 2017...
VALID TODAY AS OF 0500 PM LOCAL TIME.

CLIMATE NORMAL PERIOD 1981 TO 2010
CLIMATE RECORD PERIOD 1893 TO 2017


WEATHER ITEM   OBSERVED TIME   RECORD YEAR NORMAL DEPARTURE LAST
                VALUE   (LST)  VALUE       VALUE  FROM      YEAR
                                                  NORMAL
..................................................................
TEMPERATURE (F)
 TODAY
  MAXIMUM         65   1225 PM  88    1977  56      9       53
  MINIMUM         52    651 AM  10    1997  32     20       19
  AVERAGE         59                        44     15       36

PRECIPITATION (IN)
  TODAY            0.01          1.42 2013   0.10  -0.09     0.00
  MONTH TO DATE    0.10                      0.82  -0.72     0.09
  SINCE MAR 1      0.64                      2.58  -1.94     2.18
  SINCE JAN 1      1.75                      3.74  -1.99     3.86

SNOWFALL (IN)
  TODAY            0.0           5.9  1995   0.2   -0.2      0.0
  MONTH TO DATE    0.0                       1.8   -1.8       T
  SINCE MAR 1      8.0                      10.2   -2.2     12.2
  SINCE JUL 1     39.4                      41.7   -2.3     68.5
  SNOW DEPTH       0

DEGREE DAYS
 HEATING
  TODAY            6                        21    -15       29
  MONTH TO DATE  117                       209    -92      218
  SINCE MAR 1   1027                      1204   -177      982
  SINCE JUL 1   5833                      7054  -1221     6018

 COOLING
  TODAY            0                         0      0        0
  MONTH TO DATE    1                         0      1        0
  SINCE MAR 1      1                         0      1        0
  SINCE JAN 1      1                         0      1        0
..................................................................


WIND (MPH)
  HIGHEST WIND SPEED    25   HIGHEST WIND DIRECTION     N (10)
  HIGHEST GUST SPEED    31   HIGHEST GUST DIRECTION     N (360)
  AVERAGE WIND SPEED    14.8


SKY COVER
  POSSIBLE SUNSHINE  MM
  AVERAGE SKY COVER 0.7


WEATHER CONDITIONS
 THE FOLLOWING WEATHER WAS RECORDED TODAY.
  THUNDERSTORM
  LIGHT RAIN


RELATIVE HUMIDITY (PERCENT)
 HIGHEST    83           300 PM
 LOWEST     52           800 AM
 AVERAGE    68

..........................................................


THE SIOUX FALLS SD CLIMATE NORMALS FOR TOMORROW
                         NORMAL    RECORD    YEAR
 MAXIMUM TEMPERATURE (F)   56        83      1977
                                             1930
                                             1910
 MINIMUM TEMPERATURE (F)   32        18      1989


SUNRISE AND SUNSET
APRIL  9 2017.........SUNRISE   654 AM CDT   SUNSET   804 PM CDT
APRIL 10 2017.........SUNRISE   652 AM CDT   SUNSET   805 PM CDT


-  INDICATES NEGATIVE NUMBERS.
R  INDICATES RECORD WAS SET OR TIED.
MM INDICATES DATA IS MISSING.
T  INDICATES TRACE AMOUNT.




$$
