000
CDUS43 KFSD 300621
CLIFSD


CLIMATE REPORT
NATIONAL WEATHER SERVICE SIOUX FALLS SD
121 AM CDT SUN JUL 30 2017


...................................

...THE SIOUX FALLS SD CLIMATE SUMMARY FOR JULY 29 2017...

CLIMATE NORMAL PERIOD 1981 TO 2010
CLIMATE RECORD PERIOD 1893 TO 2017


WEATHER ITEM   OBSERVED TIME   RECORD YEAR NORMAL DEPARTURE LAST
                VALUE   (LST)  VALUE       VALUE  FROM      YEAR
                                                  NORMAL
..................................................................
TEMPERATURE (F)
 YESTERDAY
  MAXIMUM         84    445 PM 108    1947  84      0       80
  MINIMUM         61    530 AM  38    1899  62     -1       55
  AVERAGE         73                        73      0       68

PRECIPITATION (IN)
  YESTERDAY        0.00          2.56 1942   0.10  -0.10     0.00
  MONTH TO DATE    1.13                      2.89  -1.76     2.32
  SINCE JUN 1      4.42                      6.81  -2.39     4.04
  SINCE JAN 1     12.17                     16.14  -3.97    15.54

SNOWFALL (IN)
  YESTERDAY        0.0           0.0    MM   0.0    0.0      0.0
  MONTH TO DATE    0.0                       0.0    0.0      0.0
  SINCE JUN 1      0.0                       0.0    0.0      0.0
  SINCE JUL 1      0.0                       0.0    0.0      0.0
  SNOW DEPTH       0

DEGREE DAYS
 HEATING
  YESTERDAY        0                         0      0        0
  MONTH TO DATE    0                         0      0        5
  SINCE JUN 1     26                        51    -25       14
  SINCE JUL 1      0                         0      0        5

 COOLING
  YESTERDAY        8                         8      0        3
  MONTH TO DATE  314                       240     74      262
  SINCE JUN 1    513                       375    138      497
  SINCE JAN 1    539                       411    128      530
..................................................................


WIND (MPH)
  HIGHEST WIND SPEED    15   HIGHEST WIND DIRECTION    SE (150)
  HIGHEST GUST SPEED    20   HIGHEST GUST DIRECTION     S (180)
  AVERAGE WIND SPEED     8.2


SKY COVER
  POSSIBLE SUNSHINE  MM
  AVERAGE SKY COVER 0.4


WEATHER CONDITIONS
 THE FOLLOWING WEATHER WAS RECORDED YESTERDAY.
  FOG


RELATIVE HUMIDITY (PERCENT)
 HIGHEST   100           200 AM
 LOWEST     54           600 PM
 AVERAGE    77

..........................................................


THE SIOUX FALLS SD CLIMATE NORMALS FOR TODAY
                         NORMAL    RECORD    YEAR
 MAXIMUM TEMPERATURE (F)   84       101      1987
                                             1955
 MINIMUM TEMPERATURE (F)   62        38      1971


SUNRISE AND SUNSET
JULY 30 2017..........SUNRISE   614 AM CDT   SUNSET   852 PM CDT
JULY 31 2017..........SUNRISE   616 AM CDT   SUNSET   850 PM CDT


-  INDICATES NEGATIVE NUMBERS.
R  INDICATES RECORD WAS SET OR TIED.
MM INDICATES DATA IS MISSING.
T  INDICATES TRACE AMOUNT.




$$
