000
CDUS43 KFSD 030706
CLIFSD


CLIMATE REPORT
NATIONAL WEATHER SERVICE SIOUX FALLS SD
206 AM CDT TUE OCT 3 2017


...................................

...THE SIOUX FALLS SD CLIMATE SUMMARY FOR OCTOBER 2 2017...

CLIMATE NORMAL PERIOD 1981 TO 2010
CLIMATE RECORD PERIOD 1893 TO 2017


WEATHER ITEM   OBSERVED TIME   RECORD YEAR NORMAL DEPARTURE LAST
                VALUE   (LST)  VALUE       VALUE  FROM      YEAR
                                                  NORMAL
..................................................................
TEMPERATURE (F)
 YESTERDAY
  MAXIMUM         62    233 PM  92    1953  66     -4       76
  MINIMUM         56   1045 PM  21    1974  42     14       45
  AVERAGE         59                        54      5       61

PRECIPITATION (IN)
  YESTERDAY        1.91R         1.00 1926   0.09   1.82     0.00
  MONTH TO DATE    3.18                      0.18   3.00     0.00
  SINCE SEP 1      4.80                      2.95   1.85     7.55
  SINCE JAN 1     22.39                     22.34   0.05    25.41

SNOWFALL (IN)
  YESTERDAY        0.0           0.0    MM   0.0    0.0      0.0
  MONTH TO DATE    0.0                       0.0    0.0      0.0
  SINCE SEP 1      0.0                       T      0.0      0.0
  SINCE JUL 1      0.0                       T      0.0      0.0
  SNOW DEPTH       0

DEGREE DAYS
 HEATING
  YESTERDAY        6                        12     -6        4
  MONTH TO DATE    6                        23    -17       11
  SINCE SEP 1     92                       196   -104       81
  SINCE JUL 1     98                       227   -129       89

 COOLING
  YESTERDAY        0                         0      0        0
  MONTH TO DATE    2                         0      2        0
  SINCE SEP 1    100                        60     40       97
  SINCE JAN 1    774                       685     89      877
..................................................................


WIND (MPH)
  HIGHEST WIND SPEED    21   HIGHEST WIND DIRECTION    NE (30)
  HIGHEST GUST SPEED    26   HIGHEST GUST DIRECTION     N (340)
  AVERAGE WIND SPEED     8.8


SKY COVER
  POSSIBLE SUNSHINE  MM
  AVERAGE SKY COVER 1.0


WEATHER CONDITIONS
 THE FOLLOWING WEATHER WAS RECORDED YESTERDAY.
  THUNDERSTORM
  HEAVY RAIN
  RAIN
  LIGHT RAIN
  FOG


RELATIVE HUMIDITY (PERCENT)
 HIGHEST   100           200 AM
 LOWEST     84          1000 AM
 AVERAGE    92

..........................................................


THE SIOUX FALLS SD CLIMATE NORMALS FOR TODAY
                         NORMAL    RECORD    YEAR
 MAXIMUM TEMPERATURE (F)   66        89      1897
 MINIMUM TEMPERATURE (F)   41        25      1987


SUNRISE AND SUNSET
OCTOBER  3 2017.......SUNRISE   727 AM CDT   SUNSET   704 PM CDT
OCTOBER  4 2017.......SUNRISE   728 AM CDT   SUNSET   702 PM CDT


-  INDICATES NEGATIVE NUMBERS.
R  INDICATES RECORD WAS SET OR TIED.
MM INDICATES DATA IS MISSING.
T  INDICATES TRACE AMOUNT.




$$
