000
CDUS43 KFSD 050715
CLIFSD


CLIMATE REPORT
NATIONAL WEATHER SERVICE SIOUX FALLS SD
212 AM CDT MON SEP 5 2016


...................................

...THE SIOUX FALLS SD CLIMATE SUMMARY FOR SEPTEMBER 4 2016...

CLIMATE NORMAL PERIOD 1981 TO 2010
CLIMATE RECORD PERIOD 1893 TO 2016


WEATHER ITEM   OBSERVED TIME   RECORD YEAR NORMAL DEPARTURE LAST
                VALUE   (LST)  VALUE       VALUE  FROM      YEAR
                                                  NORMAL
..................................................................
TEMPERATURE (F)
 YESTERDAY
  MAXIMUM         77    107 PM 104    1913  78     -1       83
  MINIMUM         65   1159 PM  36    1974  55     10       73
                                      1902
  AVERAGE         71                        66      5       78

PRECIPITATION (IN)
  YESTERDAY        0.53          1.60 1971   0.10   0.43     0.07
  MONTH TO DATE    0.53                      0.39   0.14     0.09
  SINCE SEP 1      0.53                      0.39   0.14     0.09
  SINCE JAN 1     18.39                     19.78  -1.39    21.69

SNOWFALL (IN)
  YESTERDAY        0.0           0.0    MM   0.0    0.0      0.0
  MONTH TO DATE    0.0                       0.0    0.0      0.0
  SINCE SEP 1      0.0                       0.0    0.0      0.0
  SINCE JUL 1      0.0                       0.0    0.0      0.0
  SNOW DEPTH       0

DEGREE DAYS
 HEATING
  YESTERDAY        0                         2     -2        0
  MONTH TO DATE    0                         8     -8        0
  SINCE SEP 1      0                         8     -8        0
  SINCE JUL 1      8                        39    -31       40

 COOLING
  YESTERDAY        6                         4      2       13
  MONTH TO DATE   17                        16      1       45
  SINCE SEP 1     17                        16      1       45
  SINCE JAN 1    797                       641    156      620
..................................................................


WIND (MPH)
  HIGHEST WIND SPEED    29   HIGHEST WIND DIRECTION     W (280)
  HIGHEST GUST SPEED    39   HIGHEST GUST DIRECTION     W (290)
  AVERAGE WIND SPEED    16.4


SKY COVER
  POSSIBLE SUNSHINE  MM
  AVERAGE SKY COVER 0.8


WEATHER CONDITIONS
 THE FOLLOWING WEATHER WAS RECORDED YESTERDAY.
  THUNDERSTORM
  HEAVY RAIN
  FOG


RELATIVE HUMIDITY (PERCENT)
 HIGHEST    87           600 AM
 LOWEST     68          1100 AM
 AVERAGE    78

..........................................................


THE SIOUX FALLS SD CLIMATE NORMALS FOR TODAY
                         NORMAL    RECORD    YEAR
 MAXIMUM TEMPERATURE (F)   77       104      1913
 MINIMUM TEMPERATURE (F)   54        34      1909


SUNRISE AND SUNSET
SEPTEMBER  5 2016.....SUNRISE   656 AM CDT   SUNSET   754 PM CDT
SEPTEMBER  6 2016.....SUNRISE   657 AM CDT   SUNSET   752 PM CDT


-  INDICATES NEGATIVE NUMBERS.
R  INDICATES RECORD WAS SET OR TIED.
MM INDICATES DATA IS MISSING.
T  INDICATES TRACE AMOUNT.




$$
