000
CDUS43 KFSD 260637
CLIFSD


CLIMATE REPORT
NATIONAL WEATHER SERVICE SIOUX FALLS SD
137 AM CDT TUE AUG 26 2014


...................................

...THE SIOUX FALLS SD CLIMATE SUMMARY FOR AUGUST 25 2014...

CLIMATE NORMAL PERIOD 1981 TO 2010
CLIMATE RECORD PERIOD 1893 TO 2014


WEATHER ITEM   OBSERVED TIME   RECORD YEAR NORMAL DEPARTURE LAST
                VALUE   (LST)  VALUE       VALUE  FROM      YEAR
                                                  NORMAL
..................................................................
TEMPERATURE (F)
 YESTERDAY
  MAXIMUM         75    355 PM 103    1955  80     -5       89
  MINIMUM         57    618 AM  39    1910  58     -1       75
  AVERAGE         66                        69     -3       82

PRECIPITATION (IN)
  YESTERDAY        0.00          1.68 1967   0.10  -0.10     0.00
  MONTH TO DATE    4.01                      2.46   1.55     2.64
  SINCE JUN 1     18.51                      9.47   9.04     7.52
  SINCE JAN 1     23.49                     18.80   4.69    19.83

SNOWFALL (IN)
  YESTERDAY        0.0           0.0    MM   0.0    0.0      0.0
  MONTH TO DATE    0.0                       0.0    0.0      0.0
  SINCE JUN 1      T                         0.0    0.0      0.0
  SINCE JUL 1      T                         0.0    0.0      0.0
  SNOW DEPTH       0

DEGREE DAYS
 HEATING
  YESTERDAY        0                         1     -1        0
  MONTH TO DATE    0                        12    -12       15
  SINCE JUN 1     47                        71    -24      103
  SINCE JUL 1     15                        20     -5       34

 COOLING
  YESTERDAY        1                         5     -4       17
  MONTH TO DATE  166                       170     -4      135
  SINCE JUN 1    474                       561    -87      520
  SINCE JAN 1    527                       597    -70      562
..................................................................


WIND (MPH)
  HIGHEST WIND SPEED    17   HIGHEST WIND DIRECTION    NW (320)
  HIGHEST GUST SPEED    21   HIGHEST GUST DIRECTION    NW (320)
  AVERAGE WIND SPEED     6.1


SKY COVER
  POSSIBLE SUNSHINE  MM
  AVERAGE SKY COVER 0.4


WEATHER CONDITIONS
 THE FOLLOWING WEATHER WAS RECORDED YESTERDAY.
  NO SIGNIFICANT WEATHER WAS OBSERVED.


RELATIVE HUMIDITY (PERCENT)
 HIGHEST    93           100 AM
 LOWEST     53           300 PM
 AVERAGE    73

..........................................................


THE SIOUX FALLS SD CLIMATE NORMALS FOR TODAY
                         NORMAL    RECORD    YEAR
 MAXIMUM TEMPERATURE (F)   80       108      1973
 MINIMUM TEMPERATURE (F)   58        40      1896


SUNRISE AND SUNSET
AUGUST 26 2014........SUNRISE   644 AM CDT   SUNSET   813 PM CDT
AUGUST 27 2014........SUNRISE   645 AM CDT   SUNSET   811 PM CDT


-  INDICATES NEGATIVE NUMBERS.
R  INDICATES RECORD WAS SET OR TIED.
MM INDICATES DATA IS MISSING.
T  INDICATES TRACE AMOUNT.




$$
