000
CDUS43 KFSD 030630
CLIFSD


CLIMATE REPORT
NATIONAL WEATHER SERVICE SIOUX FALLS SD
1227 AM CST WED JAN 3 2018


...................................

...THE SIOUX FALLS SD CLIMATE SUMMARY FOR JANUARY 2 2018...

CLIMATE NORMAL PERIOD 1981 TO 2010
CLIMATE RECORD PERIOD 1893 TO 2018


WEATHER ITEM   OBSERVED TIME   RECORD YEAR NORMAL DEPARTURE LAST
                VALUE   (LST)  VALUE       VALUE  FROM      YEAR
                                                  NORMAL
..................................................................
TEMPERATURE (F)
 YESTERDAY
  MAXIMUM         20    953 PM  54    2004  26     -6       33
                                      1964
  MINIMUM        -25    135 AM -30    2010   7    -32       21
  AVERAGE         -2                        16    -18       27

PRECIPITATION (IN)
  YESTERDAY        T             0.39 1937   0.02  -0.02     0.02
  MONTH TO DATE    T                         0.04  -0.04     0.06
  SINCE DEC 1      0.68                      0.73  -0.05     1.98
  SINCE JAN 1      T                         0.04  -0.04     0.06

SNOWFALL (IN)
  YESTERDAY        T             5.0  1937   0.3   -0.3      0.0
  MONTH TO DATE    T                         0.5   -0.5      0.6
  SINCE DEC 1     10.4                       8.7    1.7     11.5
  SINCE JUL 1     10.6                      17.4   -6.8     17.5
  SNOW DEPTH       5

DEGREE DAYS
 HEATING
  YESTERDAY       67                        49     18       38
  MONTH TO DATE  147                        98     49       80
  SINCE DEC 1   1499                      1519    -20     1469
  SINCE JUL 1   2908                      3231   -323     2604

 COOLING
  YESTERDAY        0                         0      0        0
  MONTH TO DATE    0                         0      0        0
  SINCE DEC 1      0                         0      0        0
  SINCE JAN 1      0                         0      0        0
..................................................................


WIND (MPH)
  HIGHEST WIND SPEED    29   HIGHEST WIND DIRECTION    NW (330)
  HIGHEST GUST SPEED    35   HIGHEST GUST DIRECTION     N (340)
  AVERAGE WIND SPEED     9.2


SKY COVER
  POSSIBLE SUNSHINE  MM
  AVERAGE SKY COVER 0.4


WEATHER CONDITIONS
 THE FOLLOWING WEATHER WAS RECORDED YESTERDAY.
  LIGHT SNOW
  BLOWING SNOW


RELATIVE HUMIDITY (PERCENT)
 HIGHEST    90           200 AM
 LOWEST     67           500 PM
 AVERAGE    79

..........................................................


THE SIOUX FALLS SD CLIMATE NORMALS FOR TODAY
                         NORMAL    RECORD    YEAR
 MAXIMUM TEMPERATURE (F)   26        47      1962
 MINIMUM TEMPERATURE (F)    7       -27      1919


SUNRISE AND SUNSET
JANUARY  3 2018.......SUNRISE   800 AM CST   SUNSET   503 PM CST
JANUARY  4 2018.......SUNRISE   800 AM CST   SUNSET   504 PM CST


-  INDICATES NEGATIVE NUMBERS.
R  INDICATES RECORD WAS SET OR TIED.
MM INDICATES DATA IS MISSING.
T  INDICATES TRACE AMOUNT.




$$
