000
CDUS43 KFSD 010636
CLIFSD


CLIMATE REPORT
NATIONAL WEATHER SERVICE SIOUX FALLS SD
1235 AM CST WED FEB 1 2017


...................................

...THE SIOUX FALLS SD CLIMATE SUMMARY FOR JANUARY 31 2017...

CLIMATE NORMAL PERIOD 1981 TO 2010
CLIMATE RECORD PERIOD 1893 TO 2017


WEATHER ITEM   OBSERVED TIME   RECORD YEAR NORMAL DEPARTURE LAST
                VALUE   (LST)  VALUE       VALUE  FROM      YEAR
                                                  NORMAL
..................................................................
TEMPERATURE (F)
 YESTERDAY
  MAXIMUM         36    234 PM  57    1911  28      8       39
  MINIMUM         28   1159 PM -27    1918   8     20       25
  AVERAGE         32                        18     14       32

PRECIPITATION (IN)
  YESTERDAY        0.00          0.65 1922   0.02  -0.02     0.00
  MONTH TO DATE    0.62                      0.56   0.06     0.48
  SINCE DEC 1      2.54                      1.25   1.29     1.79
  SINCE JAN 1      0.62                      0.56   0.06     0.48

SNOWFALL (IN)
  YESTERDAY        0.0           5.4  2011   0.3   -0.3      0.0
  MONTH TO DATE    9.4                       7.7    1.7      6.9
  SINCE DEC 1     20.3                      15.9    4.4     26.0
  SINCE JUL 1     26.3                      24.6    1.7     43.3
  SNOW DEPTH       1

DEGREE DAYS
 HEATING
  YESTERDAY       33                        47    -14       33
  MONTH TO DATE 1357                      1504   -147     1468
  SINCE DEC 1   2746                      2920   -174     2662
  SINCE JUL 1   3881                      4632   -751     3936

 COOLING
  YESTERDAY        0                         0      0        0
  MONTH TO DATE    0                         0      0        0
  SINCE DEC 1      0                         0      0        0
  SINCE JAN 1      0                         0      0        0
..................................................................


WIND (MPH)
  HIGHEST WIND SPEED    22   HIGHEST WIND DIRECTION     W (290)
  HIGHEST GUST SPEED    31   HIGHEST GUST DIRECTION     W (290)
  AVERAGE WIND SPEED    15.1


SKY COVER
  POSSIBLE SUNSHINE  MM
  AVERAGE SKY COVER 0.9


WEATHER CONDITIONS
 THE FOLLOWING WEATHER WAS RECORDED YESTERDAY.
  NO SIGNIFICANT WEATHER WAS OBSERVED.


RELATIVE HUMIDITY (PERCENT)
 HIGHEST    89           300 AM
 LOWEST     64           400 PM
 AVERAGE    77

..........................................................


THE SIOUX FALLS SD CLIMATE NORMALS FOR TODAY
                         NORMAL    RECORD    YEAR
 MAXIMUM TEMPERATURE (F)   28        54      1987
 MINIMUM TEMPERATURE (F)    8       -32      1917


SUNRISE AND SUNSET
FEBRUARY  1 2017......SUNRISE   743 AM CST   SUNSET   539 PM CST
FEBRUARY  2 2017......SUNRISE   742 AM CST   SUNSET   540 PM CST


-  INDICATES NEGATIVE NUMBERS.
R  INDICATES RECORD WAS SET OR TIED.
MM INDICATES DATA IS MISSING.
T  INDICATES TRACE AMOUNT.




$$
