000
CDUS43 KFSD 140627
CLIFSD


CLIMATE REPORT
NATIONAL WEATHER SERVICE SIOUX FALLS SD
125 AM CDT SAT OCT 14 2017


...................................

...THE SIOUX FALLS SD CLIMATE SUMMARY FOR OCTOBER 13 2017...

CLIMATE NORMAL PERIOD 1981 TO 2010
CLIMATE RECORD PERIOD 1893 TO 2017


WEATHER ITEM   OBSERVED TIME   RECORD YEAR NORMAL DEPARTURE LAST
                VALUE   (LST)  VALUE       VALUE  FROM      YEAR
                                                  NORMAL
..................................................................
TEMPERATURE (F)
 YESTERDAY
  MAXIMUM         62    255 PM  88    1958  61      1       59
  MINIMUM         38   1128 PM  13    1909  37      1       31
  AVERAGE         50                        49      1       45

PRECIPITATION (IN)
  YESTERDAY        T             1.06 1943   0.08  -0.08     0.00
  MONTH TO DATE    5.13                      1.09   4.04     3.04
  SINCE SEP 1      6.75                      3.86   2.89    10.59
  SINCE JAN 1     24.34                     23.25   1.09    28.45

SNOWFALL (IN)
  YESTERDAY        0.0           0.4  1997   0.0    0.0      0.0
  MONTH TO DATE    T                         0.2   -0.2       T
  SINCE SEP 1      T                         0.2   -0.2       T
  SINCE JUL 1      T                         0.2   -0.2       T
  SNOW DEPTH       0

DEGREE DAYS
 HEATING
  YESTERDAY       15                        16     -1       20
  MONTH TO DATE  139                       177    -38      159
  SINCE SEP 1    225                       350   -125      229
  SINCE JUL 1    231                       381   -150      237

 COOLING
  YESTERDAY        0                         0      0        0
  MONTH TO DATE    2                         0      2        2
  SINCE SEP 1    100                        60     40       99
  SINCE JAN 1    774                       685     89      879
..................................................................


WIND (MPH)
  HIGHEST WIND SPEED    14   HIGHEST WIND DIRECTION     E (70)
  HIGHEST GUST SPEED    17   HIGHEST GUST DIRECTION    NE (60)
  AVERAGE WIND SPEED     7.1


SKY COVER
  POSSIBLE SUNSHINE  MM
  AVERAGE SKY COVER 0.4


WEATHER CONDITIONS
 THE FOLLOWING WEATHER WAS RECORDED YESTERDAY.
  LIGHT RAIN


RELATIVE HUMIDITY (PERCENT)
 HIGHEST    89           200 AM
 LOWEST     36           100 PM
 AVERAGE    63

..........................................................


THE SIOUX FALLS SD CLIMATE NORMALS FOR TODAY
                         NORMAL    RECORD    YEAR
 MAXIMUM TEMPERATURE (F)   61        88      1958
 MINIMUM TEMPERATURE (F)   37        19      1937


SUNRISE AND SUNSET
OCTOBER 14 2017.......SUNRISE   740 AM CDT   SUNSET   645 PM CDT
OCTOBER 15 2017.......SUNRISE   741 AM CDT   SUNSET   643 PM CDT


-  INDICATES NEGATIVE NUMBERS.
R  INDICATES RECORD WAS SET OR TIED.
MM INDICATES DATA IS MISSING.
T  INDICATES TRACE AMOUNT.




$$
