000
CDUS43 KFSD 060638
CLIFSD


CLIMATE REPORT
NATIONAL WEATHER SERVICE SIOUX FALLS SD
135 AM CDT TUE SEP 6 2016


...................................

...THE SIOUX FALLS SD CLIMATE SUMMARY FOR SEPTEMBER 5 2016...

CLIMATE NORMAL PERIOD 1981 TO 2010
CLIMATE RECORD PERIOD 1893 TO 2016


WEATHER ITEM   OBSERVED TIME   RECORD YEAR NORMAL DEPARTURE LAST
                VALUE   (LST)  VALUE       VALUE  FROM      YEAR
                                                  NORMAL
..................................................................
TEMPERATURE (F)
 YESTERDAY
  MAXIMUM         81    600 PM 104    1913  77      4       86
  MINIMUM         65    158 AM  34    1909  54     11       71
  AVERAGE         73                        66      7       79

PRECIPITATION (IN)
  YESTERDAY        1.46R         1.23 1938   0.10   1.36      T
  MONTH TO DATE    1.99                      0.49   1.50     0.09
  SINCE SEP 1      1.99                      0.49   1.50     0.09
  SINCE JAN 1     19.85                     19.88  -0.03    21.69

SNOWFALL (IN)
  YESTERDAY        0.0           0.0    MM   0.0    0.0      0.0
  MONTH TO DATE    0.0                       0.0    0.0      0.0
  SINCE SEP 1      0.0                       0.0    0.0      0.0
  SINCE JUL 1      0.0                       0.0    0.0      0.0
  SNOW DEPTH       0

DEGREE DAYS
 HEATING
  YESTERDAY        0                         3     -3        0
  MONTH TO DATE    0                        11    -11        0
  SINCE SEP 1      0                        11    -11        0
  SINCE JUL 1      8                        42    -34       40

 COOLING
  YESTERDAY        8                         4      4       14
  MONTH TO DATE   25                        20      5       59
  SINCE SEP 1     25                        20      5       59
  SINCE JAN 1    805                       645    160      634
..................................................................


WIND (MPH)
  HIGHEST WIND SPEED    25   HIGHEST WIND DIRECTION    SE (140)
  HIGHEST GUST SPEED    34   HIGHEST GUST DIRECTION    SE (130)
  AVERAGE WIND SPEED     8.3


SKY COVER
  POSSIBLE SUNSHINE  MM
  AVERAGE SKY COVER 0.7


WEATHER CONDITIONS
 THE FOLLOWING WEATHER WAS RECORDED YESTERDAY.
  THUNDERSTORM
  HEAVY RAIN
  FOG


RELATIVE HUMIDITY (PERCENT)
 HIGHEST   100           500 AM
 LOWEST     79          1200 PM
 AVERAGE    90

..........................................................


THE SIOUX FALLS SD CLIMATE NORMALS FOR TODAY
                         NORMAL    RECORD    YEAR
 MAXIMUM TEMPERATURE (F)   77       104      1976
                                             1922
                                             1913
 MINIMUM TEMPERATURE (F)   54        34      1956


SUNRISE AND SUNSET
SEPTEMBER  6 2016.....SUNRISE   657 AM CDT   SUNSET   752 PM CDT
SEPTEMBER  7 2016.....SUNRISE   658 AM CDT   SUNSET   751 PM CDT


-  INDICATES NEGATIVE NUMBERS.
R  INDICATES RECORD WAS SET OR TIED.
MM INDICATES DATA IS MISSING.
T  INDICATES TRACE AMOUNT.




$$
