000
CDUS43 KFSD 130631
CLIFSD


CLIMATE REPORT
NATIONAL WEATHER SERVICE SIOUX FALLS SD
129 AM CDT THU APR 13 2017


...................................

...THE SIOUX FALLS SD CLIMATE SUMMARY FOR APRIL 12 2017...

CLIMATE NORMAL PERIOD 1981 TO 2010
CLIMATE RECORD PERIOD 1893 TO 2017


WEATHER ITEM   OBSERVED TIME   RECORD YEAR NORMAL DEPARTURE LAST
                VALUE   (LST)  VALUE       VALUE  FROM      YEAR
                                                  NORMAL
..................................................................
TEMPERATURE (F)
 YESTERDAY
  MAXIMUM         59    207 PM  85    1908  57      2       68
  MINIMUM         43    505 AM  14    1957  33     10       21
  AVERAGE         51                        45      6       45

PRECIPITATION (IN)
  YESTERDAY        0.02          1.52 1960   0.10  -0.08     0.00
  MONTH TO DATE    0.28                      1.12  -0.84     0.09
  SINCE MAR 1      0.82                      2.88  -2.06     2.18
  SINCE JAN 1      1.93                      4.04  -2.11     3.86

SNOWFALL (IN)
  YESTERDAY        0.0           3.5  1983   0.2   -0.2      0.0
  MONTH TO DATE    T                         2.3   -2.3       T
  SINCE MAR 1      8.0                      10.7   -2.7     12.2
  SINCE JUL 1     39.4                      42.2   -2.8     68.5
  SNOW DEPTH       0

DEGREE DAYS
 HEATING
  YESTERDAY       14                        20     -6       20
  MONTH TO DATE  183                       271    -88      285
  SINCE MAR 1   1093                      1266   -173     1049
  SINCE JUL 1   5899                      7116  -1217     6085

 COOLING
  YESTERDAY        0                         0      0        0
  MONTH TO DATE    1                         0      1        0
  SINCE MAR 1      1                         0      1        0
  SINCE JAN 1      1                         0      1        0
..................................................................


WIND (MPH)
  HIGHEST WIND SPEED    22   HIGHEST WIND DIRECTION    NE (60)
  HIGHEST GUST SPEED    25   HIGHEST GUST DIRECTION    NE (60)
  AVERAGE WIND SPEED     9.0


SKY COVER
  POSSIBLE SUNSHINE  MM
  AVERAGE SKY COVER 0.7


WEATHER CONDITIONS
 THE FOLLOWING WEATHER WAS RECORDED YESTERDAY.
  LIGHT RAIN
  HAZE


RELATIVE HUMIDITY (PERCENT)
 HIGHEST   100          1100 PM
 LOWEST     56           100 AM
 AVERAGE    78

..........................................................


THE SIOUX FALLS SD CLIMATE NORMALS FOR TODAY
                         NORMAL    RECORD    YEAR
 MAXIMUM TEMPERATURE (F)   58        87      2006
                                             1908
 MINIMUM TEMPERATURE (F)   33        11      1950


SUNRISE AND SUNSET
APRIL 13 2017.........SUNRISE   647 AM CDT   SUNSET   808 PM CDT
APRIL 14 2017.........SUNRISE   646 AM CDT   SUNSET   809 PM CDT


-  INDICATES NEGATIVE NUMBERS.
R  INDICATES RECORD WAS SET OR TIED.
MM INDICATES DATA IS MISSING.
T  INDICATES TRACE AMOUNT.




$$
