000
CDUS43 KFSD 300623
CLIFSD


CLIMATE REPORT
NATIONAL WEATHER SERVICE SIOUX FALLS SD
1223 AM CST TUE JAN 30 2018


...................................

...THE SIOUX FALLS SD CLIMATE SUMMARY FOR JANUARY 29 2018...

CLIMATE NORMAL PERIOD 1981 TO 2010
CLIMATE RECORD PERIOD 1893 TO 2018


WEATHER ITEM   OBSERVED TIME   RECORD YEAR NORMAL DEPARTURE LAST
                VALUE   (LST)  VALUE       VALUE  FROM      YEAR
                                                  NORMAL
..................................................................
TEMPERATURE (F)
 YESTERDAY
  MAXIMUM         19    405 PM  62    1931  27     -8       37
  MINIMUM         -3    754 AM -29    1966   8    -11       29
  AVERAGE          8                        18    -10       33

PRECIPITATION (IN)
  YESTERDAY        0.00          0.90 1922   0.02  -0.02     0.00
  MONTH TO DATE    0.38                      0.52  -0.14     0.62
  SINCE DEC 1      1.06                      1.21  -0.15     2.54
  SINCE JAN 1      0.38                      0.52  -0.14     0.62

SNOWFALL (IN)
  YESTERDAY        0.0           6.0  1922   0.3   -0.3      0.0
  MONTH TO DATE    5.8                       7.2   -1.4      9.4
  SINCE DEC 1     16.2                      15.4    0.8     20.3
  SINCE JUL 1     16.4                      24.1   -7.7     26.3
  SNOW DEPTH       1

DEGREE DAYS
 HEATING
  YESTERDAY       57                        48      9       32
  MONTH TO DATE 1390                      1410    -20     1295
  SINCE DEC 1   2742                      2831    -89     2684
  SINCE JUL 1   4151                      4543   -392     3819

 COOLING
  YESTERDAY        0                         0      0        0
  MONTH TO DATE    0                         0      0        0
  SINCE DEC 1      0                         0      0        0
  SINCE JAN 1      0                         0      0        0
..................................................................


WIND (MPH)
  HIGHEST WIND SPEED     8   HIGHEST WIND DIRECTION    SE (130)
  HIGHEST GUST SPEED    10   HIGHEST GUST DIRECTION    NE (30)
  AVERAGE WIND SPEED     3.6


SKY COVER
  POSSIBLE SUNSHINE  MM
  AVERAGE SKY COVER 0.2


WEATHER CONDITIONS
 THE FOLLOWING WEATHER WAS RECORDED YESTERDAY.
  NO SIGNIFICANT WEATHER WAS OBSERVED.


RELATIVE HUMIDITY (PERCENT)
 HIGHEST    95          1200 AM
 LOWEST     61           400 PM
 AVERAGE    78

..........................................................


THE SIOUX FALLS SD CLIMATE NORMALS FOR TODAY
                         NORMAL    RECORD    YEAR
 MAXIMUM TEMPERATURE (F)   28        58      1989
 MINIMUM TEMPERATURE (F)    8       -27      1899


SUNRISE AND SUNSET
JANUARY 30 2018.......SUNRISE   745 AM CST   SUNSET   536 PM CST
JANUARY 31 2018.......SUNRISE   744 AM CST   SUNSET   537 PM CST


-  INDICATES NEGATIVE NUMBERS.
R  INDICATES RECORD WAS SET OR TIED.
MM INDICATES DATA IS MISSING.
T  INDICATES TRACE AMOUNT.




$$
