000
CDUS43 KFSD 122238
CLIFSD


CLIMATE REPORT
NATIONAL WEATHER SERVICE SIOUX FALLS SD
538 PM CDT FRI MAY 12 2017


...................................

...THE SIOUX FALLS SD CLIMATE SUMMARY FOR MAY 12 2017...
VALID TODAY AS OF 0500 PM LOCAL TIME.

CLIMATE NORMAL PERIOD 1981 TO 2010
CLIMATE RECORD PERIOD 1893 TO 2017


WEATHER ITEM   OBSERVED TIME   RECORD YEAR NORMAL DEPARTURE LAST
                VALUE   (LST)  VALUE       VALUE  FROM      YEAR
                                                  NORMAL
..................................................................
TEMPERATURE (F)
 TODAY
  MAXIMUM         79    344 PM  93    1907  69     10       62
  MINIMUM         40    443 AM  20    1946  45     -5       42
  AVERAGE         60                        57      3       52

PRECIPITATION (IN)
  TODAY            0.00          1.96 1935   0.10  -0.10     0.00
  MONTH TO DATE    0.56                      1.26  -0.70     0.63
  SINCE MAR 1      3.97                      6.03  -2.06     7.34
  SINCE JAN 1      5.08                      7.19  -2.11     9.02

SNOWFALL (IN)
  TODAY            0.0           2.0  1943   0.0    0.0      0.0
  MONTH TO DATE    2.2                       0.4    1.8      0.0
  SINCE MAR 1     11.5                      13.4   -1.9     12.2
  SINCE JUL 1     42.9                      44.9   -2.0     68.5
  SNOW DEPTH       0

DEGREE DAYS
 HEATING
  TODAY            5                         9     -4       13
  MONTH TO DATE  106                       127    -21      101
  SINCE MAR 1   1490                      1684   -194     1347
  SINCE JUL 1   6296                      7534  -1238     6383

 COOLING
  TODAY            0                         1     -1        0
  MONTH TO DATE    5                         8     -3        6
  SINCE MAR 1      6                        13     -7        6
  SINCE JAN 1      6                        13     -7        6
..................................................................


WIND (MPH)
  HIGHEST WIND SPEED    13   HIGHEST WIND DIRECTION     W (250)
  HIGHEST GUST SPEED    19   HIGHEST GUST DIRECTION     W (250)
  AVERAGE WIND SPEED     3.9


SKY COVER
  POSSIBLE SUNSHINE  MM
  AVERAGE SKY COVER 0.2


WEATHER CONDITIONS
 THE FOLLOWING WEATHER WAS RECORDED TODAY.
  NO SIGNIFICANT WEATHER WAS OBSERVED.


RELATIVE HUMIDITY (PERCENT)
 HIGHEST    89           400 AM
 LOWEST     30           300 PM
 AVERAGE    60

..........................................................


THE SIOUX FALLS SD CLIMATE NORMALS FOR TOMORROW
                         NORMAL    RECORD    YEAR
 MAXIMUM TEMPERATURE (F)   69        92      1987
 MINIMUM TEMPERATURE (F)   45        24      1997


SUNRISE AND SUNSET
MAY 12 2017...........SUNRISE   605 AM CDT   SUNSET   842 PM CDT
MAY 13 2017...........SUNRISE   604 AM CDT   SUNSET   843 PM CDT


-  INDICATES NEGATIVE NUMBERS.
R  INDICATES RECORD WAS SET OR TIED.
MM INDICATES DATA IS MISSING.
T  INDICATES TRACE AMOUNT.




$$
