000
CDUS43 KFSD 230644
CLIFSD


CLIMATE REPORT
NATIONAL WEATHER SERVICE SIOUX FALLS SD
1243 AM CST MON FEB 23 2015


...................................

...THE SIOUX FALLS SD CLIMATE SUMMARY FOR FEBRUARY 22 2015...

CLIMATE NORMAL PERIOD 1981 TO 2010
CLIMATE RECORD PERIOD 1893 TO 2015


WEATHER ITEM   OBSERVED TIME   RECORD YEAR NORMAL DEPARTURE LAST
                VALUE   (LST)  VALUE       VALUE  FROM      YEAR
                                                  NORMAL
..................................................................
TEMPERATURE (F)
 YESTERDAY
  MAXIMUM          9    402 PM  70    1982  34    -25       26
  MINIMUM         -4   1052 PM -17    1989  14    -18       12
  AVERAGE          3                        24    -21       19

PRECIPITATION (IN)
  YESTERDAY        T             0.30 1913   0.02  -0.02     0.00
  MONTH TO DATE    0.26                      0.43  -0.17     0.50
  SINCE DEC 1      2.40                      1.68   0.72     1.94
  SINCE JAN 1      1.07                      0.99   0.08     0.81

SNOWFALL (IN)
  YESTERDAY        T             5.6  1999   0.2   -0.2      0.0
  MONTH TO DATE    4.1                       5.3   -1.2      6.9
  SINCE DEC 1     19.8                      21.2   -1.4     24.2
  SINCE JUL 1     28.1                      29.9   -1.8     32.1
  SNOW DEPTH       T

DEGREE DAYS
 HEATING
  YESTERDAY       62                        41     21       46
  MONTH TO DATE 1065                       980     85     1136
  SINCE DEC 1   3679                      3900   -221     4379
  SINCE JUL 1   5435                      5612   -177     6000

 COOLING
  YESTERDAY        0                         0      0        0
  MONTH TO DATE    0                         0      0        0
  SINCE DEC 1      0                         0      0        0
  SINCE JAN 1      0                         0      0        0
..................................................................


WIND (MPH)
  HIGHEST WIND SPEED    22   HIGHEST WIND DIRECTION     N (350)
  HIGHEST GUST SPEED    26   HIGHEST GUST DIRECTION     N (340)
  AVERAGE WIND SPEED    11.3


SKY COVER
  POSSIBLE SUNSHINE  MM
  AVERAGE SKY COVER 0.2


WEATHER CONDITIONS
 THE FOLLOWING WEATHER WAS RECORDED YESTERDAY.
  LIGHT SNOW


RELATIVE HUMIDITY (PERCENT)
 HIGHEST    79           700 AM
 LOWEST     45           300 PM
 AVERAGE    62

..........................................................


THE SIOUX FALLS SD CLIMATE NORMALS FOR TODAY
                         NORMAL    RECORD    YEAR
 MAXIMUM TEMPERATURE (F)   34        70      1958
 MINIMUM TEMPERATURE (F)   15       -19      1965


SUNRISE AND SUNSET
FEBRUARY 23 2015......SUNRISE   714 AM CST   SUNSET   608 PM CST
FEBRUARY 24 2015......SUNRISE   712 AM CST   SUNSET   609 PM CST


-  INDICATES NEGATIVE NUMBERS.
R  INDICATES RECORD WAS SET OR TIED.
MM INDICATES DATA IS MISSING.
T  INDICATES TRACE AMOUNT.




$$
