000
CDUS43 KFSD 110638
CLIFSD


CLIMATE REPORT
NATIONAL WEATHER SERVICE SIOUX FALLS SD
136 AM CDT MON MAY 11 2015


...................................

...THE SIOUX FALLS SD CLIMATE SUMMARY FOR MAY 10 2015...

CLIMATE NORMAL PERIOD 1981 TO 2010
CLIMATE RECORD PERIOD 1893 TO 2015


WEATHER ITEM   OBSERVED TIME   RECORD YEAR NORMAL DEPARTURE LAST
                VALUE   (LST)  VALUE       VALUE  FROM      YEAR
                                                  NORMAL
..................................................................
TEMPERATURE (F)
 YESTERDAY
  MAXIMUM         71   1231 PM  90    1987  68      3       78
  MINIMUM         42   1159 PM  25    1981  44     -2       41
  AVERAGE         57                        56      1       60

PRECIPITATION (IN)
  YESTERDAY        0.88          1.64 1920   0.10   0.78      T
  MONTH TO DATE    1.11                      1.06   0.05     0.15
  SINCE MAR 1      2.44                      5.83  -3.39     2.03
  SINCE JAN 1      3.66                      6.99  -3.33     3.02

SNOWFALL (IN)
  YESTERDAY        0.0           T    1966   0.0    0.0      0.0
                                      1946
  MONTH TO DATE    0.0                       0.4   -0.4      0.0
  SINCE MAR 1      1.7                      13.4  -11.7     11.1
  SINCE JUL 1     31.9                      44.9  -13.0     45.3
  SNOW DEPTH       0

DEGREE DAYS
 HEATING
  YESTERDAY        8                        10     -2        5
  MONTH TO DATE   59                       109    -50      120
  SINCE MAR 1   1310                      1666   -356     1791
  SINCE JUL 1   7059                      7516   -457     8138

 COOLING
  YESTERDAY        0                         1     -1        0
  MONTH TO DATE    6                         6      0        0
  SINCE MAR 1     10                        11     -1        0
  SINCE JAN 1     10                        11     -1        0
..................................................................


WIND (MPH)
  HIGHEST WIND SPEED    26   HIGHEST WIND DIRECTION     E (110)
  HIGHEST GUST SPEED    32   HIGHEST GUST DIRECTION    SE (120)
  AVERAGE WIND SPEED    13.1


SKY COVER
  POSSIBLE SUNSHINE  MM
  AVERAGE SKY COVER 0.9


WEATHER CONDITIONS
 THE FOLLOWING WEATHER WAS RECORDED YESTERDAY.
  THUNDERSTORM
  HEAVY RAIN
  RAIN
  LIGHT RAIN
  FOG


RELATIVE HUMIDITY (PERCENT)
 HIGHEST    96           800 AM
 LOWEST     61          1200 AM
 AVERAGE    79

..........................................................


THE SIOUX FALLS SD CLIMATE NORMALS FOR TODAY
                         NORMAL    RECORD    YEAR
 MAXIMUM TEMPERATURE (F)   68        95      1906
 MINIMUM TEMPERATURE (F)   45        21      1946


SUNRISE AND SUNSET
MAY 11 2015...........SUNRISE   607 AM CDT   SUNSET   840 PM CDT
MAY 12 2015...........SUNRISE   606 AM CDT   SUNSET   842 PM CDT


-  INDICATES NEGATIVE NUMBERS.
R  INDICATES RECORD WAS SET OR TIED.
MM INDICATES DATA IS MISSING.
T  INDICATES TRACE AMOUNT.




$$
