000
CDUS43 KFSD 110646
CLIFSD


CLIMATE REPORT
NATIONAL WEATHER SERVICE SIOUX FALLS SD
145 AM CDT SUN JUN 11 2017


...................................

...THE SIOUX FALLS SD CLIMATE SUMMARY FOR JUNE 10 2017...

CLIMATE NORMAL PERIOD 1981 TO 2010
CLIMATE RECORD PERIOD 1893 TO 2017


WEATHER ITEM   OBSERVED TIME   RECORD YEAR NORMAL DEPARTURE LAST
                VALUE   (LST)  VALUE       VALUE  FROM      YEAR
                                                  NORMAL
..................................................................
TEMPERATURE (F)
 YESTERDAY
  MAXIMUM         92    321 PM 100    1933  78     14       95
  MINIMUM         73   1002 PM  35    1900  55     18       75
  AVERAGE         83                        66     17       85

PRECIPITATION (IN)
  YESTERDAY        0.00          1.37 1919   0.14  -0.14     0.00
  MONTH TO DATE    0.00                      1.31  -1.31     0.47
  SINCE JUN 1      0.00                      1.31  -1.31     0.47
  SINCE JAN 1      7.75                     10.64  -2.89    11.97

SNOWFALL (IN)
  YESTERDAY        0.0           0.0    MM   0.0    0.0      0.0
  MONTH TO DATE    0.0                       0.0    0.0      0.0
  SINCE JUN 1      0.0                       0.0    0.0      0.0
  SINCE JUL 1     42.9                      44.5   -1.6     68.5
  SNOW DEPTH       0

DEGREE DAYS
 HEATING
  YESTERDAY        0                         2     -2        0
  MONTH TO DATE    3                        31    -28        9
  SINCE JUN 1      3                        31    -28        9
  SINCE JUL 1   6440                      7686  -1246     6504

 COOLING
  YESTERDAY       18                         3     15       20
  MONTH TO DATE  100                        26     74       55
  SINCE JUN 1    100                        26     74       55
  SINCE JAN 1    126                        62     64       88
..................................................................


WIND (MPH)
  HIGHEST WIND SPEED    29   HIGHEST WIND DIRECTION     S (200)
  HIGHEST GUST SPEED    39   HIGHEST GUST DIRECTION     S (200)
  AVERAGE WIND SPEED    13.6


SKY COVER
  POSSIBLE SUNSHINE  MM
  AVERAGE SKY COVER 0.3


WEATHER CONDITIONS
 THE FOLLOWING WEATHER WAS RECORDED YESTERDAY.
  NO SIGNIFICANT WEATHER WAS OBSERVED.


RELATIVE HUMIDITY (PERCENT)
 HIGHEST    74           700 AM
 LOWEST     38           500 PM
 AVERAGE    56

..........................................................


THE SIOUX FALLS SD CLIMATE NORMALS FOR TODAY
                         NORMAL    RECORD    YEAR
 MAXIMUM TEMPERATURE (F)   78        99      1976
 MINIMUM TEMPERATURE (F)   55        34      1903


SUNRISE AND SUNSET
JUNE 11 2017..........SUNRISE   545 AM CDT   SUNSET   908 PM CDT
JUNE 12 2017..........SUNRISE   545 AM CDT   SUNSET   909 PM CDT


-  INDICATES NEGATIVE NUMBERS.
R  INDICATES RECORD WAS SET OR TIED.
MM INDICATES DATA IS MISSING.
T  INDICATES TRACE AMOUNT.




$$
