000
CDUS43 KFSD 252233
CLIFSD


CLIMATE REPORT
NATIONAL WEATHER SERVICE SIOUX FALLS SD
433 PM CST SUN DEC 25 2016


...................................

...THE SIOUX FALLS SD CLIMATE SUMMARY FOR DECEMBER 25 2016...
VALID TODAY AS OF 0400 PM LOCAL TIME.

CLIMATE NORMAL PERIOD 1981 TO 2010
CLIMATE RECORD PERIOD 1893 TO 2016


WEATHER ITEM   OBSERVED TIME   RECORD YEAR NORMAL DEPARTURE LAST
                VALUE   (LST)  VALUE       VALUE  FROM      YEAR
                                                  NORMAL
..................................................................
TEMPERATURE (F)
 TODAY
  MAXIMUM         35    359 PM  50    1959  26      9       32
  MINIMUM         30    153 AM -21    1990   8     22       22
  AVERAGE         33                        17     16       27

PRECIPITATION (IN)
  TODAY            1.02          1.13 1945   0.02   1.00     0.28
  MONTH TO DATE    1.71                      0.58   1.13     0.66
  SINCE DEC 1      1.71                      0.58   1.13     0.66
  SINCE JAN 1     32.02                     26.27   5.75    32.29

SNOWFALL (IN)
  TODAY            0.0          10.5  2009   0.3   -0.3      4.0
  MONTH TO DATE   10.9                       6.8    4.1      6.0
  SINCE DEC 1     10.9                       6.8    4.1      6.0
  SINCE JUL 1     16.9                      15.5    1.4     23.3
  SNOW DEPTH       2

DEGREE DAYS
 HEATING
  TODAY           32                        48    -16       38
  MONTH TO DATE 1169                      1131     38      886
  SINCE DEC 1   1169                      1131     38      886
  SINCE JUL 1   2304                      2843   -539     2160

 COOLING
  TODAY            0                         0      0        0
  MONTH TO DATE    0                         0      0        0
  SINCE DEC 1      0                         0      0        0
  SINCE JAN 1    879                       690    189      715
..................................................................


WIND (MPH)
  HIGHEST WIND SPEED    35   HIGHEST WIND DIRECTION     E (110)
  HIGHEST GUST SPEED    45   HIGHEST GUST DIRECTION    SE (120)
  AVERAGE WIND SPEED    18.1


SKY COVER
  POSSIBLE SUNSHINE  MM
  AVERAGE SKY COVER 1.0


WEATHER CONDITIONS
 THE FOLLOWING WEATHER WAS RECORDED TODAY.
  THUNDERSTORM
  HEAVY RAIN
  RAIN
  LIGHT RAIN
  LT FREEZING RAIN
  FOG


RELATIVE HUMIDITY (PERCENT)
 HIGHEST   100          1200 AM
 LOWEST    100          1200 AM
 AVERAGE   100

..........................................................


THE SIOUX FALLS SD CLIMATE NORMALS FOR TOMORROW
                         NORMAL    RECORD    YEAR
 MAXIMUM TEMPERATURE (F)   26        54      2011
 MINIMUM TEMPERATURE (F)    8       -22      1951


SUNRISE AND SUNSET
DECEMBER 25 2016......SUNRISE   759 AM CST   SUNSET   456 PM CST
DECEMBER 26 2016......SUNRISE   759 AM CST   SUNSET   457 PM CST


-  INDICATES NEGATIVE NUMBERS.
R  INDICATES RECORD WAS SET OR TIED.
MM INDICATES DATA IS MISSING.
T  INDICATES TRACE AMOUNT.




$$
