000
CDUS43 KFSD 100628
CLIFSD


CLIMATE REPORT
NATIONAL WEATHER SERVICE SIOUX FALLS SD
128 AM CDT THU APR 10 2014


...................................

...THE SIOUX FALLS SD CLIMATE SUMMARY FOR APRIL 9 2014...

CLIMATE NORMAL PERIOD 1981 TO 2010
CLIMATE RECORD PERIOD 1893 TO 2014


WEATHER ITEM   OBSERVED TIME   RECORD YEAR NORMAL DEPARTURE LAST
                VALUE   (LST)  VALUE       VALUE  FROM      YEAR
                                                  NORMAL
..................................................................
TEMPERATURE (F)
 YESTERDAY
  MAXIMUM         81    500 PM  88    1977  56     25       35
  MINIMUM         38   1245 AM  10    1997  32      6       23
  AVERAGE         60                        44     16       29

PRECIPITATION (IN)
  YESTERDAY        0.00          1.42 2013   0.10  -0.10     1.42
  MONTH TO DATE    0.22                      0.82  -0.60     1.57
  SINCE MAR 1      0.93                      2.58  -1.65     2.45
  SINCE JAN 1      1.92                      3.74  -1.82     3.80

SNOWFALL (IN)
  YESTERDAY        0.0           5.9  1995   0.2   -0.2      1.2
  MONTH TO DATE    2.6                       1.8    0.8      1.2
  SINCE MAR 1     10.3                      10.2    0.1      2.7
  SINCE JUL 1     44.5                      41.7    2.8     28.2
  SNOW DEPTH       0

DEGREE DAYS
 HEATING
  YESTERDAY        5                        21    -16       36
  MONTH TO DATE  218                       209      9      226
  SINCE MAR 1   1319                      1204    115     1379
  SINCE JUL 1   7666                      7054    612     6998

 COOLING
  YESTERDAY        0                         0      0        0
  MONTH TO DATE    0                         0      0        0
  SINCE MAR 1      0                         0      0        0
  SINCE JAN 1      0                         0      0        0
..................................................................


WIND (MPH)
  HIGHEST WIND SPEED    32   HIGHEST WIND DIRECTION     N (360)
  HIGHEST GUST SPEED    39   HIGHEST GUST DIRECTION     N (350)
  AVERAGE WIND SPEED    11.3


SKY COVER
  POSSIBLE SUNSHINE  MM
  AVERAGE SKY COVER 0.6


WEATHER CONDITIONS
 THE FOLLOWING WEATHER WAS RECORDED YESTERDAY.
  NO SIGNIFICANT WEATHER WAS OBSERVED.


RELATIVE HUMIDITY (PERCENT)
 HIGHEST    54          1200 AM
 LOWEST     14           500 PM
 AVERAGE    34

..........................................................


THE SIOUX FALLS SD CLIMATE NORMALS FOR TODAY
                         NORMAL    RECORD    YEAR
 MAXIMUM TEMPERATURE (F)   56        83      1977
                                             1930
                                             1910
 MINIMUM TEMPERATURE (F)   32        18      1989


SUNRISE AND SUNSET
APRIL 10 2014.........SUNRISE   653 AM CDT   SUNSET   804 PM CDT
APRIL 11 2014.........SUNRISE   651 AM CDT   SUNSET   806 PM CDT


-  INDICATES NEGATIVE NUMBERS.
R  INDICATES RECORD WAS SET OR TIED.
MM INDICATES DATA IS MISSING.
T  INDICATES TRACE AMOUNT.




$$
