221
CDUS43 KFSD 270652
CLIFSD


CLIMATE REPORT
NATIONAL WEATHER SERVICE SIOUX FALLS SD
1251 AM CST SUN NOV 27 2016


...................................

...THE SIOUX FALLS SD CLIMATE SUMMARY FOR NOVEMBER 26 2016...

CLIMATE NORMAL PERIOD 1981 TO 2010
CLIMATE RECORD PERIOD 1893 TO 2016


WEATHER ITEM   OBSERVED TIME   RECORD YEAR NORMAL DEPARTURE LAST
                VALUE   (LST)  VALUE       VALUE  FROM      YEAR
                                                  NORMAL
..................................................................
TEMPERATURE (F)
 YESTERDAY
  MAXIMUM         50    322 PM  67    1914  36     14       32
  MINIMUM         24   1124 PM -12    1996  17      7       16
                                      1898
  AVERAGE         37                        26     11       24

PRECIPITATION (IN)
  YESTERDAY        0.00          1.42 2001   0.04  -0.04     0.12
  MONTH TO DATE    0.90                      1.21  -0.31     3.24
  SINCE SEP 1     11.54                      6.15   5.39     9.38
  SINCE JAN 1     29.40                     25.54   3.86    30.98

SNOWFALL (IN)
  YESTERDAY        0.0          12.1  2001   0.3   -0.3      1.4
  MONTH TO DATE    5.0                       6.2   -1.2      8.6
  SINCE SEP 1      5.0                       7.5   -2.5      8.6
  SINCE JUL 1      5.0                       7.5   -2.5      8.6
  SNOW DEPTH       0

DEGREE DAYS
 HEATING
  YESTERDAY       28                        38    -10       41
  MONTH TO DATE  558                       811   -253      633
  SINCE SEP 1   1011                      1520   -509     1072
  SINCE JUL 1   1019                      1551   -532     1112

 COOLING
  YESTERDAY        0                         0      0        0
  MONTH TO DATE    0                         0      0        0
  SINCE SEP 1     99                        65     34      140
  SINCE JAN 1    879                       690    189      715
..................................................................


WIND (MPH)
  HIGHEST WIND SPEED    15   HIGHEST WIND DIRECTION     S (180)
  HIGHEST GUST SPEED    21   HIGHEST GUST DIRECTION     S (180)
  AVERAGE WIND SPEED     3.4


SKY COVER
  POSSIBLE SUNSHINE  MM
  AVERAGE SKY COVER 0.3


WEATHER CONDITIONS
 THE FOLLOWING WEATHER WAS RECORDED YESTERDAY.
  FOG


RELATIVE HUMIDITY (PERCENT)
 HIGHEST   100          1000 PM
 LOWEST     61           200 PM
 AVERAGE    81

..........................................................


THE SIOUX FALLS SD CLIMATE NORMALS FOR TODAY
                         NORMAL    RECORD    YEAR
 MAXIMUM TEMPERATURE (F)   35        65      1963
 MINIMUM TEMPERATURE (F)   17        -8      1985
                                             1897


SUNRISE AND SUNSET
NOVEMBER 27 2016......SUNRISE   736 AM CST   SUNSET   453 PM CST
NOVEMBER 28 2016......SUNRISE   737 AM CST   SUNSET   452 PM CST


-  INDICATES NEGATIVE NUMBERS.
R  INDICATES RECORD WAS SET OR TIED.
MM INDICATES DATA IS MISSING.
T  INDICATES TRACE AMOUNT.




$$
