000
CDUS43 KFSD 050626
CLIFSD


CLIMATE REPORT
NATIONAL WEATHER SERVICE SIOUX FALLS SD
1225 AM CST FRI DEC 5 2014


...................................

...THE SIOUX FALLS SD CLIMATE SUMMARY FOR DECEMBER 4 2014...

CLIMATE NORMAL PERIOD 1981 TO 2010
CLIMATE RECORD PERIOD 1893 TO 2014


WEATHER ITEM   OBSERVED TIME   RECORD YEAR NORMAL DEPARTURE LAST
                VALUE   (LST)  VALUE       VALUE  FROM      YEAR
                                                  NORMAL
..................................................................
TEMPERATURE (F)
 YESTERDAY
  MAXIMUM         40        MM  53    1946  32      8       25
  MINIMUM         23        MM -13    1978  13     10        7
  AVERAGE         32                        23      9       16

PRECIPITATION (IN)
  YESTERDAY        0.00          0.68 1947   0.03  -0.03     0.53
  MONTH TO DATE    0.00                      0.12  -0.12     0.59
  SINCE DEC 1      0.00                      0.12  -0.12     0.59
  SINCE JAN 1     27.94                     25.81   2.13    25.25

SNOWFALL (IN)
  YESTERDAY        0.0           6.5  1924   0.3   -0.3      5.4
  MONTH TO DATE    0.0                       1.1   -1.1      6.2
  SINCE DEC 1      0.0                       1.1   -1.1      6.2
  SINCE JUL 1      8.3                       9.8   -1.5     14.1
  SNOW DEPTH       0

DEGREE DAYS
 HEATING
  YESTERDAY       33                        42     -9       49
  MONTH TO DATE  172                       167      5      146
  SINCE DEC 1    172                       167      5      146
  SINCE JUL 1   1928                      1879     49     1767

 COOLING
  YESTERDAY        0                         0      0        0
  MONTH TO DATE    0                         0      0        0
  SINCE DEC 1      0                         0      0        0
  SINCE JAN 1    610                       690    -80      787
..................................................................


WIND (MPH)
  HIGHEST WIND SPEED    21   HIGHEST WIND DIRECTION     S (170)
  HIGHEST GUST SPEED    31   HIGHEST GUST DIRECTION     S (180)
  AVERAGE WIND SPEED    14.6


SKY COVER
  POSSIBLE SUNSHINE  MM
  AVERAGE SKY COVER 0.4


WEATHER CONDITIONS
 THE FOLLOWING WEATHER WAS RECORDED YESTERDAY.
  NO SIGNIFICANT WEATHER WAS OBSERVED.


RELATIVE HUMIDITY (PERCENT)
 HIGHEST    78          1100 PM
 LOWEST     40           100 PM
 AVERAGE    59

..........................................................


THE SIOUX FALLS SD CLIMATE NORMALS FOR TODAY
                         NORMAL    RECORD    YEAR
 MAXIMUM TEMPERATURE (F)   32        59      1963
 MINIMUM TEMPERATURE (F)   13       -11      1950


SUNRISE AND SUNSET
DECEMBER  5 2014......SUNRISE   744 AM CST   SUNSET   451 PM CST
DECEMBER  6 2014......SUNRISE   745 AM CST   SUNSET   450 PM CST


-  INDICATES NEGATIVE NUMBERS.
R  INDICATES RECORD WAS SET OR TIED.
MM INDICATES DATA IS MISSING.
T  INDICATES TRACE AMOUNT.




$$
