000
CDUS43 KFSD 290651
CLIFSD


CLIMATE REPORT
NATIONAL WEATHER SERVICE SIOUX FALLS SD
145 AM CDT SUN OCT 29 2017


...................................

...THE SIOUX FALLS SD CLIMATE SUMMARY FOR OCTOBER 28 2017...

CLIMATE NORMAL PERIOD 1981 TO 2010
CLIMATE RECORD PERIOD 1893 TO 2017


WEATHER ITEM   OBSERVED TIME   RECORD YEAR NORMAL DEPARTURE LAST
                VALUE   (LST)  VALUE       VALUE  FROM      YEAR
                                                  NORMAL
..................................................................
TEMPERATURE (F)
 YESTERDAY
  MAXIMUM         50    352 PM  79    1937  54     -4       78
  MINIMUM         13    709 AM   2    1925  32    -19       50
  AVERAGE         32                        43    -11       64

PRECIPITATION (IN)
  YESTERDAY        0.00          1.19 1961   0.05  -0.05     0.00
  MONTH TO DATE    5.24                      2.02   3.22     3.07
  SINCE SEP 1      6.86                      4.79   2.07    10.62
  SINCE JAN 1     24.45                     24.18   0.27    28.48

SNOWFALL (IN)
  YESTERDAY        0.0           4.5  1925   0.1   -0.1      0.0
  MONTH TO DATE    T                         1.0   -1.0       T
  SINCE SEP 1      T                         1.0   -1.0       T
  SINCE JUL 1      T                         1.0   -1.0       T
  SNOW DEPTH       0

DEGREE DAYS
 HEATING
  YESTERDAY       33                        22     11        1
  MONTH TO DATE  359                       466   -107      336
  SINCE SEP 1    445                       639   -194      406
  SINCE JUL 1    451                       670   -219      414

 COOLING
  YESTERDAY        0                         0      0        0
  MONTH TO DATE    4                         0      4        2
  SINCE SEP 1    102                        60     42       99
  SINCE JAN 1    776                       685     91      879
..................................................................


WIND (MPH)
  HIGHEST WIND SPEED    10   HIGHEST WIND DIRECTION     S (200)
  HIGHEST GUST SPEED    14   HIGHEST GUST DIRECTION     S (200)
  AVERAGE WIND SPEED     3.9


SKY COVER
  POSSIBLE SUNSHINE  MM
  AVERAGE SKY COVER 0.3


WEATHER CONDITIONS
 THE FOLLOWING WEATHER WAS RECORDED YESTERDAY.
  NO SIGNIFICANT WEATHER WAS OBSERVED.


RELATIVE HUMIDITY (PERCENT)
 HIGHEST    91           300 AM
 LOWEST     19           400 PM
 AVERAGE    55

..........................................................


THE SIOUX FALLS SD CLIMATE NORMALS FOR TODAY
                         NORMAL    RECORD    YEAR
 MAXIMUM TEMPERATURE (F)   53        86      1937
 MINIMUM TEMPERATURE (F)   31        -5      1925


SUNRISE AND SUNSET
OCTOBER 29 2017.......SUNRISE   759 AM CDT   SUNSET   622 PM CDT
OCTOBER 30 2017.......SUNRISE   800 AM CDT   SUNSET   620 PM CDT


-  INDICATES NEGATIVE NUMBERS.
R  INDICATES RECORD WAS SET OR TIED.
MM INDICATES DATA IS MISSING.
T  INDICATES TRACE AMOUNT.




$$
