877
CDUS43 KFSD 080702
CLIFSD


CLIMATE REPORT
NATIONAL WEATHER SERVICE SIOUX FALLS SD
101 AM CST WED FEB 8 2017


...................................

...THE SIOUX FALLS SD CLIMATE SUMMARY FOR FEBRUARY 7 2017...

CLIMATE NORMAL PERIOD 1981 TO 2010
CLIMATE RECORD PERIOD 1893 TO 2017


WEATHER ITEM   OBSERVED TIME   RECORD YEAR NORMAL DEPARTURE LAST
                VALUE   (LST)  VALUE       VALUE  FROM      YEAR
                                                  NORMAL
..................................................................
TEMPERATURE (F)
 YESTERDAY
  MAXIMUM         30   1232 AM  65    1987  29      1       40
  MINIMUM         12   1159 PM -30    1895   9      3       24
  AVERAGE         21                        19      2       32

PRECIPITATION (IN)
  YESTERDAY        T             0.31 2010   0.02  -0.02     0.01
  MONTH TO DATE    T                         0.13  -0.13     0.31
  SINCE DEC 1      2.54                      1.38   1.16     2.10
  SINCE JAN 1      0.62                      0.69  -0.07     0.79

SNOWFALL (IN)
  YESTERDAY        T             3.7  2010   0.2   -0.2      0.2
  MONTH TO DATE    T                         1.7   -1.7      4.4
  SINCE DEC 1     20.3                      17.6    2.7     30.4
  SINCE JUL 1     26.3                      26.3    0.0     47.7
  SNOW DEPTH       T

DEGREE DAYS
 HEATING
  YESTERDAY       44                        46     -2       33
  MONTH TO DATE  304                       326    -22      281
  SINCE DEC 1   3050                      3246   -196     2943
  SINCE JUL 1   4185                      4958   -773     4217

 COOLING
  YESTERDAY        0                         0      0        0
  MONTH TO DATE    0                         0      0        0
  SINCE DEC 1      0                         0      0        0
  SINCE JAN 1      0                         0      0        0
..................................................................


WIND (MPH)
  HIGHEST WIND SPEED    28   HIGHEST WIND DIRECTION    NW (310)
  HIGHEST GUST SPEED    33   HIGHEST GUST DIRECTION    NW (320)
  AVERAGE WIND SPEED    16.2


SKY COVER
  POSSIBLE SUNSHINE  MM
  AVERAGE SKY COVER 0.9


WEATHER CONDITIONS
 THE FOLLOWING WEATHER WAS RECORDED YESTERDAY.
  LT FREEZING RAIN
  SNOW
  LIGHT SNOW
  FOG


RELATIVE HUMIDITY (PERCENT)
 HIGHEST    92          1200 AM
 LOWEST     62           400 PM
 AVERAGE    77

..........................................................


THE SIOUX FALLS SD CLIMATE NORMALS FOR TODAY
                         NORMAL    RECORD    YEAR
 MAXIMUM TEMPERATURE (F)   29        58      2002
                                             1991
 MINIMUM TEMPERATURE (F)   10       -38      1899


SUNRISE AND SUNSET
FEBRUARY  8 2017......SUNRISE   734 AM CST   SUNSET   548 PM CST
FEBRUARY  9 2017......SUNRISE   733 AM CST   SUNSET   550 PM CST


-  INDICATES NEGATIVE NUMBERS.
R  INDICATES RECORD WAS SET OR TIED.
MM INDICATES DATA IS MISSING.
T  INDICATES TRACE AMOUNT.




$$
