647
CDUS43 KFSD 150650
CLIFSD


CLIMATE REPORT
NATIONAL WEATHER SERVICE SIOUX FALLS SD
149 AM CDT FRI SEP 15 2017


...................................

...THE SIOUX FALLS SD CLIMATE SUMMARY FOR SEPTEMBER 14 2017...

CLIMATE NORMAL PERIOD 1981 TO 2010
CLIMATE RECORD PERIOD 1893 TO 2017


WEATHER ITEM   OBSERVED TIME   RECORD YEAR NORMAL DEPARTURE LAST
                VALUE   (LST)  VALUE       VALUE  FROM      YEAR
                                                  NORMAL
..................................................................
TEMPERATURE (F)
 YESTERDAY
  MAXIMUM         83    554 PM  97    1939  74      9       70
  MINIMUM         62    428 AM  33    1949  50     12       42
  AVERAGE         73                        62     11       56

PRECIPITATION (IN)
  YESTERDAY        0.00          2.00 1928   0.09  -0.09     0.00
  MONTH TO DATE    0.17                      1.35  -1.18     2.71
  SINCE SEP 1      0.17                      1.35  -1.18     2.71
  SINCE JAN 1     17.76                     20.74  -2.98    20.57

SNOWFALL (IN)
  YESTERDAY        0.0           0.0    MM   0.0    0.0      0.0
  MONTH TO DATE    0.0                       0.0    0.0      0.0
  SINCE SEP 1      0.0                       0.0    0.0      0.0
  SINCE JUL 1      0.0                       0.0    0.0      0.0
  SNOW DEPTH       0

DEGREE DAYS
 HEATING
  YESTERDAY        0                         5     -5        9
  MONTH TO DATE   22                        46    -24       24
  SINCE SEP 1     22                        46    -24       24
  SINCE JUL 1     28                        77    -49       32

 COOLING
  YESTERDAY        8                         2      6        0
  MONTH TO DATE   56                        44     12       44
  SINCE SEP 1     56                        44     12       44
  SINCE JAN 1    730                       669     61      824
..................................................................


WIND (MPH)
  HIGHEST WIND SPEED    17   HIGHEST WIND DIRECTION     S (190)
  HIGHEST GUST SPEED    24   HIGHEST GUST DIRECTION     S (170)
  AVERAGE WIND SPEED     6.7


SKY COVER
  POSSIBLE SUNSHINE  MM
  AVERAGE SKY COVER 0.2


WEATHER CONDITIONS
 THE FOLLOWING WEATHER WAS RECORDED YESTERDAY.
  NO SIGNIFICANT WEATHER WAS OBSERVED.


RELATIVE HUMIDITY (PERCENT)
 HIGHEST    93           900 PM
 LOWEST     54          1200 PM
 AVERAGE    74

..........................................................


THE SIOUX FALLS SD CLIMATE NORMALS FOR TODAY
                         NORMAL    RECORD    YEAR
 MAXIMUM TEMPERATURE (F)   74        99      1955
 MINIMUM TEMPERATURE (F)   50        28      1916


SUNRISE AND SUNSET
SEPTEMBER 15 2017.....SUNRISE   707 AM CDT   SUNSET   737 PM CDT
SEPTEMBER 16 2017.....SUNRISE   708 AM CDT   SUNSET   735 PM CDT


-  INDICATES NEGATIVE NUMBERS.
R  INDICATES RECORD WAS SET OR TIED.
MM INDICATES DATA IS MISSING.
T  INDICATES TRACE AMOUNT.




$$
