000
CDUS43 KFSD 102222
CLIFSD


CLIMATE REPORT
NATIONAL WEATHER SERVICE SIOUX FALLS SD
521 PM CDT MON JUL 10 2017


...................................

...THE SIOUX FALLS SD CLIMATE SUMMARY FOR JULY 10 2017...
VALID TODAY AS OF 0500 PM LOCAL TIME.

CLIMATE NORMAL PERIOD 1981 TO 2010
CLIMATE RECORD PERIOD 1893 TO 2017


WEATHER ITEM   OBSERVED TIME   RECORD YEAR NORMAL DEPARTURE LAST
                VALUE   (LST)  VALUE       VALUE  FROM      YEAR
                                                  NORMAL
..................................................................
TEMPERATURE (F)
 TODAY
  MAXIMUM         86    339 PM 106    1966  84      2       87
  MINIMUM         69    605 AM  43    1996  62      7       66
  AVERAGE         78                        73      5       77

PRECIPITATION (IN)
  TODAY            0.00          2.81 1993   0.11  -0.11     0.01
  MONTH TO DATE    0.00                      1.04  -1.04     0.66
  SINCE JUN 1      3.29                      4.96  -1.67     2.38
  SINCE JAN 1     11.04                     14.29  -3.25    13.88

SNOWFALL (IN)
  TODAY            0.0           0.0    MM   0.0    0.0      0.0
  MONTH TO DATE    0.0                       0.0    0.0      0.0
  SINCE JUN 1      0.0                       0.0    0.0      0.0
  SINCE JUL 1      0.0                       0.0    0.0      0.0
  SNOW DEPTH       0

DEGREE DAYS
 HEATING
  TODAY            0                         0      0        0
  MONTH TO DATE    0                         0      0        4
  SINCE JUN 1     26                        51    -25       13
  SINCE JUL 1      0                         0      0        4

 COOLING
  TODAY           13                         8      5       12
  MONTH TO DATE  100                        79     21       67
  SINCE JUN 1    299                       214     85      302
  SINCE JAN 1    325                       250     75      335
..................................................................


WIND (MPH)
  HIGHEST WIND SPEED    18   HIGHEST WIND DIRECTION    NE (50)
  HIGHEST GUST SPEED    23   HIGHEST GUST DIRECTION     N (360)
  AVERAGE WIND SPEED    11.6


SKY COVER
  POSSIBLE SUNSHINE  MM
  AVERAGE SKY COVER 0.5


WEATHER CONDITIONS
 THE FOLLOWING WEATHER WAS RECORDED TODAY.
  NO SIGNIFICANT WEATHER WAS OBSERVED.


RELATIVE HUMIDITY (PERCENT)
 HIGHEST    90           300 AM
 LOWEST     48           400 PM
 AVERAGE    69

..........................................................


THE SIOUX FALLS SD CLIMATE NORMALS FOR TOMORROW
                         NORMAL    RECORD    YEAR
 MAXIMUM TEMPERATURE (F)   84       104      1894
 MINIMUM TEMPERATURE (F)   62        46      1975


SUNRISE AND SUNSET
JULY 10 2017..........SUNRISE   556 AM CDT   SUNSET   909 PM CDT
JULY 11 2017..........SUNRISE   556 AM CDT   SUNSET   908 PM CDT


-  INDICATES NEGATIVE NUMBERS.
R  INDICATES RECORD WAS SET OR TIED.
MM INDICATES DATA IS MISSING.
T  INDICATES TRACE AMOUNT.




$$
