148
CDUS43 KFSD 070652
CLIFSD


CLIMATE REPORT
NATIONAL WEATHER SERVICE SIOUX FALLS SD
1251 AM CST SUN JAN 7 2018


...................................

...THE SIOUX FALLS SD CLIMATE SUMMARY FOR JANUARY 6 2018...

CLIMATE NORMAL PERIOD 1981 TO 2010
CLIMATE RECORD PERIOD 1893 TO 2018


WEATHER ITEM   OBSERVED TIME   RECORD YEAR NORMAL DEPARTURE LAST
                VALUE   (LST)  VALUE       VALUE  FROM      YEAR
                                                  NORMAL
..................................................................
TEMPERATURE (F)
 YESTERDAY
  MAXIMUM         18   1159 PM  51    1900  26     -8       17
  MINIMUM          1    806 AM -29    1988   7     -6       -5
  AVERAGE         10                        16     -6        6

PRECIPITATION (IN)
  YESTERDAY        0.00          0.44 2010   0.02  -0.02     0.00
  MONTH TO DATE    T                         0.11  -0.11     0.06
  SINCE DEC 1      0.68                      0.80  -0.12     1.98
  SINCE JAN 1      T                         0.11  -0.11     0.06

SNOWFALL (IN)
  YESTERDAY        0.0           5.7  2010   0.3   -0.3      0.0
  MONTH TO DATE    T                         1.5   -1.5      0.6
  SINCE DEC 1     10.4                       9.7    0.7     11.5
  SINCE JUL 1     10.6                      18.4   -7.8     17.5
  SNOW DEPTH       4

DEGREE DAYS
 HEATING
  YESTERDAY       55                        49      6       59
  MONTH TO DATE  382                       294     88      325
  SINCE DEC 1   1734                      1715     19     1714
  SINCE JUL 1   3143                      3427   -284     2849

 COOLING
  YESTERDAY        0                         0      0        0
  MONTH TO DATE    0                         0      0        0
  SINCE DEC 1      0                         0      0        0
  SINCE JAN 1      0                         0      0        0
..................................................................


WIND (MPH)
  HIGHEST WIND SPEED    26   HIGHEST WIND DIRECTION     S (180)
  HIGHEST GUST SPEED    35   HIGHEST GUST DIRECTION     S (180)
  AVERAGE WIND SPEED    15.2


SKY COVER
  POSSIBLE SUNSHINE  MM
  AVERAGE SKY COVER 0.8


WEATHER CONDITIONS
 THE FOLLOWING WEATHER WAS RECORDED YESTERDAY.
  NO SIGNIFICANT WEATHER WAS OBSERVED.


RELATIVE HUMIDITY (PERCENT)
 HIGHEST    80           800 PM
 LOWEST     68           100 AM
 AVERAGE    74

..........................................................


THE SIOUX FALLS SD CLIMATE NORMALS FOR TODAY
                         NORMAL    RECORD    YEAR
 MAXIMUM TEMPERATURE (F)   26        56      2003
 MINIMUM TEMPERATURE (F)    7       -30      1912


SUNRISE AND SUNSET
JANUARY  7 2018.......SUNRISE   800 AM CST   SUNSET   507 PM CST
JANUARY  8 2018.......SUNRISE   800 AM CST   SUNSET   508 PM CST


-  INDICATES NEGATIVE NUMBERS.
R  INDICATES RECORD WAS SET OR TIED.
MM INDICATES DATA IS MISSING.
T  INDICATES TRACE AMOUNT.




$$
