000
CDUS43 KFSD 160628
CLIFSD


CLIMATE REPORT
NATIONAL WEATHER SERVICE SIOUX FALLS SD
127 AM CDT WED APR 16 2014


...................................

...THE SIOUX FALLS SD CLIMATE SUMMARY FOR APRIL 15 2014...

CLIMATE NORMAL PERIOD 1981 TO 2010
CLIMATE RECORD PERIOD 1893 TO 2014


WEATHER ITEM   OBSERVED TIME   RECORD YEAR NORMAL DEPARTURE LAST
                VALUE   (LST)  VALUE       VALUE  FROM      YEAR
                                                  NORMAL
..................................................................
TEMPERATURE (F)
 YESTERDAY
  MAXIMUM         48    518 PM  89    2002  59    -11       38
  MINIMUM         11R   559 AM  19    1962  34    -23       29
  AVERAGE         30                        46    -16       34

PRECIPITATION (IN)
  YESTERDAY        0.00          1.28 2011   0.11  -0.11     0.00
  MONTH TO DATE    0.22                      1.44  -1.22     2.26
  SINCE MAR 1      0.93                      3.20  -2.27     3.14
  SINCE JAN 1      1.92                      4.36  -2.44     4.49

SNOWFALL (IN)
  YESTERDAY        0.0           2.4  1953   0.1   -0.1      0.0
  MONTH TO DATE    2.6                       2.8   -0.2      7.2
  SINCE MAR 1     10.3                      11.2   -0.9      8.7
  SINCE JUL 1     44.5                      42.7    1.8     34.2
  SNOW DEPTH       0

DEGREE DAYS
 HEATING
  YESTERDAY       35                        19     16       31
  MONTH TO DATE  340                       329     11      428
  SINCE MAR 1   1441                      1324    117     1581
  SINCE JUL 1   7788                      7174    614     7200

 COOLING
  YESTERDAY        0                         0      0        0
  MONTH TO DATE    0                         0      0        0
  SINCE MAR 1      0                         0      0        0
  SINCE JAN 1      0                         0      0        0
..................................................................


WIND (MPH)
  HIGHEST WIND SPEED    26   HIGHEST WIND DIRECTION     S (160)
  HIGHEST GUST SPEED    35   HIGHEST GUST DIRECTION    SE (150)
  AVERAGE WIND SPEED    11.0


SKY COVER
  POSSIBLE SUNSHINE  MM
  AVERAGE SKY COVER 0.4


WEATHER CONDITIONS
 THE FOLLOWING WEATHER WAS RECORDED YESTERDAY.
  NO SIGNIFICANT WEATHER WAS OBSERVED.


RELATIVE HUMIDITY (PERCENT)
 HIGHEST    92           500 AM
 LOWEST     31           200 PM
 AVERAGE    62

..........................................................


THE SIOUX FALLS SD CLIMATE NORMALS FOR TODAY
                         NORMAL    RECORD    YEAR
 MAXIMUM TEMPERATURE (F)   59        92      1964
 MINIMUM TEMPERATURE (F)   35        13      1904


SUNRISE AND SUNSET
APRIL 16 2014.........SUNRISE   643 AM CDT   SUNSET   812 PM CDT
APRIL 17 2014.........SUNRISE   641 AM CDT   SUNSET   813 PM CDT


-  INDICATES NEGATIVE NUMBERS.
R  INDICATES RECORD WAS SET OR TIED.
MM INDICATES DATA IS MISSING.
T  INDICATES TRACE AMOUNT.




$$
