000
CDUS43 KFSD 270647
CLIFSD


CLIMATE REPORT
NATIONAL WEATHER SERVICE SIOUX FALLS SD
1247 AM CST SAT JAN 27 2018


...................................

...THE SIOUX FALLS SD CLIMATE SUMMARY FOR JANUARY 26 2018...

CLIMATE NORMAL PERIOD 1981 TO 2010
CLIMATE RECORD PERIOD 1893 TO 2018


WEATHER ITEM   OBSERVED TIME   RECORD YEAR NORMAL DEPARTURE LAST
                VALUE   (LST)  VALUE       VALUE  FROM      YEAR
                                                  NORMAL
..................................................................
TEMPERATURE (F)
 YESTERDAY
  MAXIMUM         46    118 PM  63    2002  27     19       25
  MINIMUM         29   1137 PM -27    1897   7     22       15
  AVERAGE         38                        17     21       20

PRECIPITATION (IN)
  YESTERDAY        0.00          0.60 1917   0.02  -0.02      T
  MONTH TO DATE    0.31                      0.47  -0.16     0.62
  SINCE DEC 1      0.99                      1.16  -0.17     2.54
  SINCE JAN 1      0.31                      0.47  -0.16     0.62

SNOWFALL (IN)
  YESTERDAY        0.0           5.5  1979   0.2   -0.2       T
  MONTH TO DATE    4.3                       6.4   -2.1      9.4
  SINCE DEC 1     14.7                      14.6    0.1     20.3
  SINCE JUL 1     14.9                      23.3   -8.4     26.3
  SNOW DEPTH       T

DEGREE DAYS
 HEATING
  YESTERDAY       27                        48    -21       45
  MONTH TO DATE 1246                      1266    -20     1180
  SINCE DEC 1   2598                      2687    -89     2569
  SINCE JUL 1   4007                      4399   -392     3704

 COOLING
  YESTERDAY        0                         0      0        0
  MONTH TO DATE    0                         0      0        0
  SINCE DEC 1      0                         0      0        0
  SINCE JAN 1      0                         0      0        0
..................................................................


WIND (MPH)
  HIGHEST WIND SPEED    26   HIGHEST WIND DIRECTION     S (190)
  HIGHEST GUST SPEED    32   HIGHEST GUST DIRECTION     S (190)
  AVERAGE WIND SPEED    13.2


SKY COVER
  POSSIBLE SUNSHINE  MM
  AVERAGE SKY COVER 0.4


WEATHER CONDITIONS
 THE FOLLOWING WEATHER WAS RECORDED YESTERDAY.
  NO SIGNIFICANT WEATHER WAS OBSERVED.


RELATIVE HUMIDITY (PERCENT)
 HIGHEST    78          1000 PM
 LOWEST     51           400 AM
 AVERAGE    65

..........................................................


THE SIOUX FALLS SD CLIMATE NORMALS FOR TODAY
                         NORMAL    RECORD    YEAR
 MAXIMUM TEMPERATURE (F)   27        54      1989
 MINIMUM TEMPERATURE (F)    7       -26      1897


SUNRISE AND SUNSET
JANUARY 27 2018.......SUNRISE   748 AM CST   SUNSET   532 PM CST
JANUARY 28 2018.......SUNRISE   747 AM CST   SUNSET   533 PM CST


-  INDICATES NEGATIVE NUMBERS.
R  INDICATES RECORD WAS SET OR TIED.
MM INDICATES DATA IS MISSING.
T  INDICATES TRACE AMOUNT.




$$
