000
CDUS43 KFSD 140658
CLIFSD


CLIMATE REPORT
NATIONAL WEATHER SERVICE SIOUX FALLS SD
1255 AM CST WED JAN 14 2015


...................................

...THE SIOUX FALLS SD CLIMATE SUMMARY FOR JANUARY 13 2015...

CLIMATE NORMAL PERIOD 1981 TO 2010
CLIMATE RECORD PERIOD 1893 TO 2015


WEATHER ITEM   OBSERVED TIME   RECORD YEAR NORMAL DEPARTURE LAST
                VALUE   (LST)  VALUE       VALUE  FROM      YEAR
                                                  NORMAL
..................................................................
TEMPERATURE (F)
 YESTERDAY
  MAXIMUM         20   1140 PM  60    1987  26     -6       39
  MINIMUM        -16    218 AM -33    1916   7    -23       19
  AVERAGE          2                        16    -14       29

PRECIPITATION (IN)
  YESTERDAY        T             0.40 1897   0.01  -0.01      T
  MONTH TO DATE    0.44                      0.24   0.20     0.06
  SINCE DEC 1      1.77                      0.93   0.84     1.19
  SINCE JAN 1      0.44                      0.24   0.20     0.06

SNOWFALL (IN)
  YESTERDAY        T             4.0  1910   0.2   -0.2      0.0
                                      1897
  MONTH TO DATE    5.8                       3.2    2.6      0.6
  SINCE DEC 1     11.7                      11.4    0.3     13.2
  SINCE JUL 1     20.0                      20.1   -0.1     21.1
  SNOW DEPTH       4

DEGREE DAYS
 HEATING
  YESTERDAY       63                        49     14       36
  MONTH TO DATE  760                       637    123      703
  SINCE DEC 1   2009                      2058    -49     2350
  SINCE JUL 1   3765                      3770     -5     3971

 COOLING
  YESTERDAY        0                         0      0        0
  MONTH TO DATE    0                         0      0        0
  SINCE DEC 1      0                         0      0        0
  SINCE JAN 1      0                         0      0        0
..................................................................


WIND (MPH)
  HIGHEST WIND SPEED    21   HIGHEST WIND DIRECTION     S (180)
  HIGHEST GUST SPEED    24   HIGHEST GUST DIRECTION     S (170)
  AVERAGE WIND SPEED    10.4


SKY COVER
  POSSIBLE SUNSHINE  MM
  AVERAGE SKY COVER 0.5


WEATHER CONDITIONS
 THE FOLLOWING WEATHER WAS RECORDED YESTERDAY.
  LIGHT SNOW
  FOG
  HAZE


RELATIVE HUMIDITY (PERCENT)
 HIGHEST    91           100 AM
 LOWEST     67           300 PM
 AVERAGE    79

..........................................................


THE SIOUX FALLS SD CLIMATE NORMALS FOR TODAY
                         NORMAL    RECORD    YEAR
 MAXIMUM TEMPERATURE (F)   26        50      1914
                                             1901
 MINIMUM TEMPERATURE (F)    7       -31      1916


SUNRISE AND SUNSET
JANUARY 14 2015.......SUNRISE   758 AM CST   SUNSET   515 PM CST
JANUARY 15 2015.......SUNRISE   757 AM CST   SUNSET   516 PM CST


-  INDICATES NEGATIVE NUMBERS.
R  INDICATES RECORD WAS SET OR TIED.
MM INDICATES DATA IS MISSING.
T  INDICATES TRACE AMOUNT.




$$
