000
CDUS43 KFSD 292221
CLIFSD


CLIMATE REPORT
NATIONAL WEATHER SERVICE SIOUX FALLS SD
420 PM CST WED NOV 29 2017


...................................

...THE SIOUX FALLS SD CLIMATE SUMMARY FOR NOVEMBER 29 2017...
VALID TODAY AS OF 0400 PM LOCAL TIME.

CLIMATE NORMAL PERIOD 1981 TO 2010
CLIMATE RECORD PERIOD 1893 TO 2017


WEATHER ITEM   OBSERVED TIME   RECORD YEAR NORMAL DEPARTURE LAST
                VALUE   (LST)  VALUE       VALUE  FROM      YEAR
                                                  NORMAL
..................................................................
TEMPERATURE (F)
 TODAY
  MAXIMUM         49    218 PM  60    1973  34     15       36
  MINIMUM         16    533 AM -14    1964  16      0       32
  AVERAGE         33                        25      8       34

PRECIPITATION (IN)
  TODAY            0.00          0.60 1919   0.03  -0.03     0.04
  MONTH TO DATE    0.03                      1.32  -1.29     1.79
  SINCE SEP 1      6.93                      6.26   0.67    12.43
  SINCE JAN 1     24.52                     25.65  -1.13    30.29

SNOWFALL (IN)
  TODAY            0.0           5.5  1919   0.3   -0.3      0.2
  MONTH TO DATE    0.2                       7.1   -6.9      5.6
  SINCE SEP 1      0.2                       8.4   -8.2      5.6
  SINCE JUL 1      0.2                       8.4   -8.2      5.6
  SNOW DEPTH       0

DEGREE DAYS
 HEATING
  TODAY           32                        40     -8       31
  MONTH TO DATE  841                       930    -89      641
  SINCE SEP 1   1378                      1639   -261     1094
  SINCE JUL 1   1384                      1670   -286     1102

 COOLING
  TODAY            0                         0      0        0
  MONTH TO DATE    0                         0      0        0
  SINCE SEP 1    102                        65     37       99
  SINCE JAN 1    776                       690     86      879
..................................................................


WIND (MPH)
  HIGHEST WIND SPEED    32   HIGHEST WIND DIRECTION     S (180)
  HIGHEST GUST SPEED    41   HIGHEST GUST DIRECTION     S (180)
  AVERAGE WIND SPEED    10.6


SKY COVER
  POSSIBLE SUNSHINE  MM
  AVERAGE SKY COVER 0.4


WEATHER CONDITIONS
 THE FOLLOWING WEATHER WAS RECORDED TODAY.
  NO SIGNIFICANT WEATHER WAS OBSERVED.


RELATIVE HUMIDITY (PERCENT)
 HIGHEST    88           400 AM
 LOWEST     29           200 PM
 AVERAGE    59

..........................................................


THE SIOUX FALLS SD CLIMATE NORMALS FOR TOMORROW
                         NORMAL    RECORD    YEAR
 MAXIMUM TEMPERATURE (F)   34        60      1951
 MINIMUM TEMPERATURE (F)   15       -17      1964


SUNRISE AND SUNSET
NOVEMBER 29 2017......SUNRISE   738 AM CST   SUNSET   452 PM CST
NOVEMBER 30 2017......SUNRISE   739 AM CST   SUNSET   452 PM CST


-  INDICATES NEGATIVE NUMBERS.
R  INDICATES RECORD WAS SET OR TIED.
MM INDICATES DATA IS MISSING.
T  INDICATES TRACE AMOUNT.




$$
