000
CDUS43 KFSD 220641
CLIFSD


CLIMATE REPORT
NATIONAL WEATHER SERVICE SIOUX FALLS SD
140 AM CDT MON SEP 22 2014


...................................

...THE SIOUX FALLS SD CLIMATE SUMMARY FOR SEPTEMBER 21 2014...

CLIMATE NORMAL PERIOD 1981 TO 2010
CLIMATE RECORD PERIOD 1893 TO 2014


WEATHER ITEM   OBSERVED TIME   RECORD YEAR NORMAL DEPARTURE LAST
                VALUE   (LST)  VALUE       VALUE  FROM      YEAR
                                                  NORMAL
..................................................................
TEMPERATURE (F)
 YESTERDAY
  MAXIMUM         72    339 PM  93    1937  71      1       75
  MINIMUM         47   1159 PM  25    1913  47      0       35
  AVERAGE         60                        59      1       55

PRECIPITATION (IN)
  YESTERDAY        0.00          1.70 1959   0.10  -0.10     0.00
  MONTH TO DATE    1.93                      1.98  -0.05     0.29
  SINCE SEP 1      1.93                      1.98  -0.05     0.29
  SINCE JAN 1     26.36                     21.37   4.99    20.71

SNOWFALL (IN)
  YESTERDAY        0.0           0.0    MM   0.0    0.0      0.0
  MONTH TO DATE    0.0                       0.0    0.0      0.0
  SINCE SEP 1      0.0                       0.0    0.0      0.0
  SINCE JUL 1      T                         0.0    0.0      0.0
  SNOW DEPTH       0

DEGREE DAYS
 HEATING
  YESTERDAY        5                         7     -2       10
  MONTH TO DATE  111                        90     21       54
  SINCE SEP 1    111                        90     21       54
  SINCE JUL 1    129                       121      8       88

 COOLING
  YESTERDAY        0                         1     -1        0
  MONTH TO DATE   37                        54    -17      106
  SINCE SEP 1     37                        54    -17      106
  SINCE JAN 1    588                       679    -91      760
..................................................................


WIND (MPH)
  HIGHEST WIND SPEED    20   HIGHEST WIND DIRECTION    NW (330)
  HIGHEST GUST SPEED    26   HIGHEST GUST DIRECTION     N (340)
  AVERAGE WIND SPEED     8.7


SKY COVER
  POSSIBLE SUNSHINE  MM
  AVERAGE SKY COVER 0.1


WEATHER CONDITIONS
 THE FOLLOWING WEATHER WAS RECORDED YESTERDAY.
  NO SIGNIFICANT WEATHER WAS OBSERVED.


RELATIVE HUMIDITY (PERCENT)
 HIGHEST    93          1100 PM
 LOWEST     38           300 PM
 AVERAGE    66

..........................................................


THE SIOUX FALLS SD CLIMATE NORMALS FOR TODAY
                         NORMAL    RECORD    YEAR
 MAXIMUM TEMPERATURE (F)   71        94      1936
                                             1908
 MINIMUM TEMPERATURE (F)   46        24      1974


SUNRISE AND SUNSET
SEPTEMBER 22 2014.....SUNRISE   714 AM CDT   SUNSET   724 PM CDT
SEPTEMBER 23 2014.....SUNRISE   715 AM CDT   SUNSET   722 PM CDT


-  INDICATES NEGATIVE NUMBERS.
R  INDICATES RECORD WAS SET OR TIED.
MM INDICATES DATA IS MISSING.
T  INDICATES TRACE AMOUNT.




$$
