000
CDUS43 KFSD 100701
CLIFSD


CLIMATE REPORT
NATIONAL WEATHER SERVICE SIOUX FALLS SD
201 AM CDT WED SEP 10 2014


...................................

...THE SIOUX FALLS SD CLIMATE SUMMARY FOR SEPTEMBER 9 2014...

CLIMATE NORMAL PERIOD 1981 TO 2010
CLIMATE RECORD PERIOD 1893 TO 2014


WEATHER ITEM   OBSERVED TIME   RECORD YEAR NORMAL DEPARTURE LAST
                VALUE   (LST)  VALUE       VALUE  FROM      YEAR
                                                  NORMAL
..................................................................
TEMPERATURE (F)
 YESTERDAY
  MAXIMUM         75    304 PM 101    1904  76     -1       91
  MINIMUM         60   1159 PM  34    1898  53      7       69
  AVERAGE         68                        64      4       80

PRECIPITATION (IN)
  YESTERDAY        1.23          2.73 1982   0.09   1.14     0.21
  MONTH TO DATE    1.43                      0.87   0.56     0.21
  SINCE SEP 1      1.43                      0.87   0.56     0.21
  SINCE JAN 1     25.86                     20.26   5.60    20.63

SNOWFALL (IN)
  YESTERDAY        0.0           0.0    MM   0.0    0.0      0.0
  MONTH TO DATE    0.0                       0.0    0.0      0.0
  SINCE SEP 1      0.0                       0.0    0.0      0.0
  SINCE JUL 1      T                         0.0    0.0      0.0
  SNOW DEPTH       0

DEGREE DAYS
 HEATING
  YESTERDAY        0                         4     -4        0
  MONTH TO DATE   13                        24    -11        1
  SINCE SEP 1     13                        24    -11        1
  SINCE JUL 1     31                        55    -24       35

 COOLING
  YESTERDAY        3                         3      0       15
  MONTH TO DATE   22                        32    -10       78
  SINCE SEP 1     22                        32    -10       78
  SINCE JAN 1    573                       657    -84      732
..................................................................


WIND (MPH)
  HIGHEST WIND SPEED    22   HIGHEST WIND DIRECTION     N (20)
  HIGHEST GUST SPEED    27   HIGHEST GUST DIRECTION     N (20)
  AVERAGE WIND SPEED     9.5


SKY COVER
  POSSIBLE SUNSHINE  MM
  AVERAGE SKY COVER 0.9


WEATHER CONDITIONS
 THE FOLLOWING WEATHER WAS RECORDED YESTERDAY.
  THUNDERSTORM
  HEAVY RAIN
  RAIN
  LIGHT RAIN
  FOG
  FOG W/VISIBILITY <= 1/4 MILE


RELATIVE HUMIDITY (PERCENT)
 HIGHEST   100           200 AM
 LOWEST     82           300 PM
 AVERAGE    91

..........................................................


THE SIOUX FALLS SD CLIMATE NORMALS FOR TODAY
                         NORMAL    RECORD    YEAR
 MAXIMUM TEMPERATURE (F)   76        98      1931
 MINIMUM TEMPERATURE (F)   52        35      1910
                                             1898


SUNRISE AND SUNSET
SEPTEMBER 10 2014.....SUNRISE   701 AM CDT   SUNSET   746 PM CDT
SEPTEMBER 11 2014.....SUNRISE   702 AM CDT   SUNSET   744 PM CDT


-  INDICATES NEGATIVE NUMBERS.
R  INDICATES RECORD WAS SET OR TIED.
MM INDICATES DATA IS MISSING.
T  INDICATES TRACE AMOUNT.




$$
