000
CDUS43 KFSD 050728
CLIFSD


CLIMATE REPORT
NATIONAL WEATHER SERVICE SIOUX FALLS SD
226 AM CDT TUE APR 5 2016


...................................

...THE SIOUX FALLS SD CLIMATE SUMMARY FOR APRIL 4 2016...

CLIMATE NORMAL PERIOD 1981 TO 2010
CLIMATE RECORD PERIOD 1893 TO 2016


WEATHER ITEM   OBSERVED TIME   RECORD YEAR NORMAL DEPARTURE LAST
                VALUE   (LST)  VALUE       VALUE  FROM      YEAR
                                                  NORMAL
..................................................................
TEMPERATURE (F)
 YESTERDAY
  MAXIMUM         52    359 PM  83    1929  53     -1       67
  MINIMUM         26    631 AM   5    1899  30     -4       25
  AVERAGE         39                        41     -2       46

PRECIPITATION (IN)
  YESTERDAY        0.00          1.02 1957   0.09  -0.09      T
  MONTH TO DATE    T                         0.35  -0.35      T
  SINCE MAR 1      2.09                      2.11  -0.02     0.33
  SINCE JAN 1      3.77                      3.27   0.50     1.55

SNOWFALL (IN)
  YESTERDAY        0.0           8.4  1957   0.2   -0.2      0.0
  MONTH TO DATE    T                         0.8   -0.8      0.0
  SINCE MAR 1     12.2                       9.2    3.0      1.7
  SINCE JUL 1     68.5                      40.7   27.8     31.9
  SNOW DEPTH       0

DEGREE DAYS
 HEATING
  YESTERDAY       26                        24      2       19
  MONTH TO DATE   89                        98     -9       63
  SINCE MAR 1    853                      1093   -240      883
  SINCE JUL 1   5889                      6943  -1054     6632

 COOLING
  YESTERDAY        0                         0      0        0
  MONTH TO DATE    0                         0      0        4
  SINCE MAR 1      0                         0      0        4
  SINCE JAN 1      0                         0      0        4
..................................................................


WIND (MPH)
  HIGHEST WIND SPEED    17   HIGHEST WIND DIRECTION     N (350)
  HIGHEST GUST SPEED    22   HIGHEST GUST DIRECTION     N (350)
  AVERAGE WIND SPEED     8.7


SKY COVER
  POSSIBLE SUNSHINE  MM
  AVERAGE SKY COVER 0.1


WEATHER CONDITIONS
 THE FOLLOWING WEATHER WAS RECORDED YESTERDAY.
  NO SIGNIFICANT WEATHER WAS OBSERVED.


RELATIVE HUMIDITY (PERCENT)
 HIGHEST    75           400 AM
 LOWEST     35           300 PM
 AVERAGE    55

..........................................................


THE SIOUX FALLS SD CLIMATE NORMALS FOR TODAY
                         NORMAL    RECORD    YEAR
 MAXIMUM TEMPERATURE (F)   53        87      1991
 MINIMUM TEMPERATURE (F)   30        11      1982
                                             1926


SUNRISE AND SUNSET
APRIL  5 2016.........SUNRISE   701 AM CDT   SUNSET   759 PM CDT
APRIL  6 2016.........SUNRISE   659 AM CDT   SUNSET   800 PM CDT


-  INDICATES NEGATIVE NUMBERS.
R  INDICATES RECORD WAS SET OR TIED.
MM INDICATES DATA IS MISSING.
T  INDICATES TRACE AMOUNT.




$$
