000
CDUS43 KFSD 190628
CLIFSD


CLIMATE REPORT
NATIONAL WEATHER SERVICE SIOUX FALLS SD
1228 AM CST MON JAN 19 2015


...................................

...THE SIOUX FALLS SD CLIMATE SUMMARY FOR JANUARY 18 2015...

CLIMATE NORMAL PERIOD 1981 TO 2010
CLIMATE RECORD PERIOD 1893 TO 2015


WEATHER ITEM   OBSERVED TIME   RECORD YEAR NORMAL DEPARTURE LAST
                VALUE   (LST)  VALUE       VALUE  FROM      YEAR
                                                  NORMAL
..................................................................
TEMPERATURE (F)
 YESTERDAY
  MAXIMUM         47    303 PM  52    1944  26     21       36
                                      1919
  MINIMUM         25   1159 PM -28    1970   7     18       17
  AVERAGE         36                        17     19       27

PRECIPITATION (IN)
  YESTERDAY        0.00          0.31 1922   0.02  -0.02      T
  MONTH TO DATE    0.44                      0.33   0.11     0.18
  SINCE DEC 1      1.77                      1.02   0.75     1.31
  SINCE JAN 1      0.44                      0.33   0.11     0.18

SNOWFALL (IN)
  YESTERDAY        0.0           3.5  1922   0.2   -0.2      0.1
  MONTH TO DATE    5.8                       4.4    1.4      3.1
  SINCE DEC 1     11.7                      12.6   -0.9     15.7
  SINCE JUL 1     20.0                      21.3   -1.3     23.6
  SNOW DEPTH       T

DEGREE DAYS
 HEATING
  YESTERDAY       29                        49    -20       38
  MONTH TO DATE  946                       882     64      925
  SINCE DEC 1   2195                      2303   -108     2572
  SINCE JUL 1   3951                      4015    -64     4193

 COOLING
  YESTERDAY        0                         0      0        0
  MONTH TO DATE    0                         0      0        0
  SINCE DEC 1      0                         0      0        0
  SINCE JAN 1      0                         0      0        0
..................................................................


WIND (MPH)
  HIGHEST WIND SPEED    18   HIGHEST WIND DIRECTION    NW (300)
  HIGHEST GUST SPEED    26   HIGHEST GUST DIRECTION    NW (300)
  AVERAGE WIND SPEED     5.0


SKY COVER
  POSSIBLE SUNSHINE  MM
  AVERAGE SKY COVER 0.3


WEATHER CONDITIONS
 THE FOLLOWING WEATHER WAS RECORDED YESTERDAY.
  NO SIGNIFICANT WEATHER WAS OBSERVED.


RELATIVE HUMIDITY (PERCENT)
 HIGHEST    92          1100 PM
 LOWEST     42           300 PM
 AVERAGE    67

..........................................................


THE SIOUX FALLS SD CLIMATE NORMALS FOR TODAY
                         NORMAL    RECORD    YEAR
 MAXIMUM TEMPERATURE (F)   26        55      1900
 MINIMUM TEMPERATURE (F)    7       -36      1970


SUNRISE AND SUNSET
JANUARY 19 2015.......SUNRISE   755 AM CST   SUNSET   521 PM CST
JANUARY 20 2015.......SUNRISE   754 AM CST   SUNSET   522 PM CST


-  INDICATES NEGATIVE NUMBERS.
R  INDICATES RECORD WAS SET OR TIED.
MM INDICATES DATA IS MISSING.
T  INDICATES TRACE AMOUNT.




$$
