000
CDUS43 KFSD 292232
CLIFSD


CLIMATE REPORT
NATIONAL WEATHER SERVICE SIOUX FALLS SD
431 PM CST FRI DEC 29 2017


...................................

...THE SIOUX FALLS SD CLIMATE SUMMARY FOR DECEMBER 29 2017...
VALID TODAY AS OF 0400 PM LOCAL TIME.

CLIMATE NORMAL PERIOD 1981 TO 2010
CLIMATE RECORD PERIOD 1893 TO 2017


WEATHER ITEM   OBSERVED TIME   RECORD YEAR NORMAL DEPARTURE LAST
                VALUE   (LST)  VALUE       VALUE  FROM      YEAR
                                                  NORMAL
..................................................................
TEMPERATURE (F)
 TODAY
  MAXIMUM          8   1250 AM  56    1999  26    -18       36
  MINIMUM          4    359 PM -31    1917   7     -3       21
  AVERAGE          6                        17    -11       29

PRECIPITATION (IN)
  TODAY            0.20          0.40 1907   0.01   0.19     0.00
  MONTH TO DATE    0.62                      0.65  -0.03     1.92
  SINCE DEC 1      0.62                      0.65  -0.03     1.92
  SINCE JAN 1     25.14                     26.34  -1.20    32.23

SNOWFALL (IN)
  TODAY            3.1           4.0  1923   0.2    2.9      0.0
                                      1907
  MONTH TO DATE    9.5                       7.7    1.8     10.9
  SINCE DEC 1      9.5                       7.7    1.8     10.9
  SINCE JUL 1      9.7                      16.4   -6.7     16.9
  SNOW DEPTH       3

DEGREE DAYS
 HEATING
  TODAY           59                        48     11       36
  MONTH TO DATE 1200                      1323   -123     1316
  SINCE DEC 1   1200                      1323   -123     1316
  SINCE JUL 1   2609                      3035   -426     2451

 COOLING
  TODAY            0                         0      0        0
  MONTH TO DATE    0                         0      0        0
  SINCE DEC 1      0                         0      0        0
  SINCE JAN 1    776                       690     86      879
..................................................................


WIND (MPH)
  HIGHEST WIND SPEED    16   HIGHEST WIND DIRECTION    NE (30)
  HIGHEST GUST SPEED    19   HIGHEST GUST DIRECTION     N (20)
  AVERAGE WIND SPEED     8.4


SKY COVER
  POSSIBLE SUNSHINE  MM
  AVERAGE SKY COVER 1.0


WEATHER CONDITIONS
 THE FOLLOWING WEATHER WAS RECORDED TODAY.
  SNOW
  LIGHT SNOW
  FOG
  FOG W/VISIBILITY <= 1/4 MILE
  HAZE


RELATIVE HUMIDITY (PERCENT)
 HIGHEST    88           800 AM
 LOWEST     73          1200 AM
 AVERAGE    81

..........................................................


THE SIOUX FALLS SD CLIMATE NORMALS FOR TOMORROW
                         NORMAL    RECORD    YEAR
 MAXIMUM TEMPERATURE (F)   26        59      2004
 MINIMUM TEMPERATURE (F)    7       -29      1917


SUNRISE AND SUNSET
DECEMBER 29 2017......SUNRISE   800 AM CST   SUNSET   459 PM CST
DECEMBER 30 2017......SUNRISE   800 AM CST   SUNSET   459 PM CST


-  INDICATES NEGATIVE NUMBERS.
R  INDICATES RECORD WAS SET OR TIED.
MM INDICATES DATA IS MISSING.
T  INDICATES TRACE AMOUNT.




$$
