000
CDUS43 KFSD 042239
CLIFSD


CLIMATE REPORT
NATIONAL WEATHER SERVICE SIOUX FALLS SD
438 PM CST WED JAN 4 2017


...................................

...THE SIOUX FALLS SD CLIMATE SUMMARY FOR JANUARY 4 2017...
VALID TODAY AS OF 0400 PM LOCAL TIME.

CLIMATE NORMAL PERIOD 1981 TO 2010
CLIMATE RECORD PERIOD 1893 TO 2017


WEATHER ITEM   OBSERVED TIME   RECORD YEAR NORMAL DEPARTURE LAST
                VALUE   (LST)  VALUE       VALUE  FROM      YEAR
                                                  NORMAL
..................................................................
TEMPERATURE (F)
 TODAY
  MAXIMUM          4    359 PM  54    2012  26    -22       20
                                      1916
  MINIMUM         -6    824 AM -26    1942   7    -13        5
  AVERAGE         -1                        16    -17       13

PRECIPITATION (IN)
  TODAY            0.00          0.60 1897   0.02  -0.02      T
  MONTH TO DATE    0.06                      0.08  -0.02      T
  SINCE DEC 1      1.98                      0.77   1.21     1.31
  SINCE JAN 1      0.06                      0.08  -0.02      T

SNOWFALL (IN)
  TODAY            0.0           6.0  1897   0.3   -0.3       T
  MONTH TO DATE    0.6                       1.0   -0.4       T
  SINCE DEC 1     11.5                       9.2    2.3     19.1
  SINCE JUL 1     17.5                      17.9   -0.4     36.4
  SNOW DEPTH       T

DEGREE DAYS
 HEATING
  TODAY           66                        49     17       52
  MONTH TO DATE  201                       196      5      193
  SINCE DEC 1   1590                      1617    -27     1387
  SINCE JUL 1   2725                      3329   -604     2661

 COOLING
  TODAY            0                         0      0        0
  MONTH TO DATE    0                         0      0        0
  SINCE DEC 1      0                         0      0        0
  SINCE JAN 1      0                         0      0        0
..................................................................


WIND (MPH)
  HIGHEST WIND SPEED    21   HIGHEST WIND DIRECTION    NW (300)
  HIGHEST GUST SPEED    25   HIGHEST GUST DIRECTION    NW (310)
  AVERAGE WIND SPEED    12.0


SKY COVER
  POSSIBLE SUNSHINE  MM
  AVERAGE SKY COVER 0.3


WEATHER CONDITIONS
 THE FOLLOWING WEATHER WAS RECORDED TODAY.
  NO SIGNIFICANT WEATHER WAS OBSERVED.


RELATIVE HUMIDITY (PERCENT)
 HIGHEST    82           500 AM
 LOWEST     71           300 AM
 AVERAGE    77

..........................................................


THE SIOUX FALLS SD CLIMATE NORMALS FOR TOMORROW
                         NORMAL    RECORD    YEAR
 MAXIMUM TEMPERATURE (F)   26        62      2012
 MINIMUM TEMPERATURE (F)    7       -29      1924


SUNRISE AND SUNSET
JANUARY  4 2017.......SUNRISE   800 AM CST   SUNSET   504 PM CST
JANUARY  5 2017.......SUNRISE   800 AM CST   SUNSET   505 PM CST


-  INDICATES NEGATIVE NUMBERS.
R  INDICATES RECORD WAS SET OR TIED.
MM INDICATES DATA IS MISSING.
T  INDICATES TRACE AMOUNT.




$$
