557
CDUS43 KFSD 110644
CLIFSD


CLIMATE REPORT
NATIONAL WEATHER SERVICE SIOUX FALLS SD
1242 AM CST SAT MAR 11 2017


...................................

...THE SIOUX FALLS SD CLIMATE SUMMARY FOR MARCH 10 2017...

CLIMATE NORMAL PERIOD 1981 TO 2010
CLIMATE RECORD PERIOD 1893 TO 2017


WEATHER ITEM   OBSERVED TIME   RECORD YEAR NORMAL DEPARTURE LAST
                VALUE   (LST)  VALUE       VALUE  FROM      YEAR
                                                  NORMAL
..................................................................
TEMPERATURE (F)
 YESTERDAY
  MAXIMUM         18    628 PM  72    2012  40    -22       56
  MINIMUM          8    751 AM -18    1948  21    -13       23
  AVERAGE         13                        30    -17       40

PRECIPITATION (IN)
  YESTERDAY        0.01          1.93 1956   0.04  -0.03     0.00
  MONTH TO DATE    0.10                      0.38  -0.28     0.03
  SINCE MAR 1      0.10                      0.38  -0.28     0.03
  SINCE JAN 1      1.21                      1.54  -0.33     1.71

SNOWFALL (IN)
  YESTERDAY        0.2          18.1  1956   0.3   -0.1      0.0
  MONTH TO DATE    2.7                       3.1   -0.4      0.3
  SINCE MAR 1      2.7                       3.1   -0.4      0.3
  SINCE JUL 1     34.1                      34.6   -0.5     56.6
  SNOW DEPTH       0

DEGREE DAYS
 HEATING
  YESTERDAY       52                        35     17       25
  MONTH TO DATE  323                       366    -43      290
  SINCE MAR 1    323                       366    -43      290
  SINCE JUL 1   5129                      6216  -1087     5326

 COOLING
  YESTERDAY        0                         0      0        0
  MONTH TO DATE    0                         0      0        0
  SINCE MAR 1      0                         0      0        0
  SINCE JAN 1      0                         0      0        0
..................................................................


WIND (MPH)
  HIGHEST WIND SPEED    16   HIGHEST WIND DIRECTION     N (10)
  HIGHEST GUST SPEED    20   HIGHEST GUST DIRECTION     N (10)
  AVERAGE WIND SPEED     9.9


SKY COVER
  POSSIBLE SUNSHINE  MM
  AVERAGE SKY COVER 0.8


WEATHER CONDITIONS
 THE FOLLOWING WEATHER WAS RECORDED YESTERDAY.
  LIGHT SNOW
  FOG


RELATIVE HUMIDITY (PERCENT)
 HIGHEST    80           800 PM
 LOWEST     37           300 PM
 AVERAGE    59

..........................................................


THE SIOUX FALLS SD CLIMATE NORMALS FOR TODAY
                         NORMAL    RECORD    YEAR
 MAXIMUM TEMPERATURE (F)   41        75      2016
 MINIMUM TEMPERATURE (F)   21       -23      1948


SUNRISE AND SUNSET
MARCH 11 2017.........SUNRISE   646 AM CST   SUNSET   629 PM CST
MARCH 12 2017.........SUNRISE   744 AM CDT   SUNSET   730 PM CDT


-  INDICATES NEGATIVE NUMBERS.
R  INDICATES RECORD WAS SET OR TIED.
MM INDICATES DATA IS MISSING.
T  INDICATES TRACE AMOUNT.




$$
