000
CDUS43 KFSD 160653
CLIFSD


CLIMATE REPORT
NATIONAL WEATHER SERVICE SIOUX FALLS SD
1250 AM CST FRI JAN 16 2015


...................................

...THE SIOUX FALLS SD CLIMATE SUMMARY FOR JANUARY 15 2015...

CLIMATE NORMAL PERIOD 1981 TO 2010
CLIMATE RECORD PERIOD 1893 TO 2015


WEATHER ITEM   OBSERVED TIME   RECORD YEAR NORMAL DEPARTURE LAST
                VALUE   (LST)  VALUE       VALUE  FROM      YEAR
                                                  NORMAL
..................................................................
TEMPERATURE (F)
 YESTERDAY
  MAXIMUM         36    347 PM  55    1914  26     10       40
  MINIMUM         17   1159 PM -32    1972   7     10       -2
  AVERAGE         27                        16     11       19

PRECIPITATION (IN)
  YESTERDAY        0.00          0.38 1909   0.02  -0.02     0.00
  MONTH TO DATE    0.44                      0.28   0.16     0.06
  SINCE DEC 1      1.77                      0.97   0.80     1.19
  SINCE JAN 1      0.44                      0.28   0.16     0.06

SNOWFALL (IN)
  YESTERDAY        0.0           4.0  1909   0.2   -0.2      0.0
  MONTH TO DATE    5.8                       3.7    2.1      0.6
  SINCE DEC 1     11.7                      11.9   -0.2     13.2
  SINCE JUL 1     20.0                      20.6   -0.6     21.1
  SNOW DEPTH       3

DEGREE DAYS
 HEATING
  YESTERDAY       38                        49    -11       46
  MONTH TO DATE  845                       735    110      792
  SINCE DEC 1   2094                      2156    -62     2439
  SINCE JUL 1   3850                      3868    -18     4060

 COOLING
  YESTERDAY        0                         0      0        0
  MONTH TO DATE    0                         0      0        0
  SINCE DEC 1      0                         0      0        0
  SINCE JAN 1      0                         0      0        0
..................................................................


WIND (MPH)
  HIGHEST WIND SPEED    22   HIGHEST WIND DIRECTION    NW (300)
  HIGHEST GUST SPEED    26   HIGHEST GUST DIRECTION    NW (310)
  AVERAGE WIND SPEED     6.8


SKY COVER
  POSSIBLE SUNSHINE  MM
  AVERAGE SKY COVER 0.1


WEATHER CONDITIONS
 THE FOLLOWING WEATHER WAS RECORDED YESTERDAY.
  FOG


RELATIVE HUMIDITY (PERCENT)
 HIGHEST    92          1100 PM
 LOWEST     69          1100 AM
 AVERAGE    81

..........................................................


THE SIOUX FALLS SD CLIMATE NORMALS FOR TODAY
                         NORMAL    RECORD    YEAR
 MAXIMUM TEMPERATURE (F)   26        52      1951
 MINIMUM TEMPERATURE (F)    7       -28      1977


SUNRISE AND SUNSET
JANUARY 16 2015.......SUNRISE   757 AM CST   SUNSET   517 PM CST
JANUARY 17 2015.......SUNRISE   756 AM CST   SUNSET   518 PM CST


-  INDICATES NEGATIVE NUMBERS.
R  INDICATES RECORD WAS SET OR TIED.
MM INDICATES DATA IS MISSING.
T  INDICATES TRACE AMOUNT.




$$
