000
CDUS43 KFSD 132226
CLIFSD


CLIMATE REPORT
NATIONAL WEATHER SERVICE SIOUX FALLS SD
425 PM CST SUN NOV 13 2016


...................................

...THE SIOUX FALLS SD CLIMATE SUMMARY FOR NOVEMBER 13 2016...
VALID TODAY AS OF 0400 PM LOCAL TIME.

CLIMATE NORMAL PERIOD 1981 TO 2010
CLIMATE RECORD PERIOD 1893 TO 2016


WEATHER ITEM   OBSERVED TIME   RECORD YEAR NORMAL DEPARTURE LAST
                VALUE   (LST)  VALUE       VALUE  FROM      YEAR
                                                  NORMAL
..................................................................
TEMPERATURE (F)
 TODAY
  MAXIMUM         66    347 PM  79    1999  44     22       49
  MINIMUM         41    732 AM  -8    1940  24     17       24
  AVERAGE         54                        34     20       37

PRECIPITATION (IN)
  TODAY            0.00          1.50 1909   0.05  -0.05     0.00
  MONTH TO DATE    0.02                      0.59  -0.57     0.46
  SINCE SEP 1     10.66                      5.53   5.13     6.60
  SINCE JAN 1     28.52                     24.92   3.60    28.20

SNOWFALL (IN)
  TODAY            0.0           1.1  1974   0.3   -0.3      0.0
  MONTH TO DATE    0.0                       2.3   -2.3       T
  SINCE SEP 1      T                         3.6   -3.6       T
  SINCE JUL 1      T                         3.6   -3.6       T
  SNOW DEPTH       0

DEGREE DAYS
 HEATING
  TODAY           11                        31    -20       28
  MONTH TO DATE  184                       357   -173      232
  SINCE SEP 1    637                      1066   -429      671
  SINCE JUL 1    645                      1097   -452      711

 COOLING
  TODAY            0                         0      0        0
  MONTH TO DATE    0                         0      0        0
  SINCE SEP 1     99                        65     34      140
  SINCE JAN 1    879                       690    189      715
..................................................................


WIND (MPH)
  HIGHEST WIND SPEED    22   HIGHEST WIND DIRECTION     S (190)
  HIGHEST GUST SPEED    27   HIGHEST GUST DIRECTION     S (190)
  AVERAGE WIND SPEED    10.8


SKY COVER
  POSSIBLE SUNSHINE  MM
  AVERAGE SKY COVER 0.0


WEATHER CONDITIONS
 THE FOLLOWING WEATHER WAS RECORDED TODAY.
  NO SIGNIFICANT WEATHER WAS OBSERVED.


RELATIVE HUMIDITY (PERCENT)
 HIGHEST    67           300 AM
 LOWEST     37           200 PM
 AVERAGE    52

..........................................................


THE SIOUX FALLS SD CLIMATE NORMALS FOR TOMORROW
                         NORMAL    RECORD    YEAR
 MAXIMUM TEMPERATURE (F)   43        71      1953
 MINIMUM TEMPERATURE (F)   24       -17      1959


SUNRISE AND SUNSET
NOVEMBER 13 2016......SUNRISE   719 AM CST   SUNSET   503 PM CST
NOVEMBER 14 2016......SUNRISE   720 AM CST   SUNSET   502 PM CST


-  INDICATES NEGATIVE NUMBERS.
R  INDICATES RECORD WAS SET OR TIED.
MM INDICATES DATA IS MISSING.
T  INDICATES TRACE AMOUNT.




$$
