000
CDUS43 KFSD 110649
CLIFSD


CLIMATE REPORT
NATIONAL WEATHER SERVICE SIOUX FALLS SD
1248 AM CST TUE NOV 11 2014


...................................

...THE SIOUX FALLS SD CLIMATE SUMMARY FOR NOVEMBER 10 2014...

CLIMATE NORMAL PERIOD 1981 TO 2010
CLIMATE RECORD PERIOD 1893 TO 2014


WEATHER ITEM   OBSERVED TIME   RECORD YEAR NORMAL DEPARTURE LAST
                VALUE   (LST)  VALUE       VALUE  FROM      YEAR
                                                  NORMAL
..................................................................
TEMPERATURE (F)
 YESTERDAY
  MAXIMUM         33    117 AM  74    1949  46    -13       48
  MINIMUM         20   1159 PM  -4    1986  26     -6       18
  AVERAGE         27                        36     -9       33

PRECIPITATION (IN)
  YESTERDAY        T             1.38 1998   0.05  -0.05     0.00
  MONTH TO DATE    T                         0.45  -0.45     0.42
  SINCE SEP 1      2.95                      5.39  -2.44     4.20
  SINCE JAN 1     27.38                     24.78   2.60    24.62

SNOWFALL (IN)
  YESTERDAY        0.1          12.6  1998   0.2   -0.1      0.0
  MONTH TO DATE    0.1                       1.6   -1.5      6.2
  SINCE SEP 1      0.1                       2.9   -2.8      6.6
  SINCE JUL 1      0.1                       2.9   -2.8      6.6
  SNOW DEPTH       0

DEGREE DAYS
 HEATING
  YESTERDAY       38                        29      9       32
  MONTH TO DATE  231                       266    -35      280
  SINCE SEP 1    811                       975   -164      881
  SINCE JUL 1    829                      1006   -177      915

 COOLING
  YESTERDAY        0                         0      0        0
  MONTH TO DATE    0                         0      0        0
  SINCE SEP 1     59                        65     -6      133
  SINCE JAN 1    610                       690    -80      787
..................................................................


WIND (MPH)
  HIGHEST WIND SPEED    35   HIGHEST WIND DIRECTION     N (360)
  HIGHEST GUST SPEED    46   HIGHEST GUST DIRECTION     N (10)
  AVERAGE WIND SPEED    24.3


SKY COVER
  POSSIBLE SUNSHINE  MM
  AVERAGE SKY COVER 1.0


WEATHER CONDITIONS
 THE FOLLOWING WEATHER WAS RECORDED YESTERDAY.
  LIGHT RAIN
  LT FREEZING RAIN
  LIGHT SNOW
  FOG
  BLOWING SNOW


RELATIVE HUMIDITY (PERCENT)
 HIGHEST    85           400 AM
 LOWEST     68           900 PM
 AVERAGE    77

..........................................................


THE SIOUX FALLS SD CLIMATE NORMALS FOR TODAY
                         NORMAL    RECORD    YEAR
 MAXIMUM TEMPERATURE (F)   45        70      2005
 MINIMUM TEMPERATURE (F)   25        -5      1986
                                             1896


SUNRISE AND SUNSET
NOVEMBER 11 2014......SUNRISE   716 AM CST   SUNSET   506 PM CST
NOVEMBER 12 2014......SUNRISE   717 AM CST   SUNSET   505 PM CST


-  INDICATES NEGATIVE NUMBERS.
R  INDICATES RECORD WAS SET OR TIED.
MM INDICATES DATA IS MISSING.
T  INDICATES TRACE AMOUNT.




$$
