000
CDUS43 KFSD 030629
CLIFSD


CLIMATE REPORT
NATIONAL WEATHER SERVICE SIOUX FALLS SD
1227 AM CST FRI FEB 3 2017


...................................

...THE SIOUX FALLS SD CLIMATE SUMMARY FOR FEBRUARY 2 2017...

CLIMATE NORMAL PERIOD 1981 TO 2010
CLIMATE RECORD PERIOD 1893 TO 2017


WEATHER ITEM   OBSERVED TIME   RECORD YEAR NORMAL DEPARTURE LAST
                VALUE   (LST)  VALUE       VALUE  FROM      YEAR
                                                  NORMAL
..................................................................
TEMPERATURE (F)
 YESTERDAY
  MAXIMUM         21    137 PM  56    1991  28     -7       28
                                      1924
  MINIMUM         11   1038 PM -37    1905   8      3       23
  AVERAGE         16                        18     -2       26

PRECIPITATION (IN)
  YESTERDAY        T             1.03 1919   0.02  -0.02     0.30
  MONTH TO DATE    T                         0.04  -0.04     0.30
  SINCE DEC 1      2.54                      1.29   1.25     2.09
  SINCE JAN 1      0.62                      0.60   0.02     0.78

SNOWFALL (IN)
  YESTERDAY        T             4.2  2016   0.2   -0.2      4.2
  MONTH TO DATE    T                         0.5   -0.5      4.2
  SINCE DEC 1     20.3                      16.4    3.9     30.2
  SINCE JUL 1     26.3                      25.1    1.2     47.5
  SNOW DEPTH       T

DEGREE DAYS
 HEATING
  YESTERDAY       49                        47      2       39
  MONTH TO DATE   94                        94      0       76
  SINCE DEC 1   2840                      3014   -174     2738
  SINCE JUL 1   3975                      4726   -751     4012

 COOLING
  YESTERDAY        0                         0      0        0
  MONTH TO DATE    0                         0      0        0
  SINCE DEC 1      0                         0      0        0
  SINCE JAN 1      0                         0      0        0
..................................................................


WIND (MPH)
  HIGHEST WIND SPEED    24   HIGHEST WIND DIRECTION    NW (320)
  HIGHEST GUST SPEED    30   HIGHEST GUST DIRECTION    NW (330)
  AVERAGE WIND SPEED    12.9


SKY COVER
  POSSIBLE SUNSHINE  MM
  AVERAGE SKY COVER 0.4


WEATHER CONDITIONS
 THE FOLLOWING WEATHER WAS RECORDED YESTERDAY.
  LIGHT SNOW


RELATIVE HUMIDITY (PERCENT)
 HIGHEST    80           100 AM
 LOWEST     56          1200 PM
 AVERAGE    68

..........................................................


THE SIOUX FALLS SD CLIMATE NORMALS FOR TODAY
                         NORMAL    RECORD    YEAR
 MAXIMUM TEMPERATURE (F)   28        58      2005
 MINIMUM TEMPERATURE (F)    8       -35      1917


SUNRISE AND SUNSET
FEBRUARY  3 2017......SUNRISE   741 AM CST   SUNSET   541 PM CST
FEBRUARY  4 2017......SUNRISE   739 AM CST   SUNSET   543 PM CST


-  INDICATES NEGATIVE NUMBERS.
R  INDICATES RECORD WAS SET OR TIED.
MM INDICATES DATA IS MISSING.
T  INDICATES TRACE AMOUNT.




$$
