553
CDUS43 KFSD 072232
CLIFSD


CLIMATE REPORT
NATIONAL WEATHER SERVICE SIOUX FALLS SD
432 PM CST SUN JAN 7 2018


...................................

...THE SIOUX FALLS SD CLIMATE SUMMARY FOR JANUARY 7 2018...
VALID TODAY AS OF 0400 PM LOCAL TIME.

CLIMATE NORMAL PERIOD 1981 TO 2010
CLIMATE RECORD PERIOD 1893 TO 2018


WEATHER ITEM   OBSERVED TIME   RECORD YEAR NORMAL DEPARTURE LAST
                VALUE   (LST)  VALUE       VALUE  FROM      YEAR
                                                  NORMAL
..................................................................
TEMPERATURE (F)
 TODAY
  MAXIMUM         37    343 PM  56    2003  26     11       12
  MINIMUM         17    255 AM -30    1912   7     10        0
  AVERAGE         27                        16     11        6

PRECIPITATION (IN)
  TODAY            0.00          0.37 1992   0.03  -0.03     0.00
  MONTH TO DATE    T                         0.14  -0.14     0.06
  SINCE DEC 1      0.68                      0.83  -0.15     1.98
  SINCE JAN 1      T                         0.14  -0.14     0.06

SNOWFALL (IN)
  TODAY            0.0           2.9  1967   0.2   -0.2      0.0
  MONTH TO DATE    T                         1.7   -1.7      0.6
  SINCE DEC 1     10.4                       9.9    0.5     11.5
  SINCE JUL 1     10.6                      18.6   -8.0     17.5
  SNOW DEPTH       4

DEGREE DAYS
 HEATING
  TODAY           38                        49    -11       59
  MONTH TO DATE  420                       343     77      384
  SINCE DEC 1   1772                      1764      8     1773
  SINCE JUL 1   3181                      3476   -295     2908

 COOLING
  TODAY            0                         0      0        0
  MONTH TO DATE    0                         0      0        0
  SINCE DEC 1      0                         0      0        0
  SINCE JAN 1      0                         0      0        0
..................................................................


WIND (MPH)
  HIGHEST WIND SPEED    22   HIGHEST WIND DIRECTION     S (190)
  HIGHEST GUST SPEED    27   HIGHEST GUST DIRECTION     S (180)
  AVERAGE WIND SPEED    10.3


SKY COVER
  POSSIBLE SUNSHINE  MM
  AVERAGE SKY COVER 0.6


WEATHER CONDITIONS
 THE FOLLOWING WEATHER WAS RECORDED TODAY.
  NO SIGNIFICANT WEATHER WAS OBSERVED.


RELATIVE HUMIDITY (PERCENT)
 HIGHEST    84           500 AM
 LOWEST     74           100 AM
 AVERAGE    79

..........................................................


THE SIOUX FALLS SD CLIMATE NORMALS FOR TOMORROW
                         NORMAL    RECORD    YEAR
 MAXIMUM TEMPERATURE (F)   26        57      2003
                                             2002
 MINIMUM TEMPERATURE (F)    7       -24      1894


SUNRISE AND SUNSET
JANUARY  7 2018.......SUNRISE   800 AM CST   SUNSET   507 PM CST
JANUARY  8 2018.......SUNRISE   800 AM CST   SUNSET   508 PM CST


-  INDICATES NEGATIVE NUMBERS.
R  INDICATES RECORD WAS SET OR TIED.
MM INDICATES DATA IS MISSING.
T  INDICATES TRACE AMOUNT.




$$
