000
CDUS43 KFSD 010632
CLIFSD


CLIMATE REPORT
NATIONAL WEATHER SERVICE SIOUX FALLS SD
128 AM CDT SAT APR 1 2017


...................................

...THE SIOUX FALLS SD CLIMATE SUMMARY FOR MARCH 31 2017...

CLIMATE NORMAL PERIOD 1981 TO 2010
CLIMATE RECORD PERIOD 1893 TO 2017


WEATHER ITEM   OBSERVED TIME   RECORD YEAR NORMAL DEPARTURE LAST
                VALUE   (LST)  VALUE       VALUE  FROM      YEAR
                                                  NORMAL
..................................................................
TEMPERATURE (F)
 YESTERDAY
  MAXIMUM         59    331 PM  83    2012  51      8       50
  MINIMUM         39    942 PM   6    1899  28     11       37
  AVERAGE         49                        40      9       44

PRECIPITATION (IN)
  YESTERDAY        0.00          3.27 2007   0.09  -0.09     0.37
  MONTH TO DATE    0.54                      1.76  -1.22     2.09
  SINCE MAR 1      0.54                      1.76  -1.22     2.09
  SINCE JAN 1      1.65                      2.92  -1.27     3.77

SNOWFALL (IN)
  YESTERDAY        0.0           9.3  1998   0.2   -0.2      0.0
  MONTH TO DATE    8.0                       8.4   -0.4     12.2
  SINCE MAR 1      8.0                       8.4   -0.4     12.2
  SINCE JUL 1     39.4                      39.9   -0.5     68.5
  SNOW DEPTH       0

DEGREE DAYS
 HEATING
  YESTERDAY       16                        26    -10       21
  MONTH TO DATE  910                       995    -85      764
  SINCE MAR 1    910                       995    -85      764
  SINCE JUL 1   5716                      6845  -1129     5800

 COOLING
  YESTERDAY        0                         0      0        0
  MONTH TO DATE    0                         0      0        0
  SINCE MAR 1      0                         0      0        0
  SINCE JAN 1      0                         0      0        0
..................................................................


WIND (MPH)
  HIGHEST WIND SPEED    16   HIGHEST WIND DIRECTION    NE (50)
  HIGHEST GUST SPEED    18   HIGHEST GUST DIRECTION    NE (60)
  AVERAGE WIND SPEED     8.3


SKY COVER
  POSSIBLE SUNSHINE  MM
  AVERAGE SKY COVER 0.7


WEATHER CONDITIONS
 THE FOLLOWING WEATHER WAS RECORDED YESTERDAY.
  NO SIGNIFICANT WEATHER WAS OBSERVED.


RELATIVE HUMIDITY (PERCENT)
 HIGHEST    82          1200 AM
 LOWEST     36           200 PM
 AVERAGE    59

..........................................................


THE SIOUX FALLS SD CLIMATE NORMALS FOR TODAY
                         NORMAL    RECORD    YEAR
 MAXIMUM TEMPERATURE (F)   51        89      2012
 MINIMUM TEMPERATURE (F)   29         5      1899


SUNRISE AND SUNSET
APRIL  1 2017.........SUNRISE   708 AM CDT   SUNSET   754 PM CDT
APRIL  2 2017.........SUNRISE   706 AM CDT   SUNSET   755 PM CDT


-  INDICATES NEGATIVE NUMBERS.
R  INDICATES RECORD WAS SET OR TIED.
MM INDICATES DATA IS MISSING.
T  INDICATES TRACE AMOUNT.




$$
