004
CDUS43 KFSD 082219
CLIFSD


CLIMATE REPORT
NATIONAL WEATHER SERVICE SIOUX FALLS SD
519 PM CDT SUN OCT 8 2017


...................................

...THE SIOUX FALLS SD CLIMATE SUMMARY FOR OCTOBER 8 2017...
VALID TODAY AS OF 0500 PM LOCAL TIME.

CLIMATE NORMAL PERIOD 1981 TO 2010
CLIMATE RECORD PERIOD 1893 TO 2017


WEATHER ITEM   OBSERVED TIME   RECORD YEAR NORMAL DEPARTURE LAST
                VALUE   (LST)  VALUE       VALUE  FROM      YEAR
                                                  NORMAL
..................................................................
TEMPERATURE (F)
 TODAY
  MAXIMUM         70   1234 PM  85    1910  63      7       60
  MINIMUM         50    711 AM  15    2000  39     11       34
  AVERAGE         60                        51      9       47

PRECIPITATION (IN)
  TODAY            0.00          1.48 1982   0.08  -0.08     0.00
  MONTH TO DATE    5.12                      0.69   4.43     3.02
  SINCE SEP 1      6.74                      3.46   3.28    10.57
  SINCE JAN 1     24.33                     22.85   1.48    28.43

SNOWFALL (IN)
  TODAY            0.0           0.6  1970   0.0    0.0      0.0
                                      1959
  MONTH TO DATE    0.0                       0.1   -0.1      0.0
  SINCE SEP 1      0.0                       0.1   -0.1      0.0
  SINCE JUL 1      0.0                       0.1   -0.1      0.0
  SNOW DEPTH       0

DEGREE DAYS
 HEATING
  TODAY            5                        14     -9       18
  MONTH TO DATE   51                       101    -50       81
  SINCE SEP 1    137                       274   -137      151
  SINCE JUL 1    143                       305   -162      159

 COOLING
  TODAY            0                         0      0        0
  MONTH TO DATE    2                         0      2        2
  SINCE SEP 1    100                        60     40       99
  SINCE JAN 1    774                       685     89      879
..................................................................


WIND (MPH)
  HIGHEST WIND SPEED    18   HIGHEST WIND DIRECTION     N (350)
  HIGHEST GUST SPEED    25   HIGHEST GUST DIRECTION     N (360)
  AVERAGE WIND SPEED    11.5


SKY COVER
  POSSIBLE SUNSHINE  MM
  AVERAGE SKY COVER 0.0


WEATHER CONDITIONS
 THE FOLLOWING WEATHER WAS RECORDED TODAY.
  NO SIGNIFICANT WEATHER WAS OBSERVED.


RELATIVE HUMIDITY (PERCENT)
 HIGHEST    86           700 AM
 LOWEST     39           300 PM
 AVERAGE    63

..........................................................


THE SIOUX FALLS SD CLIMATE NORMALS FOR TOMORROW
                         NORMAL    RECORD    YEAR
 MAXIMUM TEMPERATURE (F)   63        89      1980
 MINIMUM TEMPERATURE (F)   39        18      1906


SUNRISE AND SUNSET
OCTOBER  8 2017.......SUNRISE   733 AM CDT   SUNSET   655 PM CDT
OCTOBER  9 2017.......SUNRISE   734 AM CDT   SUNSET   653 PM CDT


-  INDICATES NEGATIVE NUMBERS.
R  INDICATES RECORD WAS SET OR TIED.
MM INDICATES DATA IS MISSING.
T  INDICATES TRACE AMOUNT.




$$
