000
CDUS43 KFSD 242250
CLIFSD


CLIMATE REPORT
NATIONAL WEATHER SERVICE SIOUX FALLS SD
449 PM CST SAT FEB 24 2018


...................................

...THE SIOUX FALLS SD CLIMATE SUMMARY FOR FEBRUARY 24 2018...
VALID TODAY AS OF 0400 PM LOCAL TIME.

CLIMATE NORMAL PERIOD 1981 TO 2010
CLIMATE RECORD PERIOD 1893 TO 2018


WEATHER ITEM   OBSERVED TIME   RECORD YEAR NORMAL DEPARTURE LAST
                VALUE   (LST)  VALUE       VALUE  FROM      YEAR
                                                  NORMAL
..................................................................
TEMPERATURE (F)
 TODAY
  MAXIMUM         21    359 PM  61    1996  34    -13       28
  MINIMUM         14    346 AM -30    1965  15     -1       19
  AVERAGE         18                        24     -6       24

PRECIPITATION (IN)
  TODAY            0.15          0.57 2007   0.03   0.12      T
  MONTH TO DATE    1.16                      0.49   0.67     0.49
  SINCE DEC 1      2.22                      1.74   0.48     3.03
  SINCE JAN 1      1.54                      1.05   0.49     1.11

SNOWFALL (IN)
  TODAY            1.3           3.7  2001   0.2    1.1      0.1
  MONTH TO DATE   14.9                       5.8    9.1      5.1
  SINCE DEC 1     31.1                      21.7    9.4     25.4
  SINCE JUL 1     31.3                      30.4    0.9     31.4
  SNOW DEPTH       7

DEGREE DAYS
 HEATING
  TODAY           47                        40      7       41
  MONTH TO DATE 1257                      1061    196      780
  SINCE DEC 1   4078                      3981     97     3526
  SINCE JUL 1   5487                      5693   -206     4661

 COOLING
  TODAY            0                         0      0        0
  MONTH TO DATE    0                         0      0        0
  SINCE DEC 1      0                         0      0        0
  SINCE JAN 1      0                         0      0        0
..................................................................


WIND (MPH)
  HIGHEST WIND SPEED    14   HIGHEST WIND DIRECTION    SE (150)
  HIGHEST GUST SPEED    17   HIGHEST GUST DIRECTION    SE (120)
  AVERAGE WIND SPEED     7.9


SKY COVER
  POSSIBLE SUNSHINE  MM
  AVERAGE SKY COVER 1.0


WEATHER CONDITIONS
 THE FOLLOWING WEATHER WAS RECORDED TODAY.
  SNOW
  LIGHT SNOW
  FOG
  FOG W/VISIBILITY <= 1/4 MILE
  HAZE


RELATIVE HUMIDITY (PERCENT)
 HIGHEST    96           300 AM
 LOWEST     80           900 AM
 AVERAGE    88

..........................................................


THE SIOUX FALLS SD CLIMATE NORMALS FOR TOMORROW
                         NORMAL    RECORD    YEAR
 MAXIMUM TEMPERATURE (F)   35        63      1896
 MINIMUM TEMPERATURE (F)   15       -14      1965


SUNRISE AND SUNSET
FEBRUARY 24 2018......SUNRISE   711 AM CST   SUNSET   609 PM CST
FEBRUARY 25 2018......SUNRISE   710 AM CST   SUNSET   611 PM CST


-  INDICATES NEGATIVE NUMBERS.
R  INDICATES RECORD WAS SET OR TIED.
MM INDICATES DATA IS MISSING.
T  INDICATES TRACE AMOUNT.




$$
