000
CDUS43 KFSD 210627
CLIFSD


CLIMATE REPORT
NATIONAL WEATHER SERVICE SIOUX FALLS SD
124 AM CDT SUN MAY 21 2017


...................................

...THE SIOUX FALLS SD CLIMATE SUMMARY FOR MAY 20 2017...

CLIMATE NORMAL PERIOD 1981 TO 2010
CLIMATE RECORD PERIOD 1893 TO 2017


WEATHER ITEM   OBSERVED TIME   RECORD YEAR NORMAL DEPARTURE LAST
                VALUE   (LST)  VALUE       VALUE  FROM      YEAR
                                                  NORMAL
..................................................................
TEMPERATURE (F)
 YESTERDAY
  MAXIMUM         46    127 PM  95    1934  71    -25       65
  MINIMUM         41   1159 PM  27    1967  48     -7       48
                                      1895
  AVERAGE         44                        59    -15       57

PRECIPITATION (IN)
  YESTERDAY        0.66          1.89 1999   0.12   0.54     0.00
  MONTH TO DATE    3.10                      2.14   0.96     0.65
  SINCE MAR 1      6.51                      6.91  -0.40     7.36
  SINCE JAN 1      7.62                      8.07  -0.45     9.04

SNOWFALL (IN)
  YESTERDAY        0.0          MM      MM   0.0    0.0      0.0
  MONTH TO DATE    2.2                       0.4    1.8      0.0
  SINCE MAR 1     11.5                      13.4   -1.9     12.2
  SINCE JUL 1     42.9                      44.9   -2.0     68.5
  SNOW DEPTH       0

DEGREE DAYS
 HEATING
  YESTERDAY       21                         7     14        8
  MONTH TO DATE  161                       189    -28      205
  SINCE MAR 1   1545                      1746   -201     1451
  SINCE JUL 1   6351                      7596  -1245     6487

 COOLING
  YESTERDAY        0                         1     -1        0
  MONTH TO DATE   25                        16      9        6
  SINCE MAR 1     26                        21      5        6
  SINCE JAN 1     26                        21      5        6
..................................................................


WIND (MPH)
  HIGHEST WIND SPEED    21   HIGHEST WIND DIRECTION    NE (60)
  HIGHEST GUST SPEED    26   HIGHEST GUST DIRECTION     E (70)
  AVERAGE WIND SPEED    13.7


SKY COVER
  POSSIBLE SUNSHINE  MM
  AVERAGE SKY COVER 1.0


WEATHER CONDITIONS
 THE FOLLOWING WEATHER WAS RECORDED YESTERDAY.
  RAIN
  LIGHT RAIN
  FOG


RELATIVE HUMIDITY (PERCENT)
 HIGHEST   100           100 AM
 LOWEST     92          1200 PM
 AVERAGE    96

..........................................................


THE SIOUX FALLS SD CLIMATE NORMALS FOR TODAY
                         NORMAL    RECORD    YEAR
 MAXIMUM TEMPERATURE (F)   71        93      1964
 MINIMUM TEMPERATURE (F)   48        25      1931


SUNRISE AND SUNSET
MAY 21 2017...........SUNRISE   556 AM CDT   SUNSET   852 PM CDT
MAY 22 2017...........SUNRISE   555 AM CDT   SUNSET   853 PM CDT


-  INDICATES NEGATIVE NUMBERS.
R  INDICATES RECORD WAS SET OR TIED.
MM INDICATES DATA IS MISSING.
T  INDICATES TRACE AMOUNT.




$$
