000
CDUS43 KFSD 020626
CLIFSD


CLIMATE REPORT
NATIONAL WEATHER SERVICE SIOUX FALLS SD
125 AM CDT WED SEP 2 2015


...................................

...THE SIOUX FALLS SD CLIMATE SUMMARY FOR SEPTEMBER 1 2015...

CLIMATE NORMAL PERIOD 1981 TO 2010
CLIMATE RECORD PERIOD 1893 TO 2015


WEATHER ITEM   OBSERVED TIME   RECORD YEAR NORMAL DEPARTURE LAST
                VALUE   (LST)  VALUE       VALUE  FROM      YEAR
                                                  NORMAL
..................................................................
TEMPERATURE (F)
 YESTERDAY
  MAXIMUM         81   1247 PM  97    1913  79      2       78
                                      1898
  MINIMUM         68    652 AM  36    1974  56     12       60
  AVERAGE         75                        67      8       69

PRECIPITATION (IN)
  YESTERDAY        0.02          2.00 1992   0.10  -0.08     0.02
  MONTH TO DATE    0.02                      0.10  -0.08     0.02
  SINCE SEP 1      0.02                      0.10  -0.08     0.02
  SINCE JAN 1     21.62                     19.49   2.13    24.45

SNOWFALL (IN)
  YESTERDAY        0.0           0.0    MM   0.0    0.0      0.0
  MONTH TO DATE    0.0                       0.0    0.0      0.0
  SINCE SEP 1      0.0                       0.0    0.0      0.0
  SINCE JUL 1      0.0                       0.0    0.0       T
  SNOW DEPTH       0

DEGREE DAYS
 HEATING
  YESTERDAY        0                         2     -2        0
  MONTH TO DATE    0                         2     -2        0
  SINCE SEP 1      0                         2     -2        0
  SINCE JUL 1     40                        33      7       18

 COOLING
  YESTERDAY       10                         4      6        4
  MONTH TO DATE   10                         4      6        4
  SINCE SEP 1     10                         4      6        4
  SINCE JAN 1    585                       629    -44      555
..................................................................


WIND (MPH)
  HIGHEST WIND SPEED    14   HIGHEST WIND DIRECTION     E (110)
  HIGHEST GUST SPEED    17   HIGHEST GUST DIRECTION     E (110)
  AVERAGE WIND SPEED     5.3


SKY COVER
  POSSIBLE SUNSHINE  MM
  AVERAGE SKY COVER 0.7


WEATHER CONDITIONS
 THE FOLLOWING WEATHER WAS RECORDED YESTERDAY.
  FOG
  HAZE


RELATIVE HUMIDITY (PERCENT)
 HIGHEST    93           600 AM
 LOWEST     71           400 PM
 AVERAGE    82

..........................................................


THE SIOUX FALLS SD CLIMATE NORMALS FOR TODAY
                         NORMAL    RECORD    YEAR
 MAXIMUM TEMPERATURE (F)   78        99      1956
 MINIMUM TEMPERATURE (F)   55        35      1893


SUNRISE AND SUNSET
SEPTEMBER  2 2015.....SUNRISE   652 AM CDT   SUNSET   801 PM CDT
SEPTEMBER  3 2015.....SUNRISE   653 AM CDT   SUNSET   759 PM CDT


-  INDICATES NEGATIVE NUMBERS.
R  INDICATES RECORD WAS SET OR TIED.
MM INDICATES DATA IS MISSING.
T  INDICATES TRACE AMOUNT.




$$
