000
CDUS43 KFSD 170629
CLIFSD


CLIMATE REPORT
NATIONAL WEATHER SERVICE SIOUX FALLS SD
125 AM CDT WED SEP 17 2014


...................................

...THE SIOUX FALLS SD CLIMATE SUMMARY FOR SEPTEMBER 16 2014...

CLIMATE NORMAL PERIOD 1981 TO 2010
CLIMATE RECORD PERIOD 1893 TO 2014


WEATHER ITEM   OBSERVED TIME   RECORD YEAR NORMAL DEPARTURE LAST
                VALUE   (LST)  VALUE       VALUE  FROM      YEAR
                                                  NORMAL
..................................................................
TEMPERATURE (F)
 YESTERDAY
  MAXIMUM         68    512 PM  96    1955  73     -5       69
  MINIMUM         39    457 AM  28    1903  49    -10       43
                                      1893
  AVERAGE         54                        61     -7       56

PRECIPITATION (IN)
  YESTERDAY        0.00          2.40 1986   0.09  -0.09     0.00
  MONTH TO DATE    1.92                      1.53   0.39     0.21
  SINCE SEP 1      1.92                      1.53   0.39     0.21
  SINCE JAN 1     26.35                     20.92   5.43    20.63

SNOWFALL (IN)
  YESTERDAY        0.0           0.0    MM   0.0    0.0      0.0
  MONTH TO DATE    0.0                       0.0    0.0      0.0
  SINCE SEP 1      0.0                       0.0    0.0      0.0
  SINCE JUL 1      T                         0.0    0.0      0.0
  SNOW DEPTH       0

DEGREE DAYS
 HEATING
  YESTERDAY       11                         6      5        9
  MONTH TO DATE  105                        57     48       26
  SINCE SEP 1    105                        57     48       26
  SINCE JUL 1    123                        88     35       60

 COOLING
  YESTERDAY        0                         2     -2        0
  MONTH TO DATE   22                        48    -26       94
  SINCE SEP 1     22                        48    -26       94
  SINCE JAN 1    573                       673   -100      748
..................................................................


WIND (MPH)
  HIGHEST WIND SPEED    20   HIGHEST WIND DIRECTION     S (170)
  HIGHEST GUST SPEED    24   HIGHEST GUST DIRECTION     S (190)
  AVERAGE WIND SPEED     8.7


SKY COVER
  POSSIBLE SUNSHINE  MM
  AVERAGE SKY COVER 0.4


WEATHER CONDITIONS
 THE FOLLOWING WEATHER WAS RECORDED YESTERDAY.
  FOG


RELATIVE HUMIDITY (PERCENT)
 HIGHEST    96           100 AM
 LOWEST     49           500 PM
 AVERAGE    73

..........................................................


THE SIOUX FALLS SD CLIMATE NORMALS FOR TODAY
                         NORMAL    RECORD    YEAR
 MAXIMUM TEMPERATURE (F)   73       103      1895
 MINIMUM TEMPERATURE (F)   49        24      1900


SUNRISE AND SUNSET
SEPTEMBER 17 2014.....SUNRISE   709 AM CDT   SUNSET   733 PM CDT
SEPTEMBER 18 2014.....SUNRISE   710 AM CDT   SUNSET   732 PM CDT


-  INDICATES NEGATIVE NUMBERS.
R  INDICATES RECORD WAS SET OR TIED.
MM INDICATES DATA IS MISSING.
T  INDICATES TRACE AMOUNT.




$$
