000
CDUS43 KFSD 010642
CLIFSD


CLIMATE REPORT
NATIONAL WEATHER SERVICE SIOUX FALLS SD
141 AM CDT WED JUL 1 2015


...................................

...THE SIOUX FALLS SD CLIMATE SUMMARY FOR JUNE 30 2015...

CLIMATE NORMAL PERIOD 1981 TO 2010
CLIMATE RECORD PERIOD 1893 TO 2015


WEATHER ITEM   OBSERVED TIME   RECORD YEAR NORMAL DEPARTURE LAST
                VALUE   (LST)  VALUE       VALUE  FROM      YEAR
                                                  NORMAL
..................................................................
TEMPERATURE (F)
 YESTERDAY
  MAXIMUM         76    246 PM 103    1894  83     -7       79
  MINIMUM         62    353 AM  43    1924  61      1       62
  AVERAGE         69                        72     -3       71

PRECIPITATION (IN)
  YESTERDAY        0.03          1.36 1903   0.12  -0.09     0.13
  MONTH TO DATE    4.29                      3.92   0.37    13.70
  SINCE JUN 1      4.29                      3.92   0.37    13.70
  SINCE JAN 1     10.84                     13.25  -2.41    18.68

SNOWFALL (IN)
  YESTERDAY        0.0           0.0    MM   0.0    0.0      0.0
  MONTH TO DATE    0.0                       0.0    0.0       T
  SINCE JUN 1      0.0                       0.0    0.0       T
  SINCE JUL 1     31.9                      44.5  -12.6     45.3
  SNOW DEPTH       0

DEGREE DAYS
 HEATING
  YESTERDAY        0                         0      0        0
  MONTH TO DATE    9                        52    -43       32
  SINCE JUN 1      9                        51    -42       32
  SINCE JUL 1   7246                      7706   -460     8320

 COOLING
  YESTERDAY        4                         7     -3        6
  MONTH TO DATE  139                       135      4      136
  SINCE JUN 1    139                       135      4      136
  SINCE JAN 1    161                       171    -10      189
..................................................................


WIND (MPH)
  HIGHEST WIND SPEED     9   HIGHEST WIND DIRECTION     E (110)
  HIGHEST GUST SPEED    13   HIGHEST GUST DIRECTION     E (110)
  AVERAGE WIND SPEED     3.0


SKY COVER
  POSSIBLE SUNSHINE  MM
  AVERAGE SKY COVER 0.9


WEATHER CONDITIONS
 THE FOLLOWING WEATHER WAS RECORDED YESTERDAY.
  LIGHT RAIN
  FOG
  HAZE


RELATIVE HUMIDITY (PERCENT)
 HIGHEST    93           200 AM
 LOWEST     64          1200 PM
 AVERAGE    79

..........................................................


THE SIOUX FALLS SD CLIMATE NORMALS FOR TODAY
                         NORMAL    RECORD    YEAR
 MAXIMUM TEMPERATURE (F)   83        97      1948
 MINIMUM TEMPERATURE (F)   61        44      1904


SUNRISE AND SUNSET
JULY  1 2015..........SUNRISE   549 AM CDT   SUNSET   912 PM CDT
JULY  2 2015..........SUNRISE   550 AM CDT   SUNSET   912 PM CDT


-  INDICATES NEGATIVE NUMBERS.
R  INDICATES RECORD WAS SET OR TIED.
MM INDICATES DATA IS MISSING.
T  INDICATES TRACE AMOUNT.




$$
