000
CDUS43 KFSD 150656
CLIFSD


CLIMATE REPORT
NATIONAL WEATHER SERVICE SIOUX FALLS SD
1255 AM CST THU JAN 15 2015


...................................

...THE SIOUX FALLS SD CLIMATE SUMMARY FOR JANUARY 14 2015...

CLIMATE NORMAL PERIOD 1981 TO 2010
CLIMATE RECORD PERIOD 1893 TO 2015


WEATHER ITEM   OBSERVED TIME   RECORD YEAR NORMAL DEPARTURE LAST
                VALUE   (LST)  VALUE       VALUE  FROM      YEAR
                                                  NORMAL
..................................................................
TEMPERATURE (F)
 YESTERDAY
  MAXIMUM         26   1003 PM  50    1914  26      0       39
                                      1901
  MINIMUM          9    812 AM -31    1916   7      2        5
  AVERAGE         18                        16      2       22

PRECIPITATION (IN)
  YESTERDAY        T             0.52 1952   0.02  -0.02      T
  MONTH TO DATE    0.44                      0.26   0.18     0.06
  SINCE DEC 1      1.77                      0.95   0.82     1.19
  SINCE JAN 1      0.44                      0.26   0.18     0.06

SNOWFALL (IN)
  YESTERDAY        T             3.5  1930   0.3   -0.3       T
  MONTH TO DATE    5.8                       3.5    2.3      0.6
  SINCE DEC 1     11.7                      11.7    0.0     13.2
  SINCE JUL 1     20.0                      20.4   -0.4     21.1
  SNOW DEPTH       4

DEGREE DAYS
 HEATING
  YESTERDAY       47                        49     -2       43
  MONTH TO DATE  807                       686    121      746
  SINCE DEC 1   2056                      2107    -51     2393
  SINCE JUL 1   3812                      3819     -7     4014

 COOLING
  YESTERDAY        0                         0      0        0
  MONTH TO DATE    0                         0      0        0
  SINCE DEC 1      0                         0      0        0
  SINCE JAN 1      0                         0      0        0
..................................................................


WIND (MPH)
  HIGHEST WIND SPEED    16   HIGHEST WIND DIRECTION    NW (320)
  HIGHEST GUST SPEED    20   HIGHEST GUST DIRECTION     N (340)
  AVERAGE WIND SPEED     6.0


SKY COVER
  POSSIBLE SUNSHINE  MM
  AVERAGE SKY COVER 0.7


WEATHER CONDITIONS
 THE FOLLOWING WEATHER WAS RECORDED YESTERDAY.
  LIGHT SNOW
  FOG


RELATIVE HUMIDITY (PERCENT)
 HIGHEST    96           700 AM
 LOWEST     73          1200 AM
 AVERAGE    85

..........................................................


THE SIOUX FALLS SD CLIMATE NORMALS FOR TODAY
                         NORMAL    RECORD    YEAR
 MAXIMUM TEMPERATURE (F)   26        55      1914
 MINIMUM TEMPERATURE (F)    7       -32      1972


SUNRISE AND SUNSET
JANUARY 15 2015.......SUNRISE   757 AM CST   SUNSET   516 PM CST
JANUARY 16 2015.......SUNRISE   757 AM CST   SUNSET   517 PM CST


-  INDICATES NEGATIVE NUMBERS.
R  INDICATES RECORD WAS SET OR TIED.
MM INDICATES DATA IS MISSING.
T  INDICATES TRACE AMOUNT.




$$
