000
CDUS43 KFSD 060628
CLIFSD


CLIMATE REPORT
NATIONAL WEATHER SERVICE SIOUX FALLS SD
127 AM CDT WED JUL 6 2016


...................................

...THE SIOUX FALLS SD CLIMATE SUMMARY FOR JULY 5 2016...

CLIMATE NORMAL PERIOD 1981 TO 2010
CLIMATE RECORD PERIOD 1893 TO 2016


WEATHER ITEM   OBSERVED TIME   RECORD YEAR NORMAL DEPARTURE LAST
                VALUE   (LST)  VALUE       VALUE  FROM      YEAR
                                                  NORMAL
..................................................................
TEMPERATURE (F)
 YESTERDAY
  MAXIMUM         90    343 PM 109    1936  84      6       90
  MINIMUM         66   1149 PM  39    1972  61      5       67
  AVERAGE         78                        73      5       79

PRECIPITATION (IN)
  YESTERDAY        T             2.29 1982   0.11  -0.11     0.11
  MONTH TO DATE    T                         0.53  -0.53     0.31
  SINCE JUN 1      1.72                      4.45  -2.73     4.60
  SINCE JAN 1     13.22                     13.78  -0.56    11.15

SNOWFALL (IN)
  YESTERDAY        0.0           0.0    MM   0.0    0.0      0.0
  MONTH TO DATE    0.0                       0.0    0.0      0.0
  SINCE JUN 1      0.0                       0.0    0.0      0.0
  SINCE JUL 1      0.0                       0.0    0.0      0.0
  SNOW DEPTH       0

DEGREE DAYS
 HEATING
  YESTERDAY        0                         0      0        0
  MONTH TO DATE    4                         0      4        1
  SINCE JUN 1     13                        51    -38       10
  SINCE JUL 1      4                         0      4        1

 COOLING
  YESTERDAY       13                         8      5       14
  MONTH TO DATE   23                        39    -16       23
  SINCE JUN 1    258                       174     84      162
  SINCE JAN 1    291                       210     81      184
..................................................................


WIND (MPH)
  HIGHEST WIND SPEED    25   HIGHEST WIND DIRECTION     S (200)
  HIGHEST GUST SPEED    33   HIGHEST GUST DIRECTION     S (190)
  AVERAGE WIND SPEED    10.2


SKY COVER
  POSSIBLE SUNSHINE  MM
  AVERAGE SKY COVER 0.6


WEATHER CONDITIONS
 THE FOLLOWING WEATHER WAS RECORDED YESTERDAY.
  LIGHT RAIN
  FOG


RELATIVE HUMIDITY (PERCENT)
 HIGHEST    90           100 AM
 LOWEST     55           400 PM
 AVERAGE    73

..........................................................


THE SIOUX FALLS SD CLIMATE NORMALS FOR TODAY
                         NORMAL    RECORD    YEAR
 MAXIMUM TEMPERATURE (F)   84       105      1936
 MINIMUM TEMPERATURE (F)   62        46      1942


SUNRISE AND SUNSET
JULY  6 2016..........SUNRISE   553 AM CDT   SUNSET   910 PM CDT
JULY  7 2016..........SUNRISE   554 AM CDT   SUNSET   910 PM CDT


-  INDICATES NEGATIVE NUMBERS.
R  INDICATES RECORD WAS SET OR TIED.
MM INDICATES DATA IS MISSING.
T  INDICATES TRACE AMOUNT.




$$
