000
CDUS43 KFSD 030624
CLIFSD


CLIMATE REPORT
NATIONAL WEATHER SERVICE SIOUX FALLS SD
123 AM CDT SAT JUN 3 2017


...................................

...THE SIOUX FALLS SD CLIMATE SUMMARY FOR JUNE 2 2017...

CLIMATE NORMAL PERIOD 1981 TO 2010
CLIMATE RECORD PERIOD 1893 TO 2017


WEATHER ITEM   OBSERVED TIME   RECORD YEAR NORMAL DEPARTURE LAST
                VALUE   (LST)  VALUE       VALUE  FROM      YEAR
                                                  NORMAL
..................................................................
TEMPERATURE (F)
 YESTERDAY
  MAXIMUM         94    351 PM  97    1934  75     19       83
  MINIMUM         64    412 AM  37    1964  52     12       43
                                      1946
  AVERAGE         79                        64     15       63

PRECIPITATION (IN)
  YESTERDAY        0.00          0.97 2007   0.13  -0.13     0.00
  MONTH TO DATE    0.00                      0.25  -0.25     0.00
  SINCE JUN 1      0.00                      0.25  -0.25     0.00
  SINCE JAN 1      7.75                      9.58  -1.83    11.50

SNOWFALL (IN)
  YESTERDAY        0.0           0.0    MM   0.0    0.0      0.0
  MONTH TO DATE    0.0                       0.0    0.0      0.0
  SINCE JUN 1      0.0                       0.0    0.0      0.0
  SINCE JUL 1     42.9                      44.5   -1.6     68.5
  SNOW DEPTH       0

DEGREE DAYS
 HEATING
  YESTERDAY        0                         4     -4        2
  MONTH TO DATE    3                         8     -5        6
  SINCE JUN 1      3                         8     -5        6
  SINCE JUL 1   6440                      7663  -1223     6501

 COOLING
  YESTERDAY       14                         2     12        0
  MONTH TO DATE   14                         4     10        0
  SINCE JUN 1     14                         4     10        0
  SINCE JAN 1     40                        40      0       33
..................................................................


WIND (MPH)
  HIGHEST WIND SPEED    23   HIGHEST WIND DIRECTION     S (190)
  HIGHEST GUST SPEED    29   HIGHEST GUST DIRECTION     S (190)
  AVERAGE WIND SPEED    12.4


SKY COVER
  POSSIBLE SUNSHINE  MM
  AVERAGE SKY COVER 0.2


WEATHER CONDITIONS
 THE FOLLOWING WEATHER WAS RECORDED YESTERDAY.
  HAZE


RELATIVE HUMIDITY (PERCENT)
 HIGHEST    93           500 AM
 LOWEST     26           400 PM
 AVERAGE    60

..........................................................


THE SIOUX FALLS SD CLIMATE NORMALS FOR TODAY
                         NORMAL    RECORD    YEAR
 MAXIMUM TEMPERATURE (F)   75        96      1968
 MINIMUM TEMPERATURE (F)   52        36      1969


SUNRISE AND SUNSET
JUNE  3 2017..........SUNRISE   548 AM CDT   SUNSET   903 PM CDT
JUNE  4 2017..........SUNRISE   547 AM CDT   SUNSET   904 PM CDT


-  INDICATES NEGATIVE NUMBERS.
R  INDICATES RECORD WAS SET OR TIED.
MM INDICATES DATA IS MISSING.
T  INDICATES TRACE AMOUNT.




$$
