744
CDUS43 KFSD 042220
CLIFSD


CLIMATE REPORT
NATIONAL WEATHER SERVICE SIOUX FALLS SD
519 PM CDT WED OCT 4 2017


...................................

...THE SIOUX FALLS SD CLIMATE SUMMARY FOR OCTOBER 4 2017...
VALID TODAY AS OF 0500 PM LOCAL TIME.

CLIMATE NORMAL PERIOD 1981 TO 2010
CLIMATE RECORD PERIOD 1893 TO 2017


WEATHER ITEM   OBSERVED TIME   RECORD YEAR NORMAL DEPARTURE LAST
                VALUE   (LST)  VALUE       VALUE  FROM      YEAR
                                                  NORMAL
..................................................................
TEMPERATURE (F)
 TODAY
  MAXIMUM         65    359 PM  92    1905  65      0       65
  MINIMUM         39    658 AM  22    1968  41     -2       55
                                      1952
  AVERAGE         52                        53     -1       60

PRECIPITATION (IN)
  TODAY            0.00          2.53 2016   0.09  -0.09     2.53
  MONTH TO DATE    4.28                      0.36   3.92     2.53
  SINCE SEP 1      5.90                      3.13   2.77    10.08
  SINCE JAN 1     23.49                     22.52   0.97    27.94

SNOWFALL (IN)
  TODAY            0.0           0.0    MM   0.0    0.0      0.0
  MONTH TO DATE    0.0                       0.0    0.0      0.0
  SINCE SEP 1      0.0                       T      0.0      0.0
  SINCE JUL 1      0.0                       T      0.0      0.0
  SNOW DEPTH       0

DEGREE DAYS
 HEATING
  TODAY           13                        12      1        5
  MONTH TO DATE   28                        47    -19       16
  SINCE SEP 1    114                       220   -106       86
  SINCE JUL 1    120                       251   -131       94

 COOLING
  TODAY            0                         0      0        0
  MONTH TO DATE    2                         0      2        2
  SINCE SEP 1    100                        60     40       99
  SINCE JAN 1    774                       685     89      879
..................................................................


WIND (MPH)
  HIGHEST WIND SPEED     9   HIGHEST WIND DIRECTION     W (260)
  HIGHEST GUST SPEED    13   HIGHEST GUST DIRECTION     W (290)
  AVERAGE WIND SPEED     3.9


SKY COVER
  POSSIBLE SUNSHINE  MM
  AVERAGE SKY COVER 0.1


WEATHER CONDITIONS
 THE FOLLOWING WEATHER WAS RECORDED TODAY.
  NO SIGNIFICANT WEATHER WAS OBSERVED.


RELATIVE HUMIDITY (PERCENT)
 HIGHEST    92           200 AM
 LOWEST     44           300 PM
 AVERAGE    68

..........................................................


THE SIOUX FALLS SD CLIMATE NORMALS FOR TOMORROW
                         NORMAL    RECORD    YEAR
 MAXIMUM TEMPERATURE (F)   65        94      1963
 MINIMUM TEMPERATURE (F)   40        20      1952


SUNRISE AND SUNSET
OCTOBER  4 2017.......SUNRISE   728 AM CDT   SUNSET   702 PM CDT
OCTOBER  5 2017.......SUNRISE   729 AM CDT   SUNSET   700 PM CDT


-  INDICATES NEGATIVE NUMBERS.
R  INDICATES RECORD WAS SET OR TIED.
MM INDICATES DATA IS MISSING.
T  INDICATES TRACE AMOUNT.




$$
