000
CDUS43 KFSD 260651
CLIFSD


CLIMATE REPORT
NATIONAL WEATHER SERVICE SIOUX FALLS SD
151 AM CDT THU MAR 26 2015


...................................

...THE SIOUX FALLS SD CLIMATE SUMMARY FOR MARCH 25 2015...

CLIMATE NORMAL PERIOD 1981 TO 2010
CLIMATE RECORD PERIOD 1893 TO 2015


WEATHER ITEM   OBSERVED TIME   RECORD YEAR NORMAL DEPARTURE LAST
                VALUE   (LST)  VALUE       VALUE  FROM      YEAR
                                                  NORMAL
..................................................................
TEMPERATURE (F)
 YESTERDAY
  MAXIMUM         47    422 PM  82    1910  48     -1       30
  MINIMUM         26   1159 PM  -4    1894  26      0       12
  AVERAGE         37                        37      0       21

PRECIPITATION (IN)
  YESTERDAY        0.00          2.39 1995   0.07  -0.07      T
  MONTH TO DATE    0.33                      1.26  -0.93     0.55
  SINCE MAR 1      0.33                      1.26  -0.93     0.55
  SINCE JAN 1      1.55                      2.42  -0.87     1.54

SNOWFALL (IN)
  YESTERDAY        0.0           3.0  1970   0.2   -0.2       T
  MONTH TO DATE    1.7                       7.0   -5.3      6.3
  SINCE MAR 1      1.7                       7.0   -5.3      6.3
  SINCE JUL 1     31.9                      38.5   -6.6     40.5
  SNOW DEPTH       0

DEGREE DAYS
 HEATING
  YESTERDAY       28                        28      0       44
  MONTH TO DATE  680                       835   -155      948
  SINCE MAR 1    680                       835   -155      948
  SINCE JUL 1   6429                      6685   -256     7295

 COOLING
  YESTERDAY        0                         0      0        0
  MONTH TO DATE    0                         0      0        0
  SINCE MAR 1      0                         0      0        0
  SINCE JAN 1      0                         0      0        0
..................................................................


WIND (MPH)
  HIGHEST WIND SPEED    31   HIGHEST WIND DIRECTION    NW (310)
  HIGHEST GUST SPEED    39   HIGHEST GUST DIRECTION    NW (320)
  AVERAGE WIND SPEED    17.1


SKY COVER
  POSSIBLE SUNSHINE  MM
  AVERAGE SKY COVER 0.6


WEATHER CONDITIONS
 THE FOLLOWING WEATHER WAS RECORDED YESTERDAY.
  FOG


RELATIVE HUMIDITY (PERCENT)
 HIGHEST   100          1200 AM
 LOWEST     40           500 PM
 AVERAGE    70

..........................................................


THE SIOUX FALLS SD CLIMATE NORMALS FOR TODAY
                         NORMAL    RECORD    YEAR
 MAXIMUM TEMPERATURE (F)   48        78      1910
 MINIMUM TEMPERATURE (F)   27        -4      1894


SUNRISE AND SUNSET
MARCH 26 2015.........SUNRISE   720 AM CDT   SUNSET   746 PM CDT
MARCH 27 2015.........SUNRISE   718 AM CDT   SUNSET   747 PM CDT


-  INDICATES NEGATIVE NUMBERS.
R  INDICATES RECORD WAS SET OR TIED.
MM INDICATES DATA IS MISSING.
T  INDICATES TRACE AMOUNT.




$$
