066
CDUS43 KFSD 232221
CLIFSD


CLIMATE REPORT
NATIONAL WEATHER SERVICE SIOUX FALLS SD
520 PM CDT TUE MAY 23 2017


...................................

...THE SIOUX FALLS SD CLIMATE SUMMARY FOR MAY 23 2017...
VALID TODAY AS OF 0500 PM LOCAL TIME.

CLIMATE NORMAL PERIOD 1981 TO 2010
CLIMATE RECORD PERIOD 1893 TO 2017


WEATHER ITEM   OBSERVED TIME   RECORD YEAR NORMAL DEPARTURE LAST
                VALUE   (LST)  VALUE       VALUE  FROM      YEAR
                                                  NORMAL
..................................................................
TEMPERATURE (F)
 TODAY
  MAXIMUM         58    344 PM  94    1950  72    -14       74
  MINIMUM         47    409 AM  33    1893  49     -2       60
  AVERAGE         53                        60     -7       67

PRECIPITATION (IN)
  TODAY            0.05          3.96 1936   0.11  -0.06     0.69
  MONTH TO DATE    3.16                      2.47   0.69     1.34
  SINCE MAR 1      6.57                      7.24  -0.67     8.05
  SINCE JAN 1      7.68                      8.40  -0.72     9.73

SNOWFALL (IN)
  TODAY            0.0          MM      MM   0.0    0.0      0.0
  MONTH TO DATE    2.2                       0.4    1.8      0.0
  SINCE MAR 1     11.5                      13.4   -1.9     12.2
  SINCE JUL 1     42.9                      44.9   -2.0     68.5
  SNOW DEPTH       0

DEGREE DAYS
 HEATING
  TODAY           12                         6      6        0
  MONTH TO DATE  198                       208    -10      211
  SINCE MAR 1   1582                      1765   -183     1457
  SINCE JUL 1   6388                      7615  -1227     6493

 COOLING
  TODAY            0                         1     -1        2
  MONTH TO DATE   25                        19      6       12
  SINCE MAR 1     26                        24      2       12
  SINCE JAN 1     26                        24      2       12
..................................................................


WIND (MPH)
  HIGHEST WIND SPEED    30   HIGHEST WIND DIRECTION     N (350)
  HIGHEST GUST SPEED    36   HIGHEST GUST DIRECTION     N (350)
  AVERAGE WIND SPEED    13.9


SKY COVER
  POSSIBLE SUNSHINE  MM
  AVERAGE SKY COVER 0.9


WEATHER CONDITIONS
 THE FOLLOWING WEATHER WAS RECORDED TODAY.
  LIGHT RAIN
  FOG


RELATIVE HUMIDITY (PERCENT)
 HIGHEST    93           300 AM
 LOWEST     67           400 PM
 AVERAGE    80

..........................................................


THE SIOUX FALLS SD CLIMATE NORMALS FOR TOMORROW
                         NORMAL    RECORD    YEAR
 MAXIMUM TEMPERATURE (F)   72        96      1939
 MINIMUM TEMPERATURE (F)   49        27      1897


SUNRISE AND SUNSET
MAY 23 2017...........SUNRISE   554 AM CDT   SUNSET   854 PM CDT
MAY 24 2017...........SUNRISE   554 AM CDT   SUNSET   855 PM CDT


-  INDICATES NEGATIVE NUMBERS.
R  INDICATES RECORD WAS SET OR TIED.
MM INDICATES DATA IS MISSING.
T  INDICATES TRACE AMOUNT.




$$
