000
CDUS43 KFSD 220624
CLIFSD


CLIMATE REPORT
NATIONAL WEATHER SERVICE SIOUX FALLS SD
1220 AM CST THU FEB 22 2018


...................................

...THE SIOUX FALLS SD CLIMATE SUMMARY FOR FEBRUARY 21 2018...

CLIMATE NORMAL PERIOD 1981 TO 2010
CLIMATE RECORD PERIOD 1893 TO 2018


WEATHER ITEM   OBSERVED TIME   RECORD YEAR NORMAL DEPARTURE LAST
                VALUE   (LST)  VALUE       VALUE  FROM      YEAR
                                                  NORMAL
..................................................................
TEMPERATURE (F)
 YESTERDAY
  MAXIMUM         20    427 PM  68    2017  33    -13       68
  MINIMUM         -8    745 AM -19    1918  14    -22       28
  AVERAGE          6                        23    -17       48

PRECIPITATION (IN)
  YESTERDAY        0.00          0.95 1913   0.03  -0.03     0.00
  MONTH TO DATE    0.70                      0.41   0.29     0.26
  SINCE DEC 1      1.76                      1.66   0.10     2.80
  SINCE JAN 1      1.08                      0.97   0.11     0.88

SNOWFALL (IN)
  YESTERDAY        0.0           5.0  1920   0.3   -0.3      0.0
                                      1913
  MONTH TO DATE   10.0                       5.1    4.9       T
  SINCE DEC 1     26.2                      21.0    5.2     20.3
  SINCE JUL 1     26.4                      29.7   -3.3     26.3
  SNOW DEPTH       2

DEGREE DAYS
 HEATING
  YESTERDAY       59                        42     17       17
  MONTH TO DATE 1116                       939    177      689
  SINCE DEC 1   3937                      3859     78     3435
  SINCE JUL 1   5346                      5571   -225     4570

 COOLING
  YESTERDAY        0                         0      0        0
  MONTH TO DATE    0                         0      0        0
  SINCE DEC 1      0                         0      0        0
  SINCE JAN 1      0                         0      0        0
..................................................................


WIND (MPH)
  HIGHEST WIND SPEED    14   HIGHEST WIND DIRECTION     S (200)
  HIGHEST GUST SPEED    16   HIGHEST GUST DIRECTION     S (200)
  AVERAGE WIND SPEED     5.1


SKY COVER
  POSSIBLE SUNSHINE  MM
  AVERAGE SKY COVER 0.4


WEATHER CONDITIONS
 THE FOLLOWING WEATHER WAS RECORDED YESTERDAY.
  NO SIGNIFICANT WEATHER WAS OBSERVED.


RELATIVE HUMIDITY (PERCENT)
 HIGHEST    82           600 AM
 LOWEST     49           100 PM
 AVERAGE    66

..........................................................


THE SIOUX FALLS SD CLIMATE NORMALS FOR TODAY
                         NORMAL    RECORD    YEAR
 MAXIMUM TEMPERATURE (F)   34        70      1982
 MINIMUM TEMPERATURE (F)   14       -17      1989


SUNRISE AND SUNSET
FEBRUARY 22 2018......SUNRISE   715 AM CST   SUNSET   607 PM CST
FEBRUARY 23 2018......SUNRISE   713 AM CST   SUNSET   608 PM CST


-  INDICATES NEGATIVE NUMBERS.
R  INDICATES RECORD WAS SET OR TIED.
MM INDICATES DATA IS MISSING.
T  INDICATES TRACE AMOUNT.




$$
