000
CDUS43 KFSD 240657
CLIFSD


CLIMATE REPORT
NATIONAL WEATHER SERVICE SIOUX FALLS SD
1257 AM CST FRI FEB 24 2017


...................................

...THE SIOUX FALLS SD CLIMATE SUMMARY FOR FEBRUARY 23 2017...

CLIMATE NORMAL PERIOD 1981 TO 2010
CLIMATE RECORD PERIOD 1893 TO 2017


WEATHER ITEM   OBSERVED TIME   RECORD YEAR NORMAL DEPARTURE LAST
                VALUE   (LST)  VALUE       VALUE  FROM      YEAR
                                                  NORMAL
..................................................................
TEMPERATURE (F)
 YESTERDAY
  MAXIMUM         35   1211 AM  70    1958  34      1       39
  MINIMUM         27   1159 PM -19    1965  15     12       25
  AVERAGE         31                        24      7       32

PRECIPITATION (IN)
  YESTERDAY        0.14          0.82 2000   0.03   0.11     0.00
  MONTH TO DATE    0.40                      0.46  -0.06     0.76
  SINCE DEC 1      2.94                      1.71   1.23     2.55
  SINCE JAN 1      1.02                      1.02   0.00     1.24

SNOWFALL (IN)
  YESTERDAY        5.0           5.6  2012   0.3    4.7      0.0
  MONTH TO DATE    5.0                       5.6   -0.6      8.3
  SINCE DEC 1     25.3                      21.5    3.8     34.3
  SINCE JUL 1     31.3                      30.2    1.1     51.6
  SNOW DEPTH       0

DEGREE DAYS
 HEATING
  YESTERDAY       34                        41     -7       33
  MONTH TO DATE  739                      1021   -282      915
  SINCE DEC 1   3485                      3941   -456     3577
  SINCE JUL 1   4620                      5653  -1033     4851

 COOLING
  YESTERDAY        0                         0      0        0
  MONTH TO DATE    0                         0      0        0
  SINCE DEC 1      0                         0      0        0
  SINCE JAN 1      0                         0      0        0
..................................................................


WIND (MPH)
  HIGHEST WIND SPEED    29   HIGHEST WIND DIRECTION    NE (30)
  HIGHEST GUST SPEED    37   HIGHEST GUST DIRECTION    NE (30)
  AVERAGE WIND SPEED    18.2


SKY COVER
  POSSIBLE SUNSHINE  MM
  AVERAGE SKY COVER 1.0


WEATHER CONDITIONS
 THE FOLLOWING WEATHER WAS RECORDED YESTERDAY.
  HEAVY SNOW
  SNOW
  LIGHT SNOW
  FOG
  FOG W/VISIBILITY <= 1/4 MILE


RELATIVE HUMIDITY (PERCENT)
 HIGHEST    92           500 AM
 LOWEST     75          1000 AM
 AVERAGE    84

..........................................................


THE SIOUX FALLS SD CLIMATE NORMALS FOR TODAY
                         NORMAL    RECORD    YEAR
 MAXIMUM TEMPERATURE (F)   34        61      1996
 MINIMUM TEMPERATURE (F)   15       -30      1965


SUNRISE AND SUNSET
FEBRUARY 24 2017......SUNRISE   711 AM CST   SUNSET   610 PM CST
FEBRUARY 25 2017......SUNRISE   709 AM CST   SUNSET   611 PM CST


-  INDICATES NEGATIVE NUMBERS.
R  INDICATES RECORD WAS SET OR TIED.
MM INDICATES DATA IS MISSING.
T  INDICATES TRACE AMOUNT.




$$
