000
CDUS43 KFSD 300635
CLIFSD


CLIMATE REPORT
NATIONAL WEATHER SERVICE SIOUX FALLS SD
133 AM CDT TUE SEP 30 2014


...................................

...THE SIOUX FALLS SD CLIMATE SUMMARY FOR SEPTEMBER 29 2014...

CLIMATE NORMAL PERIOD 1981 TO 2010
CLIMATE RECORD PERIOD 1893 TO 2014


WEATHER ITEM   OBSERVED TIME   RECORD YEAR NORMAL DEPARTURE LAST
                VALUE   (LST)  VALUE       VALUE  FROM      YEAR
                                                  NORMAL
..................................................................
TEMPERATURE (F)
 YESTERDAY
  MAXIMUM         70    321 PM  90    1897  67      3       80
  MINIMUM         54   1159 PM  13    1899  43     11       46
  AVERAGE         62                        55      7       63

PRECIPITATION (IN)
  YESTERDAY        0.05          1.32 1962   0.08  -0.03     0.00
  MONTH TO DATE    2.11                      2.69  -0.58     0.77
  SINCE SEP 1      2.11                      2.69  -0.58     0.77
  SINCE JAN 1     26.54                     22.08   4.46    21.19

SNOWFALL (IN)
  YESTERDAY        0.0           0.0    MM   0.0    0.0      0.0
  MONTH TO DATE    0.0                       0.1   -0.1      0.0
  SINCE SEP 1      0.0                       0.1   -0.1      0.0
  SINCE JUL 1      T                         0.1   -0.1      0.0
  SNOW DEPTH       0

DEGREE DAYS
 HEATING
  YESTERDAY        3                        10     -7        2
  MONTH TO DATE  125                       162    -37       66
  SINCE SEP 1    125                       162    -37       66
  SINCE JUL 1    143                       193    -50      100

 COOLING
  YESTERDAY        0                         0      0        0
  MONTH TO DATE   59                        61     -2      125
  SINCE SEP 1     59                        61     -2      125
  SINCE JAN 1    610                       686    -76      779
..................................................................


WIND (MPH)
  HIGHEST WIND SPEED    16   HIGHEST WIND DIRECTION     E (90)
  HIGHEST GUST SPEED    22   HIGHEST GUST DIRECTION     E (80)
  AVERAGE WIND SPEED    11.2


SKY COVER
  POSSIBLE SUNSHINE  MM
  AVERAGE SKY COVER 0.7


WEATHER CONDITIONS
 THE FOLLOWING WEATHER WAS RECORDED YESTERDAY.
  RAIN
  LIGHT RAIN
  FOG


RELATIVE HUMIDITY (PERCENT)
 HIGHEST    93           100 AM
 LOWEST     66           400 PM
 AVERAGE    80

..........................................................


THE SIOUX FALLS SD CLIMATE NORMALS FOR TODAY
                         NORMAL    RECORD    YEAR
 MAXIMUM TEMPERATURE (F)   67        90      1976
                                             1952
 MINIMUM TEMPERATURE (F)   42        20      1895


SUNRISE AND SUNSET
SEPTEMBER 30 2014.....SUNRISE   723 AM CDT   SUNSET   710 PM CDT
OCTOBER  1 2014.......SUNRISE   724 AM CDT   SUNSET   708 PM CDT


-  INDICATES NEGATIVE NUMBERS.
R  INDICATES RECORD WAS SET OR TIED.
MM INDICATES DATA IS MISSING.
T  INDICATES TRACE AMOUNT.




$$
