000
CDUS43 KFSD 272220
CLIFSD


CLIMATE REPORT
NATIONAL WEATHER SERVICE SIOUX FALLS SD
520 PM CDT MON MAR 27 2017


...................................

...THE SIOUX FALLS SD CLIMATE SUMMARY FOR MARCH 27 2017...
VALID TODAY AS OF 0500 PM LOCAL TIME.

CLIMATE NORMAL PERIOD 1981 TO 2010
CLIMATE RECORD PERIOD 1893 TO 2017


WEATHER ITEM   OBSERVED TIME   RECORD YEAR NORMAL DEPARTURE LAST
                VALUE   (LST)  VALUE       VALUE  FROM      YEAR
                                                  NORMAL
..................................................................
TEMPERATURE (F)
 TODAY
  MAXIMUM         60    330 PM  80    1905  49     11       39
  MINIMUM         39    522 AM  -2    1899  27     12       11
  AVERAGE         50                        38     12       25

PRECIPITATION (IN)
  TODAY            0.00          1.54 1998   0.07  -0.07      T
  MONTH TO DATE    0.50                      1.41  -0.91     1.22
  SINCE MAR 1      0.50                      1.41  -0.91     1.22
  SINCE JAN 1      1.61                      2.57  -0.96     2.90

SNOWFALL (IN)
  TODAY            0.0           3.2  1894   0.3   -0.3       T
  MONTH TO DATE    8.0                       7.5    0.5     12.2
  SINCE MAR 1      8.0                       7.5    0.5     12.2
  SINCE JUL 1     39.4                      39.0    0.4     68.5
  SNOW DEPTH       0

DEGREE DAYS
 HEATING
  TODAY           15                        27    -12       40
  MONTH TO DATE  832                       890    -58      684
  SINCE MAR 1    832                       890    -58      684
  SINCE JUL 1   5638                      6740  -1102     5720

 COOLING
  TODAY            0                         0      0        0
  MONTH TO DATE    0                         0      0        0
  SINCE MAR 1      0                         0      0        0
  SINCE JAN 1      0                         0      0        0
..................................................................


WIND (MPH)
  HIGHEST WIND SPEED    10   HIGHEST WIND DIRECTION     N (350)
  HIGHEST GUST SPEED    15   HIGHEST GUST DIRECTION     E (80)
  AVERAGE WIND SPEED     3.2


SKY COVER
  POSSIBLE SUNSHINE  MM
  AVERAGE SKY COVER 0.8


WEATHER CONDITIONS
 THE FOLLOWING WEATHER WAS RECORDED TODAY.
  NO SIGNIFICANT WEATHER WAS OBSERVED.


RELATIVE HUMIDITY (PERCENT)
 HIGHEST    93           300 AM
 LOWEST     44           300 PM
 AVERAGE    69

..........................................................


THE SIOUX FALLS SD CLIMATE NORMALS FOR TOMORROW
                         NORMAL    RECORD    YEAR
 MAXIMUM TEMPERATURE (F)   49        82      1910
 MINIMUM TEMPERATURE (F)   27        -5      1899


SUNRISE AND SUNSET
MARCH 27 2017.........SUNRISE   717 AM CDT   SUNSET   748 PM CDT
MARCH 28 2017.........SUNRISE   715 AM CDT   SUNSET   749 PM CDT


-  INDICATES NEGATIVE NUMBERS.
R  INDICATES RECORD WAS SET OR TIED.
MM INDICATES DATA IS MISSING.
T  INDICATES TRACE AMOUNT.




$$
