000
CDUS43 KFSD 310628
CLIFSD


CLIMATE REPORT
NATIONAL WEATHER SERVICE SIOUX FALLS SD
126 AM CDT MON AUG 31 2015


...................................

...THE SIOUX FALLS SD CLIMATE SUMMARY FOR AUGUST 30 2015...

CLIMATE NORMAL PERIOD 1981 TO 2010
CLIMATE RECORD PERIOD 1893 TO 2015


WEATHER ITEM   OBSERVED TIME   RECORD YEAR NORMAL DEPARTURE LAST
                VALUE   (LST)  VALUE       VALUE  FROM      YEAR
                                                  NORMAL
..................................................................
TEMPERATURE (F)
 YESTERDAY
  MAXIMUM         76    428 PM 104    2012  79     -3       73
  MINIMUM         62    804 AM  37    1893  57      5       63
  AVERAGE         69                        68      1       68

PRECIPITATION (IN)
  YESTERDAY        0.00          1.76 1962   0.11  -0.11     0.00
  MONTH TO DATE    6.57                      2.95   3.62     4.95
  SINCE JUN 1     15.05                      9.96   5.09    19.45
  SINCE JAN 1     21.60                     19.29   2.31    24.43

SNOWFALL (IN)
  YESTERDAY        0.0           0.0    MM   0.0    0.0      0.0
  MONTH TO DATE    0.0                       0.0    0.0      0.0
  SINCE JUN 1      0.0                       0.0    0.0       T
  SINCE JUL 1      0.0                       0.0    0.0       T
  SNOW DEPTH       0

DEGREE DAYS
 HEATING
  YESTERDAY        0                         2     -2        0
  MONTH TO DATE   34                        19     15        3
  SINCE JUN 1     49                        78    -29       50
  SINCE JUL 1     40                        27     13       18

 COOLING
  YESTERDAY        4                         5     -1        3
  MONTH TO DATE  169                       195    -26      183
  SINCE JUN 1    544                       586    -42      491
  SINCE JAN 1    566                       622    -56      544
..................................................................


WIND (MPH)
  HIGHEST WIND SPEED    18   HIGHEST WIND DIRECTION     S (160)
  HIGHEST GUST SPEED    23   HIGHEST GUST DIRECTION     S (170)
  AVERAGE WIND SPEED    11.6


SKY COVER
  POSSIBLE SUNSHINE  MM
  AVERAGE SKY COVER 0.8


WEATHER CONDITIONS
 THE FOLLOWING WEATHER WAS RECORDED YESTERDAY.
  FOG


RELATIVE HUMIDITY (PERCENT)
 HIGHEST    93          1200 AM
 LOWEST     69           200 PM
 AVERAGE    81

..........................................................


THE SIOUX FALLS SD CLIMATE NORMALS FOR TODAY
                         NORMAL    RECORD    YEAR
 MAXIMUM TEMPERATURE (F)   79        97      1898
 MINIMUM TEMPERATURE (F)   56        37      1895


SUNRISE AND SUNSET
AUGUST 31 2015........SUNRISE   649 AM CDT   SUNSET   804 PM CDT
SEPTEMBER  1 2015.....SUNRISE   650 AM CDT   SUNSET   803 PM CDT


-  INDICATES NEGATIVE NUMBERS.
R  INDICATES RECORD WAS SET OR TIED.
MM INDICATES DATA IS MISSING.
T  INDICATES TRACE AMOUNT.




$$
