892
CDUS43 KFSD 130625
CLIFSD


CLIMATE REPORT
NATIONAL WEATHER SERVICE SIOUX FALLS SD
1223 AM CST SAT FEB 13 2016


...................................

...THE SIOUX FALLS SD CLIMATE SUMMARY FOR FEBRUARY 12 2016...

CLIMATE NORMAL PERIOD 1981 TO 2010
CLIMATE RECORD PERIOD 1893 TO 2016


WEATHER ITEM   OBSERVED TIME   RECORD YEAR NORMAL DEPARTURE LAST
                VALUE   (LST)  VALUE       VALUE  FROM      YEAR
                                                  NORMAL
..................................................................
TEMPERATURE (F)
 YESTERDAY
  MAXIMUM         19    359 AM  63    1990  30    -11       17
  MINIMUM         -3   1159 PM -32    1905  11    -14        0
                                      1899
  AVERAGE          8                        20    -12        9

PRECIPITATION (IN)
  YESTERDAY        T             1.05 1908   0.02  -0.02     0.04
  MONTH TO DATE    0.38                      0.22   0.16     0.25
  SINCE DEC 1      2.17                      1.47   0.70     2.39
  SINCE JAN 1      0.86                      0.78   0.08     1.06

SNOWFALL (IN)
  YESTERDAY        T             7.0  1908   0.3   -0.3      0.7
  MONTH TO DATE    6.8                       2.9    3.9      3.9
  SINCE DEC 1     32.8                      18.8   14.0     19.6
  SINCE JUL 1     50.1                      27.5   22.6     27.9
  SNOW DEPTH       4

DEGREE DAYS
 HEATING
  YESTERDAY       57                        45     12       56
  MONTH TO DATE  534                       552    -18      563
  SINCE DEC 1   3196                      3472   -276     3177
  SINCE JUL 1   4470                      5184   -714     4933

 COOLING
  YESTERDAY        0                         0      0        0
  MONTH TO DATE    0                         0      0        0
  SINCE DEC 1      0                         0      0        0
  SINCE JAN 1      0                         0      0        0
..................................................................


WIND (MPH)
  HIGHEST WIND SPEED    22   HIGHEST WIND DIRECTION     N (350)
  HIGHEST GUST SPEED    26   HIGHEST GUST DIRECTION     N (350)
  AVERAGE WIND SPEED    10.9


SKY COVER
  POSSIBLE SUNSHINE  MM
  AVERAGE SKY COVER 0.6


WEATHER CONDITIONS
 THE FOLLOWING WEATHER WAS RECORDED YESTERDAY.
  LIGHT SNOW
  FOG
  HAZE


RELATIVE HUMIDITY (PERCENT)
 HIGHEST    84           200 AM
 LOWEST     57           500 PM
 AVERAGE    71

..........................................................


THE SIOUX FALLS SD CLIMATE NORMALS FOR TODAY
                         NORMAL    RECORD    YEAR
 MAXIMUM TEMPERATURE (F)   31        59      1921
 MINIMUM TEMPERATURE (F)   11       -30      1905


SUNRISE AND SUNSET
FEBRUARY 13 2016......SUNRISE   729 AM CST   SUNSET   554 PM CST
FEBRUARY 14 2016......SUNRISE   727 AM CST   SUNSET   555 PM CST


-  INDICATES NEGATIVE NUMBERS.
R  INDICATES RECORD WAS SET OR TIED.
MM INDICATES DATA IS MISSING.
T  INDICATES TRACE AMOUNT.




$$
