271
CDUS43 KFSD 270635
CLIFSD


CLIMATE REPORT
NATIONAL WEATHER SERVICE SIOUX FALLS SD
1234 AM CST MON FEB 27 2017


...................................

...THE SIOUX FALLS SD CLIMATE SUMMARY FOR FEBRUARY 26 2017...

CLIMATE NORMAL PERIOD 1981 TO 2010
CLIMATE RECORD PERIOD 1893 TO 2017


WEATHER ITEM   OBSERVED TIME   RECORD YEAR NORMAL DEPARTURE LAST
                VALUE   (LST)  VALUE       VALUE  FROM      YEAR
                                                  NORMAL
..................................................................
TEMPERATURE (F)
 YESTERDAY
  MAXIMUM         36    310 PM  66    1896  35      1       48
  MINIMUM         15    625 AM -23    1897  16     -1       22
  AVERAGE         26                        25      1       35

PRECIPITATION (IN)
  YESTERDAY        0.00          1.13 1958   0.03  -0.03     0.00
  MONTH TO DATE    0.40                      0.54  -0.14     0.77
  SINCE DEC 1      2.94                      1.79   1.15     2.56
  SINCE JAN 1      1.02                      1.10  -0.08     1.25

SNOWFALL (IN)
  YESTERDAY        0.0           3.5  1944   0.3   -0.3      0.0
  MONTH TO DATE    5.1                       6.4   -1.3      8.5
  SINCE DEC 1     25.4                      22.3    3.1     34.5
  SINCE JUL 1     31.4                      31.0    0.4     51.8
  SNOW DEPTH       1

DEGREE DAYS
 HEATING
  YESTERDAY       39                        40     -1       30
  MONTH TO DATE  864                      1141   -277     1016
  SINCE DEC 1   3610                      4061   -451     3678
  SINCE JUL 1   4745                      5773  -1028     4952

 COOLING
  YESTERDAY        0                         0      0        0
  MONTH TO DATE    0                         0      0        0
  SINCE DEC 1      0                         0      0        0
  SINCE JAN 1      0                         0      0        0
..................................................................


WIND (MPH)
  HIGHEST WIND SPEED    14   HIGHEST WIND DIRECTION     W (290)
  HIGHEST GUST SPEED    17   HIGHEST GUST DIRECTION     W (290)
  AVERAGE WIND SPEED     7.1


SKY COVER
  POSSIBLE SUNSHINE  MM
  AVERAGE SKY COVER 0.2


WEATHER CONDITIONS
 THE FOLLOWING WEATHER WAS RECORDED YESTERDAY.
  NO SIGNIFICANT WEATHER WAS OBSERVED.


RELATIVE HUMIDITY (PERCENT)
 HIGHEST    92           500 AM
 LOWEST     64           300 PM
 AVERAGE    78

..........................................................


THE SIOUX FALLS SD CLIMATE NORMALS FOR TODAY
                         NORMAL    RECORD    YEAR
 MAXIMUM TEMPERATURE (F)   35        63      2016
                                             1895
 MINIMUM TEMPERATURE (F)   16       -19      1899


SUNRISE AND SUNSET
FEBRUARY 27 2017......SUNRISE   706 AM CST   SUNSET   614 PM CST
FEBRUARY 28 2017......SUNRISE   705 AM CST   SUNSET   615 PM CST


-  INDICATES NEGATIVE NUMBERS.
R  INDICATES RECORD WAS SET OR TIED.
MM INDICATES DATA IS MISSING.
T  INDICATES TRACE AMOUNT.




$$
