000
CDUS43 KFSD 200624
CLIFSD


CLIMATE REPORT
NATIONAL WEATHER SERVICE SIOUX FALLS SD
1224 AM CST SAT JAN 20 2018


...................................

...THE SIOUX FALLS SD CLIMATE SUMMARY FOR JANUARY 19 2018...

CLIMATE NORMAL PERIOD 1981 TO 2010
CLIMATE RECORD PERIOD 1893 TO 2018


WEATHER ITEM   OBSERVED TIME   RECORD YEAR NORMAL DEPARTURE LAST
                VALUE   (LST)  VALUE       VALUE  FROM      YEAR
                                                  NORMAL
..................................................................
TEMPERATURE (F)
 YESTERDAY
  MAXIMUM         52    129 PM  55    1900  26     26       38
  MINIMUM         26    434 AM -36    1970   7     19       35
  AVERAGE         39                        17     22       37

PRECIPITATION (IN)
  YESTERDAY        0.00          1.04 1988   0.01  -0.01      T
  MONTH TO DATE    0.08                      0.34  -0.26     0.14
  SINCE DEC 1      0.76                      1.03  -0.27     2.06
  SINCE JAN 1      0.08                      0.34  -0.26     0.14

SNOWFALL (IN)
  YESTERDAY        0.0          10.4  1988   0.3   -0.3      0.0
  MONTH TO DATE    1.6                       4.7   -3.1      2.1
  SINCE DEC 1     12.0                      12.9   -0.9     13.0
  SINCE JUL 1     12.2                      21.6   -9.4     19.0
  SNOW DEPTH       1

DEGREE DAYS
 HEATING
  YESTERDAY       26                        48    -22       28
  MONTH TO DATE  999                       930     69      938
  SINCE DEC 1   2351                      2351      0     2327
  SINCE JUL 1   3760                      4063   -303     3462

 COOLING
  YESTERDAY        0                         0      0        0
  MONTH TO DATE    0                         0      0        0
  SINCE DEC 1      0                         0      0        0
  SINCE JAN 1      0                         0      0        0
..................................................................


WIND (MPH)
  HIGHEST WIND SPEED    14   HIGHEST WIND DIRECTION    NW (310)
  HIGHEST GUST SPEED    19   HIGHEST GUST DIRECTION    NW (300)
  AVERAGE WIND SPEED     5.5


SKY COVER
  POSSIBLE SUNSHINE  MM
  AVERAGE SKY COVER 0.8


WEATHER CONDITIONS
 THE FOLLOWING WEATHER WAS RECORDED YESTERDAY.
  NO SIGNIFICANT WEATHER WAS OBSERVED.


RELATIVE HUMIDITY (PERCENT)
 HIGHEST    92           300 AM
 LOWEST     56           200 PM
 AVERAGE    74

..........................................................


THE SIOUX FALLS SD CLIMATE NORMALS FOR TODAY
                         NORMAL    RECORD    YEAR
 MAXIMUM TEMPERATURE (F)   26        57      1944
 MINIMUM TEMPERATURE (F)    7       -24      1970
                                             1954


SUNRISE AND SUNSET
JANUARY 20 2018.......SUNRISE   754 AM CST   SUNSET   522 PM CST
JANUARY 21 2018.......SUNRISE   753 AM CST   SUNSET   524 PM CST


-  INDICATES NEGATIVE NUMBERS.
R  INDICATES RECORD WAS SET OR TIED.
MM INDICATES DATA IS MISSING.
T  INDICATES TRACE AMOUNT.




$$
