000
CDUS43 KFSD 280643
CLIFSD


CLIMATE REPORT
NATIONAL WEATHER SERVICE SIOUX FALLS SD
142 AM CDT WED JUN 28 2017


...................................

...THE SIOUX FALLS SD CLIMATE SUMMARY FOR JUNE 27 2017...

CLIMATE NORMAL PERIOD 1981 TO 2010
CLIMATE RECORD PERIOD 1893 TO 2017


WEATHER ITEM   OBSERVED TIME   RECORD YEAR NORMAL DEPARTURE LAST
                VALUE   (LST)  VALUE       VALUE  FROM      YEAR
                                                  NORMAL
..................................................................
TEMPERATURE (F)
 YESTERDAY
  MAXIMUM         80    429 PM 101    1934  83     -3       80
  MINIMUM         46    236 AM  38    1968  60    -14       59
  AVERAGE         63                        71     -8       70

PRECIPITATION (IN)
  YESTERDAY        0.37          2.87 1953   0.13   0.24      T
  MONTH TO DATE    2.44                      3.56  -1.12     1.27
  SINCE JUN 1      2.44                      3.56  -1.12     1.27
  SINCE JAN 1     10.19                     12.89  -2.70    12.77

SNOWFALL (IN)
  YESTERDAY        0.0           0.0    MM   0.0    0.0      0.0
  MONTH TO DATE    0.0                       0.0    0.0      0.0
  SINCE JUN 1      0.0                       0.0    0.0      0.0
  SINCE JUL 1     42.9                      44.5   -1.6     68.5
  SNOW DEPTH       0

DEGREE DAYS
 HEATING
  YESTERDAY        2                         1      1        0
  MONTH TO DATE   26                        52    -26        9
  SINCE JUN 1     26                        52    -26        9
  SINCE JUL 1   6463                      7707  -1244     6504

 COOLING
  YESTERDAY        0                         7     -7        5
  MONTH TO DATE  184                       114     70      224
  SINCE JUN 1    184                       114     70      224
  SINCE JAN 1    210                       150     60      257
..................................................................


WIND (MPH)
  HIGHEST WIND SPEED    29   HIGHEST WIND DIRECTION     S (170)
  HIGHEST GUST SPEED    37   HIGHEST GUST DIRECTION    SE (150)
  AVERAGE WIND SPEED    15.2


SKY COVER
  POSSIBLE SUNSHINE  MM
  AVERAGE SKY COVER 0.6


WEATHER CONDITIONS
 THE FOLLOWING WEATHER WAS RECORDED YESTERDAY.
  THUNDERSTORM
  HEAVY RAIN
  RAIN
  LIGHT RAIN
  FOG


RELATIVE HUMIDITY (PERCENT)
 HIGHEST    93           100 AM
 LOWEST     43           200 PM
 AVERAGE    68

..........................................................


THE SIOUX FALLS SD CLIMATE NORMALS FOR TODAY
                         NORMAL    RECORD    YEAR
 MAXIMUM TEMPERATURE (F)   83       105      1988
 MINIMUM TEMPERATURE (F)   60        37      1895


SUNRISE AND SUNSET
JUNE 28 2017..........SUNRISE   548 AM CDT   SUNSET   912 PM CDT
JUNE 29 2017..........SUNRISE   549 AM CDT   SUNSET   912 PM CDT


-  INDICATES NEGATIVE NUMBERS.
R  INDICATES RECORD WAS SET OR TIED.
MM INDICATES DATA IS MISSING.
T  INDICATES TRACE AMOUNT.




$$
