000
CXUS53 KFSD 020152
CLMFSD

CLIMATE REPORT
NATIONAL WEATHER SERVICE SIOUX FALLS SD
749 PM CST SUN DEC 1 2013

...................................

...THE SIOUX FALLS SD CLIMATE SUMMARY FOR THE MONTH OF NOVEMBER 2013...

CLIMATE NORMAL PERIOD 1981 TO 2010
CLIMATE RECORD PERIOD 1893 TO 2013

WEATHER         OBSERVED          NORMAL  DEPART  LAST YEAR`S
                 VALUE   DATE(S)  VALUE   FROM    VALUE  DATE(S)
                                          NORMAL
................................................................
TEMPERATURE (F)
RECORD
 HIGH              81   11/08/1999
 LOW              -17   11/30/1964
                        11/14/1959
HIGHEST            60   11/13        MM      MM       70  11/21
LOWEST                  11/22        MM      MM       12  11/28
AVG. MAXIMUM     43.7              42.5     1.2     46.9
AVG. MINIMUM     20.0              22.7    -2.7     24.8
MEAN             31.8              32.6    -0.8     35.8
DAYS MAX >= 90      0               0.0     0.0        0
DAYS MAX <= 32      7               6.7     0.3        3
DAYS MIN <= 32     27              24.8     2.2       23
DAYS MIN <= 0       1               1.0     0.0        0

PRECIPITATION (INCHES)
RECORD
 MAXIMUM         4.76   2001
 MINIMUM         0.00   1914
TOTALS           0.46              1.36   -0.90     0.35
DAILY AVG.       0.02              0.05   -0.03     0.01
DAYS >= .01         5               7.2    -2.2        2
DAYS >= .10         1               2.9    -1.9        2
DAYS >= .50         0               0.7    -0.7        0
DAYS >= 1.00        0               0.3    -0.3        0
GREATEST
 24 HR. TOTAL    0.39   11/05 TO 11/06

SNOWFALL (INCHES)
RECORDS
 TOTAL           21.9   1985
TOTALS            7.5               7.4     0.1        T
SINCE 7/1         7.9               8.7    -0.8      1.1
SNOWDEPTH AVG.      0                MM      MM        0
DAYS >= 1.0         1               2.0    -1.0        0
GREATEST
 SNOW DEPTH         5   11/06                          0  MM
 24 HR TOTAL      6.2   11/05 TO 11/06

DEGREE_DAYS
HEATING TOTAL     986               972      14      868
 SINCE 7/1       1621              1712     -91     1603
COOLING TOTAL       0                 0       0        0
 SINCE 1/1        787               690      97     1182
.................................................................

WIND (MPH)
AVERAGE WIND SPEED              10.0
HIGHEST WIND SPEED/DIRECTION    36/190    DATE  11/03
HIGHEST GUST SPEED/DIRECTION    46/190    DATE  11/03

SKY COVER
POSSIBLE SUNSHINE (PERCENT)   MM
AVERAGE SKY COVER           0.40
NUMBER OF DAYS FAIR           12
NUMBER OF DAYS PC             16
NUMBER OF DAYS CLOUDY          2

AVERAGE RH (PERCENT)     69

WEATHER CONDITIONS. NUMBER OF DAYS WITH
THUNDERSTORM              0     MIXED PRECIP               0
HEAVY RAIN                0     RAIN                       0
LIGHT RAIN                4     FREEZING RAIN              0
LT FREEZING RAIN          0     HAIL                       0
HEAVY SNOW                0     SNOW                       2
LIGHT SNOW                5     SLEET                      0
FOG                       9     FOG W/VIS <= 1/4 MILE      2
HAZE                      0

-  INDICATES NEGATIVE NUMBERS.
R  INDICATES RECORD WAS SET OR TIED.
MM INDICATES DATA IS MISSING.
T  INDICATES TRACE AMOUNT.

$$
