000
CXUS53 KFSD 061527
CLMFSD

CLIMATE REPORT
NATIONAL WEATHER SERVICE SIOUX FALLS SD
925 AM CST THU MAR 6 2014

...................................

...THE SIOUX FALLS SD CLIMATE SUMMARY FOR THE MONTH OF FEBRUARY 2014...

CLIMATE NORMAL PERIOD 1981 TO 2010
CLIMATE RECORD PERIOD 1893 TO 2014

WEATHER         OBSERVED          NORMAL  DEPART  LAST YEAR`S
                 VALUE   DATE(S)  VALUE   FROM    VALUE  DATE(S)
                                          NORMAL
................................................................
TEMPERATURE (F)
RECORD
 HIGH              70   02/22/1982
                        02/17/1981
                        02/23/1958
 LOW              -42   02/09/1899
HIGHEST            50   02/19        MM      MM       44  02/17
LOWEST            -18   02/10        MM      MM       -8  02/01
AVG. MAXIMUM     22.2              31.3    -9.1     30.3
AVG. MINIMUM      1.4              11.7   -10.3     12.7
MEAN             11.8              21.5    -9.7     21.5
DAYS MAX >= 90      0               0.0     0.0        0
DAYS MAX <= 32     22              14.2     7.8       16
DAYS MIN <= 32     28              27.0     1.0       28
DAYS MIN <= 0      14               6.1     7.9        4

PRECIPITATION (INCHES)
RECORD
 MAXIMUM         4.05   1962
 MINIMUM            T   1923
                        1894
TOTALS           0.68              0.60    0.08     0.94
DAILY AVG.       0.02              0.02    0.00     0.03
DAYS >= .01         8               6.6     1.4        6
DAYS >= .10         4               1.8     2.2        3
DAYS >= .50         0               0.2    -0.2        0
DAYS >= 1.00        0               0.0     0.0        0
GREATEST
 24 HR. TOTAL    0.17   02/24 TO 02/24

SNOWFALL (INCHES)
RECORDS
 TOTAL           48.4   1962
TOTALS            9.0               6.9     2.1      9.6
SINCE 7/1        34.2              31.5     2.7     25.5
SNOWDEPTH AVG.      1                 5      -4        1
DAYS >= 1.0         4               1.8     2.2        3
GREATEST
 SNOW DEPTH         5   02/14                          5  02/23
                                                          02/22
 24 HR TOTAL      2.5   02/13 TO 02/14

DEGREE_DAYS
HEATING TOTAL    1483              1218     265     1213
 SINCE 7/1       6347              5850     497     5619
COOLING TOTAL       0                 0       0        0
 SINCE 1/1          0                 0       0        0
.................................................................

WIND (MPH)
AVERAGE WIND SPEED              10.6
HIGHEST WIND SPEED/DIRECTION    35/320    DATE  02/20
HIGHEST GUST SPEED/DIRECTION    45/320    DATE  02/20

SKY COVER
POSSIBLE SUNSHINE (PERCENT)   MM
AVERAGE SKY COVER           0.50
NUMBER OF DAYS FAIR           10
NUMBER OF DAYS PC             12
NUMBER OF DAYS CLOUDY          6

AVERAGE RH (PERCENT)     73

WEATHER CONDITIONS. NUMBER OF DAYS WITH
THUNDERSTORM              0     MIXED PRECIP               0
HEAVY RAIN                0     RAIN                       0
LIGHT RAIN                1     FREEZING RAIN              1
LT FREEZING RAIN          1     HAIL                       0
HEAVY SNOW                0     SNOW                       1
LIGHT SNOW               17     SLEET                      1
FOG                       9     FOG W/VIS <= 1/4 MILE      0
HAZE                      0

-  INDICATES NEGATIVE NUMBERS.
R  INDICATES RECORD WAS SET OR TIED.
MM INDICATES DATA IS MISSING.
T  INDICATES TRACE AMOUNT.

$$
