000
CXUS53 KFSD 011403
CLMFSD

CLIMATE REPORT NATIONAL WEATHER SERVICE SIOUX FALLS SD

900 AM CDT WED JUL 1 2015

...................................

...THE SIOUX FALLS SD CLIMATE SUMMARY FOR THE MONTH OF JUNE 2015...

CLIMATE NORMAL PERIOD 1981 TO 2010
CLIMATE RECORD PERIOD 1893 TO 2015

WEATHER         OBSERVED          NORMAL  DEPART  LAST YEAR`S
                 VALUE   DATE(S)  VALUE   FROM    VALUE  DATE(S)
                                          NORMAL
................................................................
TEMPERATURE (F)
RECORD
 HIGH             110   06/21/1988
 LOW               32   06/07/1901
                        06/07/1897
HIGHEST            95   06/09        MM      MM       90  06/20
LOWEST             50   06/18        MM      MM       44  06/13
AVG. MAXIMUM     79.5              79.2     0.3     78.4
AVG. MINIMUM     58.6              56.4     2.2     58.2
MEAN             69.0              67.8     1.2     68.3
DAYS MAX >= 90      1               2.4    -1.4        1
DAYS MAX <= 32      0               0.0     0.0        0
DAYS MIN <= 32      0               0.0     0.0        0
DAYS MIN <= 0       0               0.0     0.0        0

PRECIPITATION (INCHES)
RECORD
 MAXIMUM        13.70   2014
 MINIMUM         0.36   1893
TOTALS           4.29              3.92    0.37    13.70
DAILY AVG.       0.14              0.13    0.01     0.46
DAYS >= .01        13              11.5     1.5       19
DAYS >= .10         9               6.9     2.1       11
DAYS >= .50         3               2.5     0.5        6
DAYS >= 1.00        1               1.0     0.0        5
GREATEST
 24 HR. TOTAL    1.14   06/05 TO 06/05
                        06/04 TO 06/05
                        06/05 TO 06/05

DEGREE_DAYS
HEATING TOTAL       9                51     -42       32
 SINCE 7/1       7246              7706    -460     8320
COOLING TOTAL     139               135       4      136
 SINCE 1/1        161               171     -10      189
.................................................................

WIND (MPH)
AVERAGE WIND SPEED              8.2
HIGHEST WIND SPEED/DIRECTION    53/340    DATE  06/22
HIGHEST GUST SPEED/DIRECTION    73/350    DATE  06/22

SKY COVER
POSSIBLE SUNSHINE (PERCENT)   MM
AVERAGE SKY COVER           0.60
NUMBER OF DAYS FAIR            4
NUMBER OF DAYS PC             20
NUMBER OF DAYS CLOUDY          6

AVERAGE RH (PERCENT)     70

WEATHER CONDITIONS. NUMBER OF DAYS WITH
THUNDERSTORM              0     MIXED PRECIP               0
HEAVY RAIN                4     RAIN                       5
LIGHT RAIN               18     FREEZING RAIN              0
LT FREEZING RAIN          0     HAIL                       0
HEAVY SNOW                0     SNOW                       0
LIGHT SNOW                0     SLEET                      0
FOG                      14     FOG W/VIS <= 1/4 MILE      1
HAZE                      2

-  INDICATES NEGATIVE NUMBERS.
R  INDICATES RECORD WAS SET OR TIED.
MM INDICATES DATA IS MISSING.
T  INDICATES TRACE AMOUNT.

$$
