284
CXUS53 KFSD 011557
CLMFSD

CLIMATE REPORT
NATIONAL WEATHER SERVICE SIOUX FALLS SD
1057 AM CDT SAT JUL 1 2017

...................................

...THE SIOUX FALLS CLIMATE SUMMARY FOR THE MONTH OF JUNE 2017...

CLIMATE NORMAL PERIOD 1981 TO 2010
CLIMATE RECORD PERIOD 1893 TO 2017

WEATHER         OBSERVED          NORMAL  DEPART  LAST YEAR`S
                 VALUE   DATE(S)  VALUE   FROM    VALUE  DATE(S)
                                          NORMAL
................................................................
TEMPERATURE (F)
RECORD
 HIGH             110   06/21/1988
 LOW               32   06/07/1901
                        06/07/1897
HIGHEST            94   06/02        MM      MM       98  06/11
LOWEST             41   06/01        MM      MM       43  06/02
AVG. MAXIMUM     83.3              79.2     4.1     84.1
AVG. MINIMUM     57.7              56.4     1.3     60.6
MEAN             70.5              67.8     2.7     72.3
DAYS MAX >= 90      6               2.4     3.6        5
DAYS MAX <= 32      0               0.0     0.0        0
DAYS MIN <= 32      0               0.0     0.0        0
DAYS MIN <= 0       0               0.0     0.0        0

PRECIPITATION (INCHES)
RECORD
 MAXIMUM        13.70   2014
 MINIMUM         0.36   1893
TOTALS           3.29              3.92   -0.63     1.72
DAILY AVG.       0.11              0.13   -0.02     0.06
DAYS >= .01         9              11.5    -2.5        9
DAYS >= .10         7               6.9     0.1        5
DAYS >= .50         2               2.5    -0.5        0
DAYS >= 1.00        0               1.0    -1.0        0
GREATEST
 24 HR. TOTAL    1.20   06/27 TO 06/28

DEGREE_DAYS
HEATING TOTAL      26                51     -25        9
 SINCE 7/1       6463              7706   -1243     6504
COOLING TOTAL     199               135      64      235
 SINCE 1/1        225               171      54      268
.................................................................

WIND (MPH)
AVERAGE WIND SPEED              8.9
HIGHEST WIND SPEED/DIRECTION    31/310    DATE  06/13
HIGHEST GUST SPEED/DIRECTION    43/290    DATE  06/13

SKY COVER
POSSIBLE SUNSHINE (PERCENT)   MM
AVERAGE SKY COVER           0.40
NUMBER OF DAYS FAIR           12
NUMBER OF DAYS PC             16
NUMBER OF DAYS CLOUDY          2

AVERAGE RH (PERCENT)     65

WEATHER CONDITIONS. NUMBER OF DAYS WITH
THUNDERSTORM              9     MIXED PRECIP               0
HEAVY RAIN                3     RAIN                       6
LIGHT RAIN                8     FREEZING RAIN              0
LT FREEZING RAIN          0     HAIL                       0
HEAVY SNOW                0     SNOW                       0
LIGHT SNOW                0     SLEET                      0
FOG                       9     FOG W/VIS <= 1/4 MILE      0
HAZE                      0

-  INDICATES NEGATIVE NUMBERS.
R  INDICATES RECORD WAS SET OR TIED.
MM INDICATES DATA IS MISSING.
T  INDICATES TRACE AMOUNT.

$$
