000
CXUS53 KFSD 011724
CLMFSD

CLIMATE REPORT
NATIONAL WEATHER SERVICE SIOUX FALLS SD
1224 PM CDT FRI AUG 1 2014

...................................

...THE SIOUX FALLS SD CLIMATE SUMMARY FOR THE MONTH OF JULY 2014...

CLIMATE NORMAL PERIOD 1981 TO 2010
CLIMATE RECORD PERIOD 1893 TO 2014

WEATHER         OBSERVED          NORMAL  DEPART  LAST YEAR`S
                 VALUE   DATE(S)  VALUE   FROM    VALUE  DATE(S)
                                          NORMAL
................................................................
TEMPERATURE (F)
RECORD
 HIGH             110   07/17/1936
 LOW               34   07/09/1895
HIGHEST            92   07/06        MM      MM       92  07/18
LOWEST             47   07/16        MM      MM       44  07/28
AVG. MAXIMUM     80.2              84.1    -3.9     82.7
AVG. MINIMUM     59.3              61.9    -2.6     61.6
MEAN             69.8              73.0    -3.2     72.2
DAYS MAX >= 90      2               6.1    -4.1        3
DAYS MAX <= 32      0               0.0     0.0        0
DAYS MIN <= 32      0               0.0     0.0        0
DAYS MIN <= 0       0               0.0     0.0        0

PRECIPITATION (INCHES)
RECORD
 MAXIMUM         9.11   1900
 MINIMUM         0.24   2012
TOTALS           0.80              3.09   -2.29     0.60
DAILY AVG.       0.03              0.10   -0.07     0.02
DAYS >= .01         6               9.8    -3.8        6
DAYS >= .10         3               5.4    -2.4        2
DAYS >= .50         0               2.1    -2.1        0
DAYS >= 1.00        0               0.6    -0.6        0
GREATEST
 24 HR. TOTAL    0.37   07/11 TO 07/11
                        07/10 TO 07/11
                        07/11 TO 07/11

DEGREE_DAYS
HEATING TOTAL      15                 8       7       19
 SINCE 7/1         15                 8       7       19
COOLING TOTAL     172               256     -84      249
 SINCE 1/1        361               427     -66      427
.................................................................

WIND (MPH)
AVERAGE WIND SPEED              9.6
HIGHEST WIND SPEED/DIRECTION    33/060    DATE  07/24
HIGHEST GUST SPEED/DIRECTION    41/290    DATE  07/22

SKY COVER
POSSIBLE SUNSHINE (PERCENT)   MM
AVERAGE SKY COVER           0.40
NUMBER OF DAYS FAIR           10
NUMBER OF DAYS PC             18
NUMBER OF DAYS CLOUDY          3

AVERAGE RH (PERCENT)     69

WEATHER CONDITIONS. NUMBER OF DAYS WITH
THUNDERSTORM              0     MIXED PRECIP               0
HEAVY RAIN                2     RAIN                       3
LIGHT RAIN               11     FREEZING RAIN              0
LT FREEZING RAIN          0     HAIL                       1
HEAVY SNOW                0     SNOW                       0
LIGHT SNOW                0     SLEET                      0
FOG                      10     FOG W/VIS <= 1/4 MILE      0
HAZE                      0

-  INDICATES NEGATIVE NUMBERS.
R  INDICATES RECORD WAS SET OR TIED.
MM INDICATES DATA IS MISSING.
T  INDICATES TRACE AMOUNT.

$$
