000
CXUS53 KFSD 011742
CLMFSD
CLIMATE REPORT
NATIONAL WEATHER SERVICE SIOUX FALLS SD
1138 AM CST FRI DEC 01 2023
...................................
...THE SIOUX FALLS CLIMATE SUMMARY FOR THE MONTH OF NOVEMBER 2023...
CLIMATE NORMAL PERIOD: 1991 TO 2020
CLIMATE RECORD PERIOD: 1893 TO 2023
WEATHER OBSERVED NORMAL DEPART LAST YEAR`S
VALUE DATE(S) VALUE FROM VALUE DATE(S)
NORMAL
................................................................
TEMPERATURE (F)
RECORD
HIGH 82 11/06/2020
LOW -17 11/30/1964
11/14/1959
HIGHEST 69 11/05 MM MM 78 11/01
11/16
LOWEST 11 11/26 MM MM 9 11/30
11/27
11/28
AVG. MAXIMUM 52.8 45.0 7.8 44.6
AVG. MINIMUM 26.5 24.5 2.0 23.7
MEAN 39.7 34.8 4.9 34.2
DAYS MAX >= 90 0 0.0 0.0 0
DAYS MAX <= 32 4 6.5 -2.5 11
DAYS MIN <= 32 23 24.3 -1.3 25
DAYS MIN <= 0 0 0.6 -0.6 0
PRECIPITATION (INCHES)
RECORD
MAXIMUM 4.76 2001
MINIMUM 0.00 1914
TOTALS 0.01 1.22 -1.21 0.81
DAILY AVG. 0.00 0.04 -0.04 0.03
DAYS >= .01 1 6.2 -5.2 6
DAYS >= .10 0 2.6 -2.6 3
DAYS >= .50 0 0.6 -0.6 0
DAYS >= 1.00 0 0.2 -0.2 0
GREATEST
24 HR. TOTAL 0.01 11/25 TO 11/25
SNOWFALL (INCHES)
RECORDS
TOTAL 21.9 1985
TOTALS 0.2 6.2 -6.0 2.5
SINCE 7/1 0.7 7.6 -6.9 MM
SNOWDEPTH AVG. T 0
DAYS >= 1.0 0 1.4 -1.4 1
GREATEST
SNOW DEPTH MM 2 11/30
24 HR TOTAL 0.2 11/25 TO 11/25
DEGREE DAYS
HEATING TOTAL 752 908 -156 924
SINCE 7/1 1221 1535 -314 MM
COOLING TOTAL 0 0 0 3
SINCE 1/1 1277 847 430 MM
WIND (MPH)
AVERAGE WIND SPEED 8.9
HIGHEST WIND SPEED/DIRECTION 36/320 DATE 11/26
HIGHEST GUST SPEED/DIRECTION 50/200 DATE 11/05
SKY COVER
POSSIBLE SUNSHINE (PERCENT) MM
AVERAGE SKY COVER 0.44
NUMBER OF DAYS FAIR 13
NUMBER OF DAYS PC 13
NUMBER OF DAYS CLOUDY 4
AVERAGE RH (PERCENT) 60
WEATHER CONDITIONS. NUMBER OF DAYS WITH
THUNDERSTORM 0 MIXED PRECIP 0
HEAVY RAIN 0 RAIN 0
LIGHT RAIN 4 FREEZING RAIN 0
LT FREEZING RAIN 0 HAIL 0
HEAVY SNOW 0 SNOW 0
LIGHT SNOW 3 SLEET 0
FOG 5 FOG W/VIS <= 1/4 MILE 0
HAZE 0
- INDICATES NEGATIVE NUMBERS.
R INDICATES RECORD WAS SET OR TIED.
MM INDICATES DATA IS MISSING.
T INDICATES TRACE AMOUNT.
$$