000
CXUS53 KFSD 012342
CLMFSD

CLIMATE REPORT
NATIONAL WEATHER SERVICE SIOUX FALLS SD
642 PM CDT TUE JUL 1 2014

...................................

...THE SIOUX FALLS SD CLIMATE SUMMARY FOR THE MONTH OF JUNE 2014...

CLIMATE NORMAL PERIOD 1981 TO 2010
CLIMATE RECORD PERIOD 1893 TO 2014

WEATHER         OBSERVED          NORMAL  DEPART  LAST YEAR`S
                 VALUE   DATE(S)  VALUE   FROM    VALUE  DATE(S)
                                          NORMAL
................................................................
TEMPERATURE (F)
RECORD
 HIGH             110   06/21/1988
 LOW               32   06/07/1901
                        06/07/1897
HIGHEST            90   06/20        MM      MM       88  06/26
                                                          06/20
LOWEST             44   06/13        MM      MM       42  06/03
AVG. MAXIMUM     78.4              79.2    -0.8     77.0
AVG. MINIMUM     58.2              56.4     1.8     56.9
MEAN             68.3              67.8     0.5     66.9
DAYS MAX >= 90      1               2.4    -1.4        0
DAYS MAX <= 32      0               0.0     0.0        0
DAYS MIN <= 32      0               0.0     0.0        0
DAYS MIN <= 0       0               0.0     0.0        0

PRECIPITATION (INCHES)
RECORD
 MAXIMUM        13.70   2014
 MINIMUM         0.36   1893
TOTALS          13.70              3.92    9.78     4.28
DAILY AVG.       0.46              0.13    0.33     0.14
DAYS >= .01        19              11.5     7.5        9
DAYS >= .10        11               6.9     4.1        8
DAYS >= .50         6               2.5     3.5        2
DAYS >= 1.00        5               1.0     4.0        1
GREATEST
 24 HR. TOTAL    4.56   06/14 TO 06/15

DEGREE_DAYS
HEATING TOTAL      32                51     -19       69
 SINCE 7/1       8320              7706     614     7884
COOLING TOTAL     136               135       1      136
 SINCE 1/1        189               171      18      178
.................................................................

WIND (MPH)
AVERAGE WIND SPEED              9.3
HIGHEST WIND SPEED/DIRECTION    60/080    DATE  06/16
HIGHEST GUST SPEED/DIRECTION    87/070    DATE  06/16

SKY COVER
POSSIBLE SUNSHINE (PERCENT)   MM
AVERAGE SKY COVER           0.60
NUMBER OF DAYS FAIR            6
NUMBER OF DAYS PC             20
NUMBER OF DAYS CLOUDY          4

AVERAGE RH (PERCENT)     71

WEATHER CONDITIONS. NUMBER OF DAYS WITH
THUNDERSTORM              0     MIXED PRECIP               0
HEAVY RAIN                8     RAIN                       9
LIGHT RAIN               18     FREEZING RAIN              0
LT FREEZING RAIN          0     HAIL                       3
HEAVY SNOW                0     SNOW                       0
LIGHT SNOW                0     SLEET                      0
FOG                      18     FOG W/VIS <= 1/4 MILE      2
HAZE                      0

-  INDICATES NEGATIVE NUMBERS.
R  INDICATES RECORD WAS SET OR TIED.
MM INDICATES DATA IS MISSING.
T  INDICATES TRACE AMOUNT.

$$
