000
CXUS53 KFSD 011648
CLMFSD

CLIMATE REPORT
NATIONAL WEATHER SERVICE SIOUX FALLS SD
1045 AM CST FRI DEC 1 2017

...................................

...THE SIOUX FALLS CLIMATE SUMMARY FOR THE MONTH OF NOVEMBER 2017...

CLIMATE NORMAL PERIOD 1981 TO 2010
CLIMATE RECORD PERIOD 1893 TO 2017

WEATHER         OBSERVED          NORMAL  DEPART  LAST YEAR`S
                 VALUE   DATE(S)  VALUE   FROM    VALUE  DATE(S)
                                          NORMAL
................................................................
TEMPERATURE (F)
RECORD
 HIGH              81   11/08/1999
 LOW              -17   11/30/1964
                        11/14/1959
HIGHEST            67   11/27        MM      MM       74  11/04
LOWEST             11   11/22        MM      MM       12  11/20
AVG. MAXIMUM     47.3              42.5     4.8     53.1
AVG. MINIMUM     24.4              22.7     1.7     31.5
MEAN             35.8              32.6     3.2     42.3
DAYS MAX >= 90      0               0.0     0.0        0
DAYS MAX <= 32      3               6.7    -3.7        1
DAYS MIN <= 32     24              24.8    -0.8       15
DAYS MIN <= 0       0               1.0    -1.0        0

PRECIPITATION (INCHES)
RECORD
 MAXIMUM         4.76   2001
 MINIMUM         0.00   1914
TOTALS           0.03              1.36   -1.33     1.81
DAILY AVG.       0.00              0.05   -0.05     0.06
DAYS >= .01         2               7.2    -5.2        9
DAYS >= .10         0               2.9    -2.9        4
DAYS >= .50         0               0.7    -0.7        1
DAYS >= 1.00        0               0.3    -0.3        0
GREATEST
 24 HR. TOTAL    0.02   11/06 TO 11/06

SNOWFALL (INCHES)
RECORDS
 TOTAL           21.9   1985
TOTALS            0.2               7.4    -7.2      6.0
SINCE 7/1         0.2               8.7    -8.5      6.0
SNOWDEPTH AVG.      0                MM      MM        0
DAYS >= 1.0         0               2.0    -2.0        1
GREATEST
 SNOW DEPTH         T   11/07                          4  11/19
 24 HR TOTAL      0.2   11/06 TO 11/06

DEGREE_DAYS
HEATING TOTAL     866               972    -106      674
 SINCE 7/1       1409              1712    -303     1135
COOLING TOTAL       0                 0       0        0
 SINCE 1/1        776               690      86      879
.................................................................

WIND (MPH)
AVERAGE WIND SPEED              9.7
HIGHEST WIND SPEED/DIRECTION    43/310    DATE  11/24
HIGHEST GUST SPEED/DIRECTION    55/320    DATE  11/24

SKY COVER
POSSIBLE SUNSHINE (PERCENT)   MM
AVERAGE SKY COVER           0.60
NUMBER OF DAYS FAIR            6
NUMBER OF DAYS PC             16
NUMBER OF DAYS CLOUDY          8

AVERAGE RH (PERCENT)     69

WEATHER CONDITIONS. NUMBER OF DAYS WITH
THUNDERSTORM              0     MIXED PRECIP               0
HEAVY RAIN                0     RAIN                       0
LIGHT RAIN                6     FREEZING RAIN              0
LT FREEZING RAIN          0     HAIL                       0
HEAVY SNOW                0     SNOW                       0
LIGHT SNOW                4     SLEET                      0
FOG                       9     FOG W/VIS <= 1/4 MILE      0
HAZE                      1

-  INDICATES NEGATIVE NUMBERS.
R  INDICATES RECORD WAS SET OR TIED.
MM INDICATES DATA IS MISSING.
T  INDICATES TRACE AMOUNT.

$$
