000
CXUS53 KFSD 011846
CLMFSD

CLIMATE REPORT
NATIONAL WEATHER SERVICE SIOUX FALLS SD
146 PM CDT MON JUL 1 2013

...................................

...THE SIOUX FALLS SD CLIMATE SUMMARY FOR THE MONTH OF JUNE 2013...

CLIMATE NORMAL PERIOD 1981 TO 2010
CLIMATE RECORD PERIOD 1893 TO 2013

WEATHER         OBSERVED          NORMAL  DEPART  LAST YEAR`S
                 VALUE   DATE(S)  VALUE   FROM    VALUE  DATE(S)
                                          NORMAL
................................................................
TEMPERATURE (F)
RECORD
 HIGH             110   06/21/1988
 LOW               32   06/07/1901
                        06/07/1897
HIGHEST            88   06/26        MM      MM       96  06/27
                        06/20
LOWEST             42   06/03        MM      MM       40  06/01
AVG. MAXIMUM     77.0              79.2    -2.2     84.7
AVG. MINIMUM     56.9              56.4     0.5     59.5
MEAN             66.9              67.8    -0.9     72.1
DAYS MAX >= 90      0               2.4    -2.4        6
DAYS MAX <= 32      0               0.0     0.0        0
DAYS MIN <= 32      0               0.0     0.0        0
DAYS MIN <= 0       0               0.0     0.0        0

PRECIPITATION (INCHES)
RECORD
 MAXIMUM         8.43   1984
 MINIMUM         0.36   1893
TOTALS           4.28              3.92    0.36     0.74
DAILY AVG.       0.14              0.13    0.01     0.02
DAYS >= .01         9              11.5    -2.5        6
DAYS >= .10         8               6.9     1.1        2
DAYS >= .50         2               2.5    -0.5        0
DAYS >= 1.00        1               1.0     0.0        0
GREATEST
 24 HR. TOTAL    2.01   06/08 TO 06/09

DEGREE_DAYS
HEATING TOTAL      69                51      18       21
 SINCE 7/1       7884              7706     178     6058
COOLING TOTAL     136               135       1      241
 SINCE 1/1        178               171       7      327
.................................................................

WIND (MPH)
AVERAGE WIND SPEED              9.0
HIGHEST WIND SPEED/DIRECTION    31/320    DATE  06/28
HIGHEST GUST SPEED/DIRECTION    43/180    DATE  06/14

SKY COVER
POSSIBLE SUNSHINE (PERCENT)   MM
AVERAGE SKY COVER           0.50
NUMBER OF DAYS FAIR           11
NUMBER OF DAYS PC             15
NUMBER OF DAYS CLOUDY          4

AVERAGE RH (PERCENT)     73

WEATHER CONDITIONS. NUMBER OF DAYS WITH
THUNDERSTORM              0     MIXED PRECIP               0
HEAVY RAIN                5     RAIN                       8
LIGHT RAIN               13     FREEZING RAIN              0
LT FREEZING RAIN          0     HAIL                       0
HEAVY SNOW                0     SNOW                       0
LIGHT SNOW                0     SLEET                      0
FOG                      13     FOG W/VIS <= 1/4 MILE      2
HAZE                      0

-  INDICATES NEGATIVE NUMBERS.
R  INDICATES RECORD WAS SET OR TIED.
MM INDICATES DATA IS MISSING.
T  INDICATES TRACE AMOUNT.

$$
