000
CXUS53 KFSD 011553
CLMFSD

CLIMATE REPORT
NATIONAL WEATHER SERVICE SIOUX FALLS SD
1047 AM CDT FRI JUL 1 2016

...................................

...THE SIOUX FALLS SD CLIMATE SUMMARY FOR THE MONTH OF JUNE 2016...

CLIMATE NORMAL PERIOD 1981 TO 2010
CLIMATE RECORD PERIOD 1893 TO 2016

WEATHER         OBSERVED          NORMAL  DEPART  LAST YEAR`S
                 VALUE   DATE(S)  VALUE   FROM    VALUE  DATE(S)
                                          NORMAL
................................................................
TEMPERATURE (F)
RECORD
 HIGH             110   06/21/1988
 LOW               32   06/07/1901
                        06/07/1897
HIGHEST            98   06/11        MM      MM       95  06/09
LOWEST             43   06/02        MM      MM       50  06/18
AVG. MAXIMUM     84.1              79.2     4.9     79.5
AVG. MINIMUM     60.6              56.4     4.2     58.6
MEAN             72.3              67.8     4.5     69.0
DAYS MAX >= 90      5               2.4     2.6        1
DAYS MAX <= 32      0               0.0     0.0        0
DAYS MIN <= 32      0               0.0     0.0        0
DAYS MIN <= 0       0               0.0     0.0        0

PRECIPITATION (INCHES)
RECORD
 MAXIMUM        13.70   2014
 MINIMUM         0.36   1893
TOTALS           1.72              3.92   -2.20     4.29
DAILY AVG.       0.06              0.13   -0.07     0.14
DAYS >= .01         9              11.5    -2.5       13
DAYS >= .10         5               6.9    -1.9        9
DAYS >= .50         0               2.5    -2.5        3
DAYS >= 1.00        0               1.0    -1.0        1
GREATEST
 24 HR. TOTAL    0.45   06/28 TO 06/29
                        06/29 TO 06/29

DEGREE_DAYS
HEATING TOTAL       9                51     -42        9
 SINCE 7/1       6504              7706   -1202     7246
COOLING TOTAL     235               135     100      139
 SINCE 1/1        268               171      97      161
.................................................................

WIND (MPH)
AVERAGE WIND SPEED              9.9
HIGHEST WIND SPEED/DIRECTION    55/050    DATE  06/17
HIGHEST GUST SPEED/DIRECTION    63/050    DATE  06/17

SKY COVER
POSSIBLE SUNSHINE (PERCENT)   MM
AVERAGE SKY COVER           0.40
NUMBER OF DAYS FAIR           16
NUMBER OF DAYS PC             13
NUMBER OF DAYS CLOUDY          1

AVERAGE RH (PERCENT)     63

WEATHER CONDITIONS. NUMBER OF DAYS WITH
THUNDERSTORM             10     MIXED PRECIP               0
HEAVY RAIN                3     RAIN                       4
LIGHT RAIN                9     FREEZING RAIN              0
LT FREEZING RAIN          0     HAIL                       0
HEAVY SNOW                0     SNOW                       0
LIGHT SNOW                0     SLEET                      0
FOG                       6     FOG W/VIS <= 1/4 MILE      0
HAZE                      2

-  INDICATES NEGATIVE NUMBERS.
R  INDICATES RECORD WAS SET OR TIED.
MM INDICATES DATA IS MISSING.
T  INDICATES TRACE AMOUNT.

$$
