000
CXUS54 KFWD 010831
CF6FTW
PRELIMINARY LOCAL CLIMATOLOGICAL DATA (WS FORM: F-6)
STATION: FORT WORTH MEACHAM
MONTH: NOVEMBER
YEAR: 2023
LATITUDE: 32 49 N
LONGITUDE: 97 21 W
TEMPERATURE IN F: :PCPN: SNOW: WIND :SUNSHINE: SKY :PK WND
================================================================================
1 2 3 4 5 6A 6B 7 8 9 10 11 12 13 14 15 16 17 18
12Z AVG MX 2MIN
DY MAX MIN AVG DEP HDD CDD WTR SNW DPTH SPD SPD DIR MIN PSBL S-S WX SPD DR
================================================================================
1 55 32 44 -17 21 0 0.00 M M 5.4 12 350 M M 0 14 20
2 63 37 50 -10 15 0 0.00 M M 8.4 16 140 M M 0 21 150
3 71 44 58 -2 7 0 0.00 M M 10.1 22 160 M M 0 31 180
4 74 54 64 4 1 0 0.00 M M 10.1 17 150 M M 2 1 24 160
5 80 58 69 10 0 4 0.00 M M 9.8 20 180 M M 2 27 180
6 82 64 73 14 0 8 0.00 M M 14.1 24 170 M M 0 32 180
7 85 60 73 14 0 8 0.00 M M 12.6 22 170 M M 0 30 170
8 84 65 75 17 0 10 T M M 13.1 18 170 M M 0 26 210
9 73 50 62 4 3 0 0.23 M M 12.7 24 350 M M 9 1 32 350
10 58 50 54 -4 11 0 0.00 M M 9.3 16 10 M M 9 24 360
11 65 54 60 3 5 0 0.00 M M 6.4 12 80 M M 8 18 60
12 64 48 56 -1 9 0 0.00 M M 2.3 7 70 M M 1 11 60
13 64 50 57 1 8 0 0.00 M M 5.7 13 50 M M 0 16 50
14 69 47 58 2 7 0 0.00 M M 1.9 7 50 M M 1 8 10 70
15 71 48 60 4 5 0 0.00 M M 1.7 9 90 M M 0 18 13 70
16 61 49 55 -1 10 0 0.00 M M 9.0 17 150 M M 7 12 24 150
17 60 54 57 2 8 0 0.01 M M 7.7 14 160 M M 9 1 18 170
18 69 52 61 6 4 0 0.00 M M 4.0 10 350 M M 3 1 14 360
19 65 53 59 5 6 0 0.05 M M 10.8 22 160 M M 8 1 28 150
20 72 53 63 9 2 0 T M M 13.0 25 300 M M 6 34 320
21 57 42 50 -4 15 0 0.00 M M 14.3 25 330 M M 7 39 340
22 62 36 49 -5 16 0 0.00 M M 5.4 16 330 M M 0 8 23 330
23 65 38 52 -1 13 0 0.00 M M 6.9 15 140 M M 0 8 20 150
24 63 41 52 -1 13 0 0.00 M M 3.8 12 70 M M 0 1 16 70
25 60 40 50 -3 15 0 0.07 M M 8.1 15 170 M M 5 1 21 140
26 50 32 41 -11 24 0 T M M 12.1 22 320 M M 3 1 32 310
27 53 30 42 -10 23 0 0.00 M M 2.1 10 360 M M 0 14 40
28 61 38 50 -2 15 0 0.00 M M 4.0 13 160 M M 1 8 17 170
29 63 38 51 0 14 0 0.00 M M 7.5 18 150 M M 3 23 150
30 63 54 59 8 6 0 0.04 M M 7.7 16 150 M M 8 12 23 160
================================================================================
SM 1982 1411 276 30 0.40 M 240.0 M 92
================================================================================
AV 66.1 47.0 8.0 FASTST M M 3 MAX(MPH)
MISC ----> # 25 300 39 340
================================================================================
NOTES:
# LAST OF SEVERAL OCCURRENCES
COLUMN 17 PEAK WIND IN M.P.H.
PRELIMINARY LOCAL CLIMATOLOGICAL DATA (WS FORM: F-6) , PAGE 2
STATION: FORT WORTH MEACHAM
MONTH: NOVEMBER
YEAR: 2023
LATITUDE: 32 49 N
LONGITUDE: 97 21 W
[TEMPERATURE DATA] [PRECIPITATION DATA] SYMBOLS USED IN COLUMN 16
AVERAGE MONTHLY: 56.6 TOTAL FOR MONTH: 0.40 1 = FOG OR MIST
DPTR FM NORMAL: 0.8 DPTR FM NORMAL: -2.12 2 = FOG REDUCING VISIBILITY
HIGHEST: 85 ON 7 GRTST 24HR 0.23 ON 9- 9 TO 1/4 MILE OR LESS
LOWEST: 30 ON 27 3 = THUNDER
SNOW, ICE PELLETS, HAIL 4 = ICE PELLETS
TOTAL MONTH: M 5 = HAIL
GRTST 24HR M ON M 6 = FREEZING RAIN OR DRIZZLE
GRTST DEPTH: M ON M 7 = DUSTSTORM OR SANDSTORM:
VSBY 1/2 MILE OR LESS
8 = SMOKE OR HAZE
[NO. OF DAYS WITH] [WEATHER - DAYS WITH] 9 = BLOWING SNOW
X = TORNADO
MAX 32 OR BELOW: 0 0.01 INCH OR MORE: 5
MAX 90 OR ABOVE: 0 0.10 INCH OR MORE: 1
MIN 32 OR BELOW: 3 0.50 INCH OR MORE: 0
MIN 0 OR BELOW: 0 1.00 INCH OR MORE: 0
[HDD (BASE 65) ]
TOTAL THIS MO. 276 CLEAR (SCALE 0-3) 18
DPTR FM NORMAL -23 PTCLDY (SCALE 4-7) 8
TOTAL FM JUL 1 373 CLOUDY (SCALE 8-10) 4
DPTR FM NORMAL -15
[CDD (BASE 65) ]
TOTAL THIS MO. 30
DPTR FM NORMAL 8 [PRESSURE DATA]
TOTAL FM JAN 1 3467 HIGHEST SLP 30.53 ON 1
DPTR FM NORMAL 776 LOWEST SLP 29.59 ON 20
[REMARKS]
#FINAL-11-23#