000
CXUS54 KFWD 010730
CF6FTW
PRELIMINARY LOCAL CLIMATOLOGICAL DATA (WS FORM: F-6)
STATION: FORT WORTH MEACHAM
MONTH: SEPTEMBER
YEAR: 2023
LATITUDE: 32 49 N
LONGITUDE: 97 21 W
TEMPERATURE IN F: :PCPN: SNOW: WIND :SUNSHINE: SKY :PK WND
================================================================================
1 2 3 4 5 6A 6B 7 8 9 10 11 12 13 14 15 16 17 18
12Z AVG MX 2MIN
DY MAX MIN AVG DEP HDD CDD WTR SNW DPTH SPD SPD DIR MIN PSBL S-S WX SPD DR
================================================================================
1 98 77 88 6 0 23 0.00 M M 9.5 16 120 M M 0 22 160
2 98 73 86 4 0 21 0.00 M M 6.6 13 50 M M 0 17 100
3 102 76 89 7 0 24 T M M 10.4 25 140 M M 2 3 33 130
4 101 76 89 8 0 24 0.00 M M 12.3 21 170 M M 0 27 140
5 104 80 92 11 0 27 0.00 M M 13.6 20 150 M M 0 28 180
6 105 82 94 13 0 29 0.00 M M 5.6 14 250 M M 0 8 21 190
7 107 81 94 14 0 29 0.00 M M 5.6 15 190 M M 0 20 210
8 110 70 90 10 0 25 0.33 M M 10.4 43 10 M M 1 38 58 360
9 95 75 85 5 0 20 0.00 M M 10.0 17 120 M M 0 22 80
10 93 71 82 2 0 17 0.00 M M 7.3 15 110 M M 0 21 70
11 91 68 80 1 0 15 0.27 M M 9.4 29 310 M M 2 13 42 310
12 81 69 75 -4 0 10 0.04 M M 8.8 17 350 M M 8 1 22 360
13 83 68 76 -3 0 11 0.04 M M 5.7 13 100 M M 8 15 60
14 77 69 73 -5 0 8 0.07 M M 8.2 14 70 M M 10 1 19 70
15 82 70 76 -2 0 11 0.02 M M 6.9 16 120 M M 7 1 20 130
16 87 68 78 0 0 13 0.01 M M 3.5 22 340 M M 2 1 32 350
17 92 66 79 2 0 14 0.00 M M 5.4 14 50 M M 1 19 330
18 93 65 79 2 0 14 0.00 M M 6.6 15 140 M M 0 25 190
19 97 69 83 6 0 18 0.19 M M 14.9 26 150 M M 1 13 36 350
20 96 70 83 7 0 18 0.00 M M 13.6 21 160 M M 1 29 140
21 96 77 87 11 0 22 0.00 M M 12.0 20 160 M M 0 25 160
22 97 78 88 12 0 23 0.00 M M 11.7 21 170 M M 0 28 160
23 100 77 89 14 0 24 0.00 M M 13.9 23 150 M M 0 8 31 160
24 102 75 89 14 0 24 T M M 10.2 24 140 M M 2 3 33 140
25 92 74 83 8 0 18 0.00 M M 7.4 16 40 M M 5 25 40
26 94 69 82 8 0 17 0.00 M M 4.3 12 70 M M 0 16 80
27 96 71 84 10 0 19 0.00 M M 5.0 13 80 M M 0 19 80
28 96 72 84 10 0 19 0.00 M M 6.2 16 100 M M 1 21 100
29 95 73 84 11 0 19 0.00 M M 9.7 17 120 M M 0 29 180
30 94 73 84 11 0 19 0.00 M M 8.8 20 130 M M 0 26 110
================================================================================
SM 2854 2182 0 575 0.97 M 263.5 M 51
================================================================================
AV 95.1 72.7 8.8 FASTST M M 2 MAX(MPH)
MISC ----> 43 10 58 360
================================================================================
NOTES:
# LAST OF SEVERAL OCCURRENCES
COLUMN 17 PEAK WIND IN M.P.H.
PRELIMINARY LOCAL CLIMATOLOGICAL DATA (WS FORM: F-6) , PAGE 2
STATION: FORT WORTH MEACHAM
MONTH: SEPTEMBER
YEAR: 2023
LATITUDE: 32 49 N
LONGITUDE: 97 21 W
[TEMPERATURE DATA] [PRECIPITATION DATA] SYMBOLS USED IN COLUMN 16
AVERAGE MONTHLY: 83.9 TOTAL FOR MONTH: 0.97 1 = FOG OR MIST
DPTR FM NORMAL: 6.2 DPTR FM NORMAL: -1.62 2 = FOG REDUCING VISIBILITY
HIGHEST: 110 ON 8 GRTST 24HR 0.33 ON 8- 8 TO 1/4 MILE OR LESS
LOWEST: 65 ON 18 3 = THUNDER
SNOW, ICE PELLETS, HAIL 4 = ICE PELLETS
TOTAL MONTH: M 5 = HAIL
GRTST 24HR M ON M 6 = FREEZING RAIN OR DRIZZLE
GRTST DEPTH: M ON M 7 = DUSTSTORM OR SANDSTORM:
VSBY 1/2 MILE OR LESS
8 = SMOKE OR HAZE
[NO. OF DAYS WITH] [WEATHER - DAYS WITH] 9 = BLOWING SNOW
X = TORNADO
MAX 32 OR BELOW: 0 0.01 INCH OR MORE: 8
MAX 90 OR ABOVE: 25 0.10 INCH OR MORE: 3
MIN 32 OR BELOW: 0 0.50 INCH OR MORE: 0
MIN 0 OR BELOW: 0 1.00 INCH OR MORE: 0
[HDD (BASE 65) ]
TOTAL THIS MO. 0 CLEAR (SCALE 0-3) 25
DPTR FM NORMAL -4 PTCLDY (SCALE 4-7) 4
TOTAL FM JUL 1 0 CLOUDY (SCALE 8-10) 1
DPTR FM NORMAL 0
[CDD (BASE 65) ]
TOTAL THIS MO. 575
DPTR FM NORMAL 190 [PRESSURE DATA]
TOTAL FM JAN 1 3241 HIGHEST SLP M ON M
DPTR FM NORMAL 714 LOWEST SLP 29.70 ON 4
[REMARKS]
#FINAL-09-23#