000
CXUS56 KSGX 011045
CF6FUL
PRELIMINARY LOCAL CLIMATOLOGICAL DATA (WS FORM: F-6)
STATION: FULLERTON AIRPORT CA
MONTH: OCTOBER
YEAR: 2022
LATITUDE: 33 52 N
LONGITUDE: 117 58 W
TEMPERATURE IN F: :PCPN: SNOW: WIND :SUNSHINE: SKY :PK WND
================================================================================
1 2 3 4 5 6A 6B 7 8 9 10 11 12 13 14 15 16 17 18
12Z AVG MX 2MIN
DY MAX MIN AVG DEP HDD CDD WTR SNW DPTH SPD SPD DIR MIN PSBL S-S WX SPD DR
================================================================================
1 78 67 73 1 0 8 0.00 M M 3.9 12 210 M M 6 16 230
2 82 68 75 3 0 10 0.00 M M 3.1 13 190 M M 5 16 180
3 83 64 74 2 0 9 0.00 M M 2.0 10 220 M M 0 13 220
4 83 63 73 1 0 8 0.00 M M 2.8 10 190 M M 0 15 220
5 84 67 76 5 0 11 0.00 M M 3.7 12 200 M M 6 18 15 200
6 81 67 74 3 0 9 0.00 M M 2.9 10 210 M M 7 8 14 220
7 84 67 76 5 0 11 0.00 M M 3.0 13 190 M M 5 8 17 180
8 84 65 75 4 0 10 0.00 M M 3.3 10 200 M M 3 18 14 220
9 81 66 74 3 0 9 0.00 M M 2.3 9 190 M M 4 18 12 210
10 81 65 73 3 0 8 0.00 M M 3.0 10 200 M M 6 15 210
11 78 67 73 3 0 8 T M M 3.7 13 280 M M 7 3 21 280
12 80 65 73 3 0 8 0.02 M M 2.5 12 290 M M 5 138 17 240
13 73 64 69 -1 0 4 T M M 2.0 9 200 M M 8 8 12 200
14 70 63 67 -3 0 2 0.03 M M 2.4 9 200 M M 10 18 12 200
15 71 61 66 -4 0 1 0.25 M M 2.7 15 80 M M 9 13 18 80
16 70 59 65 -4 0 0 0.00 M M 2.0 6 310 M M 5 1 10 290
17 81 55 68 -1 0 3 0.00 M M 2.0 10 210 M M 0 13 290
18 94 59 77 8 0 12 0.00 M M 1.7 12 200 M M 0 16 200
19 98 62 80 11 0 15 0.00 M M 3.0 13 190 M M 0 17 210
20 93 66 80 11 0 15 0.00 M M 3.2 14 200 M M 0 17 290
21 79 64 72 4 0 7 0.00 M M 3.8 10 150 M M 3 13 220
22 72 62 67 -1 0 2 0.02 M M 5.8 15 190 M M 9 1 21 230
23 72 57 65 -3 0 0 0.00 M M 3.2 12 200 M M 2 18 200
24 80 53 67 -1 0 2 0.00 M M 3.6 10 270 M M 0 17 220
25 79 53 66 -2 0 1 0.00 M M 3.6 12 210 M M 0 8 15 220
26 75 56 66 -1 0 1 0.00 M M 3.5 12 200 M M 1 16 200
27 77 56 67 0 0 2 0.00 M M 2.6 10 210 M M 2 13 200
28 78 54 66 -1 0 1 0.00 M M 2.7 9 260 M M 0 18 13 210
29 80 52 66 -1 0 1 0.00 M M 2.3 8 290 M M 0 1 12 270
30 83 53 68 1 0 3 0.00 M M 2.3 9 200 M M 1 8 12 210
31 80 53 67 1 0 2 0.00 M M 2.5 8 220 M M 2 11 190
================================================================================
SM 2484 1893 0 183 0.32 M 91.1 M 106
================================================================================
AV 80.1 61.1 2.9 FASTST M M 3 MAX(MPH)
MISC ----> # 15 80 # 21 280
================================================================================
NOTES:
# LAST OF SEVERAL OCCURRENCES
COLUMN 17 PEAK WIND IN M.P.H.
PRELIMINARY LOCAL CLIMATOLOGICAL DATA (WS FORM: F-6) , PAGE 2
STATION: FULLERTON AIRPORT CA
MONTH: OCTOBER
YEAR: 2022
LATITUDE: 33 52 N
LONGITUDE: 117 58 W
[TEMPERATURE DATA] [PRECIPITATION DATA] SYMBOLS USED IN COLUMN 16
AVERAGE MONTHLY: 70.6 TOTAL FOR MONTH: 0.32 1 = FOG OR MIST
DPTR FM NORMAL: 1.3 DPTR FM NORMAL: -0.18 2 = FOG REDUCING VISIBILITY
HIGHEST: 98 ON 19 GRTST 24HR 0.25 ON 14-15 TO 1/4 MILE OR LESS
LOWEST: 52 ON 29 3 = THUNDER
SNOW, ICE PELLETS, HAIL 4 = ICE PELLETS
TOTAL MONTH: M 5 = HAIL
GRTST 24HR M ON M 6 = FREEZING RAIN OR DRIZZLE
GRTST DEPTH: M ON M 7 = DUSTSTORM OR SANDSTORM:
VSBY 1/2 MILE OR LESS
8 = SMOKE OR HAZE
[NO. OF DAYS WITH] [WEATHER - DAYS WITH] 9 = BLOWING SNOW
X = TORNADO
MAX 32 OR BELOW: 0 0.01 INCH OR MORE: 4
MAX 90 OR ABOVE: 3 0.10 INCH OR MORE: 1
MIN 32 OR BELOW: 0 0.50 INCH OR MORE: 0
MIN 0 OR BELOW: 0 1.00 INCH OR MORE: 0
[HDD (BASE 65) ]
TOTAL THIS MO. 0 CLEAR (SCALE 0-3) 16
DPTR FM NORMAL -16 PTCLDY (SCALE 4-7) 11
TOTAL FM JUL 1 0 CLOUDY (SCALE 8-10) 4
DPTR FM NORMAL -13
[CDD (BASE 65) ]
TOTAL THIS MO. 183
DPTR FM NORMAL 33 [PRESSURE DATA]
TOTAL FM JAN 1 1838 HIGHEST SLP 30.15 ON 28
DPTR FM NORMAL 365 LOWEST SLP 29.73 ON 22
[REMARKS]
#FINAL-10-22#