000
CXUS56 KSGX 011245
CF6FUL
PRELIMINARY LOCAL CLIMATOLOGICAL DATA (WS FORM: F-6)
STATION: FULLERTON AIRPORT CA
MONTH: APRIL
YEAR: 2020
LATITUDE: 33 52 N
LONGITUDE: 117 58 W
TEMPERATURE IN F: :PCPN: SNOW: WIND :SUNSHINE: SKY :PK WND
================================================================================
1 2 3 4 5 6A 6B 7 8 9 10 11 12 13 14 15 16 17 18
12Z AVG MX 2MIN
DY MAX MIN AVG DEP HDD CDD WTR SNW DPTH SPD SPD DIR MIN PSBL S-S WX SPD DR
================================================================================
1 73 57 65 4 0 0 0.00 0.0 0 4.5 12 220 M M 3 18 16 210
2 70 59 65 4 0 0 0.00 0.0 0 5.1 12 200 M M 9 16 210
3 71 57 64 3 1 0 0.00 0.0 0 4.5 14 200 M M 4 19 190
4 71 54 63 2 2 0 0.00 0.0 0 6.0 13 210 M M 7 18 210
5 65 55 60 -1 5 0 0.14 0.0 0 5.8 14 130 M M 10 18 19 120
6 62 55 59 -2 6 0 0.62 0.0 0 5.9 17 150 M M 10 1 28 130
7 65 53 59 -2 6 0 0.34 0.0 0 2.7 24 150 M M 10 18 36 140
8 63 51 57 -5 8 0 0.25 0.0 0 4.0 14 200 M M 5 18 19 200
9 57 52 55 -7 10 0 0.73 0.0 0 6.9 12 110 M M 10 1 15 80
10 66 52 59 -3 6 0 0.24 0.0 0 7.2 18 70 M M 8 1 24 80
11 69 51 60 -2 5 0 0.00 0.0 0 5.6 12 200 M M 4 8 16 190
12 64 57 61 -1 4 0 T 0.0 0 4.4 10 190 M M 10 15 180
13 64 57 61 -1 4 0 0.00 0.0 0 4.1 9 190 M M 10 13 190
14 82 51 67 5 0 2 0.00 0.0 0 2.8 9 300 M M 1 17 290
15 84 51 68 6 0 3 0.00 0.0 0 3.4 14 190 M M 0 8 18 300
16 75 54 65 2 0 0 0.00 0.0 0 5.2 14 200 M M 1 19 210
17 70 57 64 1 1 0 0.00 0.0 0 5.9 14 180 M M 5 19 200
18 67 60 64 1 1 0 0.00 0.0 0 3.5 12 200 M M 10 16 200
19 68 57 63 0 2 0 0.00 0.0 0 3.9 14 200 M M 8 18 210
20 69 58 64 1 1 0 0.00 0.0 0 3.4 12 200 M M 9 16 180
21 74 55 65 2 0 0 0.00 0.0 0 3.8 13 190 M M 3 8 17 190
22 87 55 71 7 0 6 0.00 0.0 0 3.3 9 280 M M 0 14 290
23 90 59 75 11 0 10 0.00 0.0 0 4.0 13 210 M M 0 15 210
24 101 62 82 18 0 17 0.00 0.0 0 3.6 12 260 M M 1 16 290
25 89 64 77 13 0 12 0.00 0.0 0 3.7 9 190 M M 1 12 210
26 89 60 75 11 0 10 0.00 0.0 0 3.9 10 200 M M 3 128 15 220
27 78 61 70 6 0 5 0.00 0.0 0 3.5 12 200 M M 3 18 16 240
28 81 62 72 8 0 7 0.00 0.0 0 3.3 12 200 M M 1 18 15 210
29 79 63 71 6 0 6 0.00 0.0 0 4.0 13 210 M M 4 18 18 200
30 80 64 72 7 0 7 0.00 0.0 0 4.5 10 200 M M 5 8 14 210
================================================================================
SM 2223 1703 62 85 2.32 0.0 132.4 M 155
================================================================================
AV 74.1 56.8 4.4 FASTST M M 5 MAX(MPH)
MISC ----> # 24 150 # 36 140
================================================================================
NOTES:
# LAST OF SEVERAL OCCURRENCES
COLUMN 17 PEAK WIND IN M.P.H.
PRELIMINARY LOCAL CLIMATOLOGICAL DATA (WS FORM: F-6) , PAGE 2
STATION: FULLERTON AIRPORT CA
MONTH: APRIL
YEAR: 2020
LATITUDE: 33 52 N
LONGITUDE: 117 58 W
[TEMPERATURE DATA] [PRECIPITATION DATA] SYMBOLS USED IN COLUMN 16
AVERAGE MONTHLY: 65.4 TOTAL FOR MONTH: 2.32 1 = FOG OR MIST
DPTR FM NORMAL: 2.8 DPTR FM NORMAL: 1.45 2 = FOG REDUCING VISIBILITY
HIGHEST: 101 ON 24 GRTST 24HR 0.73 ON 9- 9 TO 1/4 MILE OR LESS
LOWEST: 51 ON 15,14 3 = THUNDER
SNOW, ICE PELLETS, HAIL 4 = ICE PELLETS
TOTAL MONTH: 0.0 INCH 5 = HAIL
GRTST 24HR 0.0 6 = FREEZING RAIN OR DRIZZLE
GRTST DEPTH: 0 7 = DUSTSTORM OR SANDSTORM:
VSBY 1/2 MILE OR LESS
8 = SMOKE OR HAZE
[NO. OF DAYS WITH] [WEATHER - DAYS WITH] 9 = BLOWING SNOW
X = TORNADO
MAX 32 OR BELOW: 0 0.01 INCH OR MORE: 6
MAX 90 OR ABOVE: 2 0.10 INCH OR MORE: 6
MIN 32 OR BELOW: 0 0.50 INCH OR MORE: 2
MIN 0 OR BELOW: 0 1.00 INCH OR MORE: 0
[HDD (BASE 65) ]
TOTAL THIS MO. 62 CLEAR (SCALE 0-3) 12
DPTR FM NORMAL -40 PTCLDY (SCALE 4-7) 7
TOTAL FM JUL 1 862 CLOUDY (SCALE 8-10) 11
DPTR FM NORMAL -332
[CDD (BASE 65) ]
TOTAL THIS MO. 85
DPTR FM NORMAL 55 [PRESSURE DATA]
TOTAL FM JAN 1 111 HIGHEST SLP 30.15 ON 14
DPTR FM NORMAL 59 LOWEST SLP 29.81 ON 24
[REMARKS]
#FINAL-04-20#