000
CXUS56 KSGX 010949
CLMFUL
CLIMATE REPORT
NATIONAL WEATHER SERVICE SAN DIEGO, CA
249 AM PDT SAT JUL 01 2023
...................................
...THE FULLERTON AIRPORT CA CLIMATE SUMMARY FOR THE MONTH OF JUNE 2023...
CLIMATE NORMAL PERIOD: 1991 TO 2020
CLIMATE RECORD PERIOD: 1998 TO 2023
WEATHER OBSERVED NORMAL DEPART LAST YEAR`S
VALUE DATE(S) VALUE FROM VALUE DATE(S)
NORMAL
................................................................
TEMPERATURE (F)
RECORD
HIGH 109 06/20/2016
LOW 52 06/05/1999
HIGHEST 83 06/17 79 4 97 06/20
LOWEST 56 06/03 60 -4 59 06/26
AVG. MAXIMUM 74.8 79.0 -4.2 83.3
AVG. MINIMUM 60.0 62.6 -2.6 63.2
MEAN 67.4 70.8 -3.4 73.3
DAYS MAX >= 90 0 2.1 -2.1 6
DAYS MAX <= 32 0 0.0 0.0 0
DAYS MAX >= 45 30 30
DAYS MIN <= 32 0 0.0 0.0 0
PRECIPITATION (INCHES)
RECORD
MAXIMUM 1.23 1993
MINIMUM 0.00 2018
TOTALS T 0.08 -0.08 0.10
DAILY AVG. T 0.00 -0.00 0.00
DAYS >= .01 0 0.5 -0.5 1
DAYS >= .10 0 0.1 -0.1 1
DAYS >= .50 0 0.0 0.0 0
DAYS >= 1.00 0 0.0 0.0 0
DAYS >= %-5.2F 0 0
DAYS >= %-5.2F 0 0
GREATEST
24 HR. TOTAL 0.01 05/31 TO 05/31 0.10 06/22 TO 06/22
STORM TOTAL 0.00 0.10
(MM/DD(HH)) MM
DEGREE DAYS
HEATING TOTAL 4 2 2 0
SINCE 7/1 1151 1048 103 MM
COOLING TOTAL 82 176 -94 255
SINCE 1/1 138 347 -209 MM
FREEZE DATES
RECORD
EARLIEST MM
LATEST MM
EARLIEST 12/31 12/31
LATEST 01/16 MM
................................................................
WIND (MPH)
AVERAGE WIND SPEED 3.9
RESULTANT WIND SPEED/DIRECTION 2/190
HIGHEST WIND SPEED/DIRECTION 15/200 DATE 06/23
HIGHEST GUST SPEED/DIRECTION 22/220 DATE 06/23
SKY COVER
POSSIBLE SUNSHINE (PERCENT) MM
AVERAGE SKY COVER 0.55
NUMBER OF DAYS FAIR 10
NUMBER OF DAYS PC 10
NUMBER OF DAYS CLOUDY 10
AVERAGE RH (PERCENT) 71
WEATHER CONDITIONS. NUMBER OF DAYS WITH
THUNDERSTORM 0 MIXED PRECIP 0
HEAVY RAIN 0 RAIN 0
LIGHT RAIN 1 FREEZING RAIN 0
LT FREEZING RAIN 0 HAIL 0
HEAVY SNOW 0 SNOW 0
LIGHT SNOW 0 SLEET 0
FOG 5 FOG W/VIS <= 1/4 MILE 0
HAZE 5
- INDICATES NEGATIVE NUMBERS.
R INDICATES RECORD WAS SET OR TIED.
MM INDICATES DATA IS MISSING.
T INDICATES TRACE AMOUNT.
$$