000
CXUS51 KCAR 010700
CF6FVE
PRELIMINARY LOCAL CLIMATOLOGICAL DATA (WS FORM: F-6)
STATION: FRENCHVILLE ME
MONTH: FEBRUARY
YEAR: 2022
LATITUDE: 47 16 N
LONGITUDE: 68 19 W
TEMPERATURE IN F: :PCPN: SNOW: WIND :SUNSHINE: SKY :PK WND
================================================================================
1 2 3 4 5 6A 6B 7 8 9 10 11 12 13 14 15 16 17 18
12Z AVG MX 2MIN
DY MAX MIN AVG DEP HDD CDD WTR SNW DPTH SPD SPD DIR MIN PSBL S-S WX SPD DR
================================================================================
1 10 -13 -1 -12 66 0 0.00 M M 5.8 17 140 M M 0 21 140
2 34 5 20 9 45 0 0.00 M M 12.5 20 150 M M 6 25 170
3 36 9 23 12 42 0 0.10 M M 11.7 26 340 M M 10 128 31 340
4 9 4 7 -4 58 0 0.08 M M 9.2 15 360 M M 10 1 21 30
5 9 -3 3 -8 62 0 0.01 M M 11.2 22 320 M M 6 18 27 320
6 8 -9 0 -11 65 0 T M M 7.4 16 160 M M 5 18 22 300
7 25 8 17 5 48 0 T M M 6.4 12 160 M M 10 1 14 150
8 29 22 26 14 39 0 0.33 M M 9.9 21 50 M M 10 1 30 40
9 29 23 26 14 39 0 0.01 M M 10.8 18 320 M M 9 1 24 330
10 31 22 27 15 38 0 0.04 M M 8.0 13 160 M M 9 12 15 150
11 33 23 28 15 37 0 T M M 8.9 18 150 M M 10 1 25 160
12 41 6 24 11 41 0 0.01 M M 12.4 30 330 M M 9 1 39 250
13 6 -8 -1 -14 66 0 0.00 M M 10.4 20 330 M M 0 24 330
14 8 -7 1 -13 64 0 T M M 10.2 20 320 M M 6 23 330
15 9 -7 1 -13 64 0 T M M 11.4 25 280 M M 2 32 300
16 30 -7 12 -2 53 0 T M M 11.3 24 170 M M 5 8 33 180
17 41 28 35 21 30 0 0.35 M M 9.5 16 350 M M 10 12 23 180
18 28 4 16 1 49 0 0.16 M M 18.4 38 330 M M 8 1 47 330
19 15 -3 6 -9 59 0 0.01 M M 7.7 25 330 M M 7 1 32 330
20 15 -1 7 -9 58 0 T M M 11.6 24 330 M M 5 1 33 310
21 30 5 18 2 47 0 T M M 10.2 22 330 M M 8 26 320
22 16 3 10 -6 55 0 0.30 M M 9.8 17 100 M M 10 19 23 100
23 29 4 17 0 48 0 0.25 M M 11.8 32 330 M M 9 1689 44 280
24 13 -3 5 -12 60 0 T M M 14.0 26 300 M M 1 36 310
25 4 -10 -3 -20 68 0 0.00 M M 5.7 13 330 M M 4 16 330
26 18 -15 2 -16 63 0 0.00 M M 9.3 21 250 M M 0 27 250
27 27 5 16 -2 49 0 T M M 14.0 29 320 M M 9 1289 37 330
28 9 -4 3 -15 62 0 T M M 15.1 28 320 M M 3 9 37 280
================================================================================
SM 592 81 1475 0 1.65 M 294.6 M 181
================================================================================
AV 21.1 2.9 10.5 FASTST M M 6 MAX(MPH)
MISC ----> 38 330 47 330
================================================================================
NOTES:
# LAST OF SEVERAL OCCURRENCES
COLUMN 17 PEAK WIND IN M.P.H.
PRELIMINARY LOCAL CLIMATOLOGICAL DATA (WS FORM: F-6) , PAGE 2
STATION: FRENCHVILLE ME
MONTH: FEBRUARY
YEAR: 2022
LATITUDE: 47 16 N
LONGITUDE: 68 19 W
[TEMPERATURE DATA] [PRECIPITATION DATA] SYMBOLS USED IN COLUMN 16
AVERAGE MONTHLY: 12.0 TOTAL FOR MONTH: 1.65 1 = FOG OR MIST
DPTR FM NORMAL: -2.0 DPTR FM NORMAL: 0.78 2 = FOG REDUCING VISIBILITY
HIGHEST: 41 ON 17,12 GRTST 24HR 0.55 ON 22-23 TO 1/4 MILE OR LESS
LOWEST: -15 ON 26 3 = THUNDER
SNOW, ICE PELLETS, HAIL 4 = ICE PELLETS
TOTAL MONTH: M 5 = HAIL
GRTST 24HR M ON M 6 = FREEZING RAIN OR DRIZZLE
GRTST DEPTH: M ON M 7 = DUSTSTORM OR SANDSTORM:
VSBY 1/2 MILE OR LESS
8 = SMOKE OR HAZE
[NO. OF DAYS WITH] [WEATHER - DAYS WITH] 9 = BLOWING SNOW
X = TORNADO
MAX 32 OR BELOW: 23 0.01 INCH OR MORE: 12
MAX 90 OR ABOVE: 0 0.10 INCH OR MORE: 6
MIN 32 OR BELOW: 28 0.50 INCH OR MORE: 0
MIN 0 OR BELOW: 13 1.00 INCH OR MORE: 0
[HDD (BASE 65) ]
TOTAL THIS MO. 1475 CLEAR (SCALE 0-3) 6
DPTR FM NORMAL 47 PTCLDY (SCALE 4-7) 8
TOTAL FM JUL 1 6561 CLOUDY (SCALE 8-10) 14
DPTR FM NORMAL -13
[CDD (BASE 65) ]
TOTAL THIS MO. 0
DPTR FM NORMAL 0 [PRESSURE DATA]
TOTAL FM JAN 1 0 HIGHEST SLP 30.71 ON 1
DPTR FM NORMAL 0 LOWEST SLP 29.14 ON 18
[REMARKS]
#FINAL-02-22#