000
CXUS53 KIWX 010810
CF6FWA
PRELIMINARY LOCAL CLIMATOLOGICAL DATA (WS FORM: F-6)
STATION: FORT WAYNE
MONTH: MARCH
YEAR: 2022
LATITUDE: 41 0 N
LONGITUDE: 85 12 W
TEMPERATURE IN F: :PCPN: SNOW: WIND :SUNSHINE: SKY :PK WND
================================================================================
1 2 3 4 5 6A 6B 7 8 9 10 11 12 13 14 15 16 17 18
12Z AVG MX 2MIN
DY MAX MIN AVG DEP HDD CDD WTR SNW DPTH SPD SPD DIR MIN PSBL S-S WX SPD DR
================================================================================
1 56 34 45 12 20 0 0.00 0.0 0 9.4 18 250 M M 8 24 240
2 56 29 43 9 22 0 0.00 0.0 0 6.6 22 350 M M 6 1 30 360
3 37 26 32 -2 33 0 0.00 0.0 0 8.6 20 10 M M 8 8 25 10
4 43 23 33 -1 32 0 0.00 0.0 0 7.8 14 100 M M 8 20 90
5 72 35 54 19 11 0 0.00 0.0 0 13.9 24 200 M M 8 35 200
6 64 39 52 17 13 0 0.20 0.0 0 16.9 48 260 M M 6 13 66 260
7 39 33 36 1 29 0 0.83 T 0 13.2 24 290 M M 10 1 32 290
8 36 30 33 -3 32 0 T T 0 6.6 14 270 M M 10 18 280
9 47 29 38 2 27 0 0.00 0.0 0 6.1 18 280 M M 6 1 24 260
10 44 28 36 0 29 0 0.00 0.0 0 2.6 9 60 M M 7 18 12 270
11 34 24 29 -8 36 0 0.08 0.8 T 11.6 25 260 M M 10 1 32 270
12 24 16 20 -17 45 0 T 0.2 0 16.0 26 270 M M 7 8 35 280
13 50 16 33 -5 32 0 T T 0 15.9 30 260 M M 5 41 240
14 61 29 45 7 20 0 0.00 0.0 0 11.5 29 230 M M 5 36 210
15 63 36 50 12 15 0 0.00 0.0 0 8.3 17 280 M M 6 23 270
16 70 33 52 13 13 0 0.00 0.0 0 5.1 21 220 M M 2 12 31 210
17 72 38 55 16 10 0 0.00 0.0 0 5.8 16 240 M M 5 21 250
18 67 42 55 16 10 0 0.54 0.0 0 5.9 24 160 M M 8 1 32 160
19 53 38 46 6 19 0 0.46 0.0 0 15.0 29 240 M M 10 1 38 240
20 58 37 48 8 17 0 T 0.0 0 8.1 17 260 M M 4 1 22 260
21 69 38 54 14 11 0 0.00 0.0 0 7.9 21 230 M M 5 40 200
22 52 43 48 7 17 0 0.57 0.0 0 14.6 32 100 M M 10 1 40 70
23 64 45 55 14 10 0 0.32 0.0 0 14.8 32 240 M M 9 138 45 90
24 48 41 45 3 20 0 T 0.0 0 17.3 26 240 M M 10 1 34 250
25 46 35 41 -1 24 0 0.07 T 0 16.3 30 270 M M 9 1 43 270
26 35 28 32 -10 33 0 0.03 T 0 15.3 29 270 M M 10 1 39 250
27 33 22 28 -15 37 0 T T 0 13.0 23 280 M M 7 35 290
28 36 20 28 -15 37 0 0.00 0.0 0 8.4 20 320 M M 3 26 320
29 42 24 33 -10 32 0 0.01 0.0 0 12.0 21 120 M M 8 29 120
30 73 37 55 11 10 0 0.05 0.0 0 14.6 35 220 M M 10 47 220
31 61 34 48 4 17 0 0.02 T 0 21.7 46 230 M M 10 1 59 210
================================================================================
SM 1605 982 713 0 3.18 1.0 350.8 M 230
================================================================================
AV 51.8 31.7 11.3 FASTST M M 7 MAX(MPH)
MISC ----> 48 260 66 260
================================================================================
NOTES:
# LAST OF SEVERAL OCCURRENCES
COLUMN 17 PEAK WIND IN M.P.H.
PRELIMINARY LOCAL CLIMATOLOGICAL DATA (WS FORM: F-6) , PAGE 2
STATION: FORT WAYNE
MONTH: MARCH
YEAR: 2022
LATITUDE: 41 0 N
LONGITUDE: 85 12 W
[TEMPERATURE DATA] [PRECIPITATION DATA] SYMBOLS USED IN COLUMN 16
AVERAGE MONTHLY: 41.7 TOTAL FOR MONTH: 3.18 1 = FOG OR MIST
DPTR FM NORMAL: 3.1 DPTR FM NORMAL: 0.37 2 = FOG REDUCING VISIBILITY
HIGHEST: 73 ON 30 GRTST 24HR 0.91 ON 18-19 TO 1/4 MILE OR LESS
LOWEST: 16 ON 13,12 3 = THUNDER
SNOW, ICE PELLETS, HAIL 4 = ICE PELLETS
TOTAL MONTH: 1.0 INCH 5 = HAIL
GRTST 24HR 0.8 ON 11-11 6 = FREEZING RAIN OR DRIZZLE
GRTST DEPTH: T 7 = DUSTSTORM OR SANDSTORM:
VSBY 1/2 MILE OR LESS
8 = SMOKE OR HAZE
[NO. OF DAYS WITH] [WEATHER - DAYS WITH] 9 = BLOWING SNOW
X = TORNADO
MAX 32 OR BELOW: 1 0.01 INCH OR MORE: 12
MAX 90 OR ABOVE: 0 0.10 INCH OR MORE: 6
MIN 32 OR BELOW: 14 0.50 INCH OR MORE: 3
MIN 0 OR BELOW: 0 1.00 INCH OR MORE: 0
[HDD (BASE 65) ]
TOTAL THIS MO. 713 CLEAR (SCALE 0-3) 1
DPTR FM NORMAL -106 PTCLDY (SCALE 4-7) 17
TOTAL FM JUL 1 4958 CLOUDY (SCALE 8-10) 13
DPTR FM NORMAL -357
[CDD (BASE 65) ]
TOTAL THIS MO. 0
DPTR FM NORMAL -1 [PRESSURE DATA]
TOTAL FM JAN 1 0 HIGHEST SLP 30.50 ON 4
DPTR FM NORMAL -1 LOWEST SLP 29.15 ON 31
[REMARKS]
#FINAL-03-22#