000
CXUS54 KOUN 010910
CF6GAG
PRELIMINARY LOCAL CLIMATOLOGICAL DATA (WS FORM: F-6)
STATION: GAGE
MONTH: FEBRUARY
YEAR: 2022
LATITUDE: 36 17 N
LONGITUDE: 99 46 W
TEMPERATURE IN F: :PCPN: SNOW: WIND :SUNSHINE: SKY :PK WND
================================================================================
1 2 3 4 5 6A 6B 7 8 9 10 11 12 13 14 15 16 17 18
12Z AVG MX 2MIN
DY MAX MIN AVG DEP HDD CDD WTR SNW DPTH SPD SPD DIR MIN PSBL S-S WX SPD DR
================================================================================
1 52 29 41 3 24 0 T T M 15.5 26 40 M M 6 4 34 40
2 29 13 21 -17 44 0 M M M 19.9 29 20 M M 10 18 35 20
3 15 4 10 -28 55 0 M M M 15.4 25 360 M M 10 18 30 10
4 36 -7 15 -23 50 0 0.00 M M 8.5 13 280 M M 0 19 250
5 51 10 31 -7 34 0 0.00 M M 14.0 30 190 M M 0 36 190
6 54 21 38 0 27 0 0.00 M M 11.5 26 360 M M 0 35 10
7 59 20 40 2 25 0 0.00 M M 10.4 20 280 M M 0 25 280
8 66 19 43 5 22 0 0.00 M M 8.9 28 20 M M 0 35 20
9 66 23 45 7 20 0 0.00 M M 8.3 25 250 M M 0 31 260
10 62 33 48 9 17 0 0.00 M M 9.2 18 200 M M 2 24 200
11 59 30 45 6 20 0 0.00 M M 15.4 30 30 M M 0 41 20
12 48 19 34 -5 31 0 0.00 M M 10.9 26 30 M M 2 35 40
13 61 20 41 2 24 0 0.00 M M 8.3 16 190 M M 0 20 200
14 65 22 44 4 21 0 0.00 M M 8.3 18 200 M M 0 23 110
15 73 43 58 18 7 0 0.00 M M 24.8 36 190 M M 0 46 180
16 70 38 54 14 11 0 T M M 18.7 33 190 M M 1 42 200
17 38 15 27 -13 38 0 T M M 16.4 32 360 M M 5 128 41 360
18 57 12 35 -5 30 0 0.00 M M 7.8 23 210 M M 0 27 200
19 63 19 41 0 24 0 0.00 M M 13.8 30 190 M M 0 36 190
20 74 42 58 17 7 0 0.00 M M 14.8 29 190 M M 0 37 190
21 79 22 51 10 14 0 0.00 M M 16.2 31 220 M M 0 42 230
22 28 10 19 -23 46 0 0.00 M M 17.3 29 360 M M 0 36 350
23 23 6 15 -27 50 0 M M M 14.5 22 20 M M 3 30 10
24 32 9 21 -21 44 0 T M M 8.7 15 330 M M 4 8 20 320
25 34 3 19 -24 46 0 0.00 M M 4.6 13 120 M M 0 16 110
26 45 5 25 -18 40 0 0.00 M M 3.9 12 260 M M 0 13 310
27 61 9 35 -8 30 0 0.00 M M 7.8 15 260 M M 0 20 260
28 71 20 46 2 19 0 0.00 M M 5.2 14 190 M M 0 19 210
================================================================================
SM 1471 509 820 0 T T 339.0 M 43
================================================================================
AV 52.5 18.2 12.1 FASTST M M 2 MAX(MPH)
MISC ----> 36 190 46 180
================================================================================
NOTES:
# LAST OF SEVERAL OCCURRENCES
COLUMN 17 PEAK WIND IN M.P.H.
PRELIMINARY LOCAL CLIMATOLOGICAL DATA (WS FORM: F-6) , PAGE 2
STATION: GAGE
MONTH: FEBRUARY
YEAR: 2022
LATITUDE: 36 17 N
LONGITUDE: 99 46 W
[TEMPERATURE DATA] [PRECIPITATION DATA] SYMBOLS USED IN COLUMN 16
AVERAGE MONTHLY: 35.4 TOTAL FOR MONTH: T 1 = FOG OR MIST
DPTR FM NORMAL: -4.6 DPTR FM NORMAL: -0.68 2 = FOG REDUCING VISIBILITY
HIGHEST: 79 ON 21 GRTST 24HR 0.01 ON 1- 2 TO 1/4 MILE OR LESS
LOWEST: -7 ON 4 3 = THUNDER
SNOW, ICE PELLETS, HAIL 4 = ICE PELLETS
TOTAL MONTH: T 5 = HAIL
GRTST 24HR T ON 1- 1 6 = FREEZING RAIN OR DRIZZLE
GRTST DEPTH: M ON M 7 = DUSTSTORM OR SANDSTORM:
VSBY 1/2 MILE OR LESS
8 = SMOKE OR HAZE
[NO. OF DAYS WITH] [WEATHER - DAYS WITH] 9 = BLOWING SNOW
X = TORNADO
MAX 32 OR BELOW: 5 0.01 INCH OR MORE: 0
MAX 90 OR ABOVE: 0 0.10 INCH OR MORE: 0
MIN 32 OR BELOW: 24 0.50 INCH OR MORE: 0
MIN 0 OR BELOW: 1 1.00 INCH OR MORE: 0
[HDD (BASE 65) ]
TOTAL THIS MO. 820 CLEAR (SCALE 0-3) 22
DPTR FM NORMAL 120 PTCLDY (SCALE 4-7) 4
TOTAL FM JUL 1 2891 CLOUDY (SCALE 8-10) 2
DPTR FM NORMAL -330
[CDD (BASE 65) ]
TOTAL THIS MO. 0
DPTR FM NORMAL -1 [PRESSURE DATA]
TOTAL FM JAN 1 0 HIGHEST SLP 30.66 ON 4
DPTR FM NORMAL 0 LOWEST SLP 29.46 ON 21
[REMARKS]
#FINAL-02-22#