000
CXUS53 KUNR 010930
CF6GCC
PRELIMINARY LOCAL CLIMATOLOGICAL DATA (WS FORM: F-6)
STATION: GILLETTE AIRPORT WY
MONTH: JULY
YEAR: 2023
LATITUDE: 44 20 N
LONGITUDE: 105 32 W
TEMPERATURE IN F: :PCPN: SNOW: WIND :SUNSHINE: SKY :PK WND
================================================================================
1 2 3 4 5 6A 6B 7 8 9 10 11 12 13 14 15 16 17 18
12Z AVG MX 2MIN
DY MAX MIN AVG DEP HDD CDD WTR SNW DPTH SPD SPD DIR MIN PSBL S-S WX SPD DR
================================================================================
1 85 53 69 1 0 4 0.00 M M 4.8 23 310 M M 0 31 310
2 85 53 69 1 0 4 0.00 M M 4.1 15 340 M M 0 21 350
3 82 54 68 0 0 3 T M M 7.8 24 360 M M 2 3 33 360
4 63 50 57 -12 8 0 0.18 M M 8.2 20 330 M M 9 1 26 340
5 69 50 60 -9 5 0 0.00 M M 5.8 15 170 M M 7 21 160
6 76 50 63 -7 2 0 0.10 M M 10.3 31 360 M M 4 13 44 360
7 76 48 62 -8 3 0 0.00 M M 5.9 18 30 M M 3 28 20
8 77 50 64 -6 1 0 0.28 M M 8.7 25 20 M M 3 3 40 360
9 84 52 68 -2 0 3 0.00 M M 5.7 12 310 M M 0 19 230
10 88 54 71 0 0 6 0.00 M M 4.4 17 330 M M 1 3 25 10
11 88 56 72 1 0 7 T M M 6.1 23 350 M M 1 3 36 350
12 83 54 69 -2 0 4 0.00 M M 7.0 16 320 M M 0 22 320
13 89 52 71 0 0 6 0.10 M M 6.3 17 340 M M 1 13 25 330
14 80 56 68 -4 0 3 0.02 M M 11.1 26 300 M M 1 8 33 300
15 83 55 69 -3 0 4 0.00 M M 7.0 16 330 M M 1 38 24 10
16 88 56 72 0 0 7 0.00 M M 9.1 20 240 M M 0 18 27 310
17 94 55 75 3 0 10 0.10 M M 13.0 30 10 M M 1 138 41 30
18 89 56 73 1 0 8 0.00 M M 9.0 22 180 M M 0 29 190
19 83 51 67 -5 0 2 0.00 M M 6.6 17 10 M M 0 24 350
20 79 51 65 -8 0 0 0.00 M M 6.6 18 170 M M 1 25 150
21 89 56 73 0 0 8 0.00 M M 6.4 20 320 M M 0 30 320
22 95 59 77 4 0 12 0.00 M M 7.7 23 340 M M 0 30 320
23 98 63 81 8 0 16 0.00 M M 6.6 20 310 M M 0 28 310
24 101 61 81 8 0 16 T M M 6.9 37 260 M M 1 3 49 270
25 95 65 80 7 0 15 0.00 M M 12.2 25 330 M M 0 33 330
26 96 63 80 7 0 15 0.00 M M 9.5 25 260 M M 0 40 240
27 83 64 74 1 0 9 T M M 9.6 28 300 M M 1 3 35 300
28 88 54 71 -2 0 6 0.00 M M 8.8 16 30 M M 0 3 22 30
29 90 55 73 0 0 8 0.00 M M 9.2 23 160 M M 1 32 160
30 98 63 81 8 0 16 0.00 M M 10.5 37 360 M M 0 8 47 360
31 95 61 78 5 0 13 0.65 M M 12.1 28 140 M M 3 138 39 70
================================================================================
SM 2669 1720 19 205 1.43 M 247.0 M 41
================================================================================
AV 86.1 55.5 8.0 FASTST M M 1 MAX(MPH)
MISC ----> # 37 260 49 270
================================================================================
NOTES:
# LAST OF SEVERAL OCCURRENCES
COLUMN 17 PEAK WIND IN M.P.H.
PRELIMINARY LOCAL CLIMATOLOGICAL DATA (WS FORM: F-6) , PAGE 2
STATION: GILLETTE AIRPORT WY
MONTH: JULY
YEAR: 2023
LATITUDE: 44 20 N
LONGITUDE: 105 32 W
[TEMPERATURE DATA] [PRECIPITATION DATA] SYMBOLS USED IN COLUMN 16
AVERAGE MONTHLY: 70.8 TOTAL FOR MONTH: 1.43 1 = FOG OR MIST
DPTR FM NORMAL: -0.5 DPTR FM NORMAL: -0.09 2 = FOG REDUCING VISIBILITY
HIGHEST: 101 ON 24 GRTST 24HR 0.65 ON 31-31 TO 1/4 MILE OR LESS
LOWEST: 48 ON 7 3 = THUNDER
SNOW, ICE PELLETS, HAIL 4 = ICE PELLETS
TOTAL MONTH: M 5 = HAIL
GRTST 24HR M ON M 6 = FREEZING RAIN OR DRIZZLE
GRTST DEPTH: M ON M 7 = DUSTSTORM OR SANDSTORM:
VSBY 1/2 MILE OR LESS
8 = SMOKE OR HAZE
[NO. OF DAYS WITH] [WEATHER - DAYS WITH] 9 = BLOWING SNOW
X = TORNADO
MAX 32 OR BELOW: 0 0.01 INCH OR MORE: 7
MAX 90 OR ABOVE: 9 0.10 INCH OR MORE: 6
MIN 32 OR BELOW: 0 0.50 INCH OR MORE: 1
MIN 0 OR BELOW: 0 1.00 INCH OR MORE: 0
[HDD (BASE 65) ]
TOTAL THIS MO. 19 CLEAR (SCALE 0-3) 26
DPTR FM NORMAL 1 PTCLDY (SCALE 4-7) 4
TOTAL FM JUL 1 19 CLOUDY (SCALE 8-10) 1
DPTR FM NORMAL 5
[CDD (BASE 65) ]
TOTAL THIS MO. 205
DPTR FM NORMAL -10 [PRESSURE DATA]
TOTAL FM JAN 1 229 HIGHEST SLP 30.24 ON 20
DPTR FM NORMAL -55 LOWEST SLP 29.68 ON 17
[REMARKS]
#FINAL-07-23#