000
CXUS53 KDDC 031611
CF6GCK
PRELIMINARY LOCAL CLIMATOLOGICAL DATA (WS FORM: F-6)
STATION: GARDEN CITY REGIONAL ARPT KS
MONTH: NOVEMBER
YEAR: 2021
LATITUDE: 37 55 N
LONGITUDE: 100 43 W
TEMPERATURE IN F: :PCPN: SNOW: WIND :SUNSHINE: SKY :PK WND
================================================================================
1 2 3 4 5 6A 6B 7 8 9 10 11 12 13 14 15 16 17 18
12Z AVG MX 2MIN
DY MAX MIN AVG DEP HDD CDD WTR SNW DPTH SPD SPD DIR MIN PSBL S-S WX SPD DR
================================================================================
1 44 33 39 -9 26 0 0.00 M M 12.1 20 110 M M 8 8 24 100
2 39 36 38 -9 27 0 0.03 M M 7.9 15 110 M M 10 1 18 110
3 44 32 38 -9 27 0 T M M 6.6 12 180 M M 8 1 17 190
4 67 26 47 0 18 0 0.00 M M 10.2 20 180 M M 0 1 26 190
5 68 37 53 7 12 0 0.00 M M 12.6 20 190 M M 0 25 170
6 78 32 55 9 10 0 0.00 M M 10.2 22 180 M M 0 1 30 170
7 84 37 61 16 4 0 0.00 M M 9.0 18 190 M M 0 24 180
8 62 36 49 4 16 0 0.00 M M 11.7 26 350 M M 0 34 340
9 56 40 48 4 17 0 0.00 M M 8.3 14 20 M M 6 1 18 20
10 66 35 51 7 14 0 0.00 M M 14.2 33 350 M M 0 18 43 350
11 54 33 44 0 21 0 0.00 M M 11.4 22 20 M M 1 31 20
12 52 25 39 -4 26 0 T M M 16.7 36 340 M M 3 49 330
13 70 25 48 5 17 0 0.00 M M 7.9 15 260 M M 0 19 250
14 59 31 45 3 20 0 0.00 M M 10.8 30 10 M M 0 38 20
15 80 34 57 15 8 0 0.00 M M 7.9 15 20 M M 0 21 340
16 73 43 58 16 7 0 0.00 M M 8.9 18 10 M M 0 18 23 10
17 54 22 38 -3 27 0 0.00 M M 20.1 35 30 M M 0 43 30
18 52 13 33 -8 32 0 0.00 M M 12.3 23 200 M M 0 31 190
19 60 34 47 7 18 0 0.00 M M 12.9 24 180 M M 0 33 180
20 59 25 42 2 23 0 0.00 M M 7.6 14 20 M M 0 17 340
21 57 29 43 3 22 0 T M M 12.4 26 360 M M 2 33 360
22 66 23 45 6 20 0 0.00 M M 8.1 15 330 M M 0 20 310
23 72 30 51 12 14 0 0.00 M M 11.5 29 200 M M 0 39 210
24 61 34 48 10 17 0 0.00 M M 19.4 33 10 M M 2 44 10
25 51 17 34 -4 31 0 0.00 M M 10.4 21 360 M M 1 27 360
26 71 25 48 10 17 0 0.00 M M 8.6 15 210 M M 0 23 210
27 64 35 50 13 15 0 0.00 M M 15.2 32 30 M M 0 43 30
28 65 22 44 7 21 0 0.00 M M 9.2 21 220 M M 0 8 30 240
29 79 33 56 19 9 0 0.00 M M 7.4 12 50 M M 0 17 350
30 60 36 48 12 17 0 0.00 M M 13.4 29 30 M M 0 37 30
================================================================================
SM 1867 913 553 0 0.03 M 334.9 M 41
================================================================================
AV 62.2 30.4 11.2 FASTST M M 1 MAX(MPH)
MISC ----> 36 340 49 330
================================================================================
NOTES:
# LAST OF SEVERAL OCCURRENCES
COLUMN 17 PEAK WIND IN M.P.H.
PRELIMINARY LOCAL CLIMATOLOGICAL DATA (WS FORM: F-6) , PAGE 2
STATION: GARDEN CITY REGIONAL ARPT KS
MONTH: NOVEMBER
YEAR: 2021
LATITUDE: 37 55 N
LONGITUDE: 100 43 W
[TEMPERATURE DATA] [PRECIPITATION DATA] SYMBOLS USED IN COLUMN 16
AVERAGE MONTHLY: 46.3 TOTAL FOR MONTH: 0.03 1 = FOG OR MIST
DPTR FM NORMAL: 4.4 DPTR FM NORMAL: -0.39 2 = FOG REDUCING VISIBILITY
HIGHEST: 84 ON 7 GRTST 24HR 0.03 ON 2- 2 TO 1/4 MILE OR LESS
LOWEST: 13 ON 18 3 = THUNDER
4 = ICE PELLETS
5 = HAIL
6 = FREEZING RAIN OR DRIZZLE
7 = DUSTSTORM OR SANDSTORM:
VSBY 1/2 MILE OR LESS
8 = SMOKE OR HAZE
[NO. OF DAYS WITH] [WEATHER - DAYS WITH] 9 = BLOWING SNOW
X = TORNADO
MAX 32 OR BELOW: 0 0.01 INCH OR MORE: 1
MAX 90 OR ABOVE: 0 0.10 INCH OR MORE: 0
MIN 32 OR BELOW: 15 0.50 INCH OR MORE: 0
MIN 0 OR BELOW: 0 1.00 INCH OR MORE: 0
[HDD (BASE 65) ]
TOTAL THIS MO. 553 CLEAR (SCALE 0-3) 26
DPTR FM NORMAL -140 PTCLDY (SCALE 4-7) 3
TOTAL FM JUL 1 798 CLOUDY (SCALE 8-10) 1
DPTR FM NORMAL -285
[CDD (BASE 65) ]
TOTAL THIS MO. 0
DPTR FM NORMAL 0 [PRESSURE DATA]
TOTAL FM JAN 1 1450 HIGHEST SLP 30.59 ON 18
DPTR FM NORMAL 125 LOWEST SLP 29.54 ON 24
[REMARKS]
PRECIPITATION ON NOVEMBER 2ND WAS UNDERREPORTED. AMOUNT SHOULD HAVE BEEN AROUND 0.20 INCHES.
#FINAL-11-21#